000
CXUS52 KGSP 260817
CF6AND
PRELIMINARY LOCAL CLIMATOLOGICAL DATA (WS FORM: F-6)

                                          STATION:   ANDERSON SC
                                          MONTH:     SEPTEMBER
                                          YEAR:      2017
                                          LATITUDE:   34 30 N
                                          LONGITUDE:  82 43 W

  TEMPERATURE IN F:       :PCPN:    SNOW:  WIND      :SUNSHINE: SKY     :PK WND
================================================================================
1   2   3   4   5  6A  6B    7    8   9   10  11  12  13   14  15   16   17  18
                                     12Z  AVG MX 2MIN
DY MAX MIN AVG DEP HDD CDD  WTR  SNW DPTH SPD SPD DIR MIN PSBL S-S WX    SPD DR
================================================================================

 1  86  69  78   2   0  13 0.29    M    M 11.1 29 170   M    M   7 13     36 170
 2  83  62  73  -3   0   8 0.00    M    M  9.6 21 240   M    M   0        25 240
 3  85  58  72  -4   0   7 0.00    M    M  3.6 13 280   M    M   0        17 290
 4  86  57  72  -4   0   7 0.00    M    M  2.8 14 220   M    M   0        19 210
 5  88  63  76   0   0  11 1.05    M    M  7.2 32 280   M    M   2 13     43 280
 6  72  60  66  -9   0   1 0.96    M    M  4.6 12 280   M    M   6 1      14 280
 7  76  56  66  -9   0   1 0.00    M    M  3.2 12 230   M    M   1 1      17 240
 8  78  56  67  -8   0   2 0.00    M    M  6.4 17  80   M    M   0        21  80
 9  79  58  69  -5   0   4 0.00    M    M 10.9 20  70   M    M   0        25  80
10  69  58  64 -10   1   0 0.00    M    M 13.5 25  70   M    M   0        33  70
11  64  57  61 -13   4   0 1.42    M    M 22.0 36  50   M    M   7 1      52  50
12  66  60  63 -10   2   0 0.42    M    M  7.2 24  60   M    M  10 1      32  70
13  80  59  70  -3   0   5    T    M    M  5.7 17 240   M    M   4        23 250
14  80  63  72  -1   0   7    T    M    M  4.0 12 230   M    M   8 1      14 220
15  85  59  72   0   0   7 0.00    M    M  1.6  9 200   M    M   1 1      11 210
16  86  62  74   2   0   9 0.00    M    M  1.2  8 220   M    M   1        10 240
17  87  63  75   3   0  10 0.00    M    M  2.5  8 260   M    M   2        10 280
18  87  63  75   4   0  10 0.00    M    M  1.8  8  50   M    M   2        14 270
19  86  69  78   7   0  13 0.00    M    M  3.2  9 280   M    M   3        12 100
20  89  68  79   8   0  14 0.00    M    M  3.2 10 320   M    M   0 1      14 250
21  89  64  77   7   0  12    T    M    M  3.2 13  40   M    M   2 3      18  20
22  88  67  78   8   0  13 0.00    M    M  3.6 12  60   M    M   1 1      16  80
23  88  65  77   7   0  12 0.00    M    M  2.9 13  80   M    M   1        16  70
24  85  66  76   7   0  11 0.00    M    M  5.3 16  90   M    M   1        20  90
25  87  66  77   8   0  12 0.00    M    M  4.9 16  50   M    M   0        24  70
================================================================================
SM 2049 1548         7 189  4.14    M    145.2          M       59
================================================================================
AV 82.0 61.9                               5.8 FASTST   M    M   2    MAX(MPH)
                                 MISC ---->  # 36  50               # 52   50
================================================================================
NOTES:
# LAST OF SEVERAL OCCURRENCES

COLUMN 17 PEAK WIND IN M.P.H.

PRELIMINARY LOCAL CLIMATOLOGICAL DATA (WS FORM: F-6) , PAGE 2

                                          STATION:  ANDERSON SC
                                          MONTH:    SEPTEMBER
                                          YEAR:     2017
                                          LATITUDE:   34 30 N
                                          LONGITUDE:  82 43 W

[TEMPERATURE DATA]      [PRECIPITATION DATA]       SYMBOLS USED IN COLUMN 16

AVERAGE MONTHLY: 71.9   TOTAL FOR MONTH:   4.14    1 = FOG OR MIST
DPTR FM NORMAL:  -1.0   DPTR FM NORMAL:    0.94    2 = FOG REDUCING VISIBILITY
HIGHEST:    89 ON 21,20 GRTST 24HR  2.01 ON  5- 6      TO 1/4 MILE OR LESS
LOWEST:     56 ON  8, 7                            3 = THUNDER
                        SNOW, ICE PELLETS, HAIL    4 = ICE PELLETS
                        TOTAL MONTH:    M          5 = HAIL
                        GRTST 24HR    M  ON   M    6 = FREEZING RAIN OR DRIZZLE
                        GRTST DEPTH:  M  ON   M    7 = DUSTSTORM OR SANDSTORM:
                                                       VSBY 1/2 MILE OR LESS
                                                   8 = SMOKE OR HAZE
[NO. OF DAYS WITH]      [WEATHER - DAYS WITH]      9 = BLOWING SNOW
                                                   X = TORNADO
MAX 32 OR BELOW:   0    0.01 INCH OR MORE:   5
MAX 90 OR ABOVE:   0    0.10 INCH OR MORE:   5
MIN 32 OR BELOW:   0    0.50 INCH OR MORE:   3
MIN  0 OR BELOW:   0    1.00 INCH OR MORE:   2

[HDD (BASE 65) ]
TOTAL THIS MO.     7    CLEAR  (SCALE 0-3)  19
DPTR FM NORMAL    -1    PTCLDY (SCALE 4-7)   5
TOTAL FM JUL 1     7    CLOUDY (SCALE 8-10)  1
DPTR FM NORMAL    -1

[CDD (BASE 65) ]
TOTAL THIS MO.   189
DPTR FM NORMAL   -16    [PRESSURE DATA]
TOTAL FM JAN 1  1745    HIGHEST SLP M ON M
DPTR FM NORMAL   146    LOWEST  SLP 29.71 ON 12

[REMARKS]
