000
CXUS53 KAPX 010631
CF6ANJ
PRELIMINARY LOCAL CLIMATOLOGICAL DATA (WS FORM: F-6)

                                          STATION:   SAULT STE MARIE MI
                                          MONTH:     SEPTEMBER
                                          YEAR:      2014
                                          LATITUDE:   46 28 N
                                          LONGITUDE:  84 21 W

  TEMPERATURE IN F:       :PCPN:    SNOW:  WIND      :SUNSHINE: SKY     :PK WND
================================================================================
1   2   3   4   5  6A  6B    7    8   9   10  11  12  13   14  15   16   17  18
                                     12Z  AVG MX 2MIN
DY MAX MIN AVG DEP HDD CDD  WTR  SNW DPTH SPD SPD DIR MIN PSBL S-S WX    SPD DR
================================================================================

 1  72  59  66   4   0   1 0.58  0.0    0  7.4 16 220   M    M   7 13     23 220
 2  73  53  63   1   2   0 0.21  0.0    0  4.8 16 180   M    M   3 13     22 190
 3  78  52  65   4   0   0 0.00  0.0    0  5.8 18 230   M    M   4 12     26 230
 4  72  61  67   6   0   2 0.05  0.0    0  3.3 21 150   M    M   9 1      29 150
 5  67  55  61   0   4   0 0.45  0.0    0  8.4 22 310   M    M   3 13     30 310
 6  67  46  57  -3   8   0 0.00  0.0    0  9.3 20 310   M    M   1        31 300
 7  76  44  60   0   5   0 0.00  0.0    0  5.6 20 210   M    M   1        25 240
 8  76  54  65   5   0   0 0.00  0.0    0  6.0 16 180   M    M   1 1      22 180
 9  77  54  66   6   0   1 0.00  0.0    0  5.4 13 180   M    M   4        18 200
10  65  43  54  -5  11   0 1.59  0.0    0  9.6 18  60   M    M  10 1      27  60
11  54  44  49 -10  16   0    T  0.0    0  8.5 17 330   M    M   9        27 350
12  54  39  47 -11  18   0    T  0.0    0  3.7 10  20   M    M   5        15  20
13  54  40  47 -11  18   0 0.11  0.0    0  4.5 15 320   M    M   7        19 310
14  56  41  49  -9  16   0 0.03  0.0    0  5.7 14 220   M    M   9 1      19 190
15  58  44  51  -7  14   0 0.00  0.0    0  6.4 14 310   M    M   3        19 330
16  65  40  53  -4  12   0 0.00  0.0    0  7.2 17 230   M    M   3        23 230
17  59  42  51  -6  14   0 0.01  0.0    0  4.7 14 330   M    M   7 1      19 340
18  52  36  44 -12  21   0 0.00  0.0    0  4.9 10 150   M    M   3        15 120
19  61  39  50  -6  15   0 0.19  0.0    0  8.8 18 140   M    M   6 13     26 120
20  68  52  60   4   5   0 0.14  0.0    0  8.8 24 220   M    M  10 13     33 220
21  55  46  51  -4  14   0 0.00  0.0    0  9.5 17 350   M    M  10 1      25 360
22  60  41  51  -4  14   0 0.00  0.0    0  7.2 16 290   M    M   4        24 290
23  72  46  59   5   6   0 0.00  0.0    0  4.5 12 230   M    M   0 1      16 230
24  72  50  61   7   4   0 0.00  0.0    0  5.1 13 180   M    M   6 12     17 190
25  73  52  63   9   2   0 0.00  0.0    0  4.3 12 150   M    M   0 1      15 140
26  76  50  63  10   2   0 0.00  0.0    0  3.1  8 210   M    M   1 12     11 150
27  77  50  64  11   1   0 0.00  0.0    0  3.8 12 210   M    M   0 128    15 220
28  80  51  66  14   0   1 0.00  0.0    0  1.7  7 320   M    M   1 1      10 320
29  61  42  52   0  13   0 0.61  0.0    0  6.5 14  50   M    M  10 1      21  50
30  58  42  50  -2  15   0 0.00  0.0    0  4.1 10  40   M    M   9 8      15  50
================================================================================
SM 1988 1408       250   5  3.97     0.0 178.6          M      146
================================================================================
AV 66.3 46.9                               6.0 FASTST   M    M   5    MAX(MPH)
                                 MISC ---->  # 24 220               # 33  220
================================================================================
NOTES:
# LAST OF SEVERAL OCCURRENCES

COLUMN 17 PEAK WIND IN M.P.H.

PRELIMINARY LOCAL CLIMATOLOGICAL DATA (WS FORM: F-6) , PAGE 2

                                          STATION:  SAULT STE MARIE MI
                                          MONTH:    SEPTEMBER
                                          YEAR:     2014
                                          LATITUDE:   46 28 N
                                          LONGITUDE:  84 21 W

[TEMPERATURE DATA]      [PRECIPITATION DATA]       SYMBOLS USED IN COLUMN 16

AVERAGE MONTHLY: 56.6   TOTAL FOR MONTH:   3.97    1 = FOG OR MIST
DPTR FM NORMAL:  -0.5   DPTR FM NORMAL:    0.15    2 = FOG REDUCING VISIBILITY
HIGHEST:    80 ON 28    GRTST 24HR  1.59 ON 10-10      TO 1/4 MILE OR LESS
LOWEST:     36 ON 18                               3 = THUNDER
                        SNOW, ICE PELLETS, HAIL    4 = ICE PELLETS
                        TOTAL MONTH:   0.0 INCH    5 = HAIL
                        GRTST 24HR     0.0         6 = FREEZING RAIN OR DRIZZLE
                        GRTST DEPTH:   0           7 = DUSTSTORM OR SANDSTORM:
                                                       VSBY 1/2 MILE OR LESS
                                                   8 = SMOKE OR HAZE
[NO. OF DAYS WITH]      [WEATHER - DAYS WITH]      9 = BLOWING SNOW
                                                   X = TORNADO
MAX 32 OR BELOW:   0    0.01 INCH OR MORE:  11
MAX 90 OR ABOVE:   0    0.10 INCH OR MORE:   8
MIN 32 OR BELOW:   0    0.50 INCH OR MORE:   3
MIN  0 OR BELOW:   0    1.00 INCH OR MORE:   1

[HDD (BASE 65) ]
TOTAL THIS MO.   250    CLEAR  (SCALE 0-3)  13
DPTR FM NORMAL    -4    PTCLDY (SCALE 4-7)   9
TOTAL FM JUL 1   431    CLOUDY (SCALE 8-10)  8
DPTR FM NORMAL    30

[CDD (BASE 65) ]
TOTAL THIS MO.     5
DPTR FM NORMAL   -12    [PRESSURE DATA]
TOTAL FM JAN 1   113    HIGHEST SLP M ON M
DPTR FM NORMAL   -82    LOWEST  SLP 29.39 ON 10

[REMARKS]
#FINAL-09-14#
