064
CXAK56 PAJK 271358
CF6ANN
PRELIMINARY LOCAL CLIMATOLOGICAL DATA (WS FORM: F-6)

                                          STATION:   ANNETTE ISLAND
                                          MONTH:     MARCH
                                          YEAR:      2017
                                          LATITUDE:   55  1 N
                                          LONGITUDE: 131 34 W

  TEMPERATURE IN F:       :PCPN:    SNOW:  WIND      :SUNSHINE: SKY     :PK WND
================================================================================
1   2   3   4   5  6A  6B    7    8   9   10  11  12  13   14  15   16   17  18
                                     12Z  AVG MX 2MIN
DY MAX MIN AVG DEP HDD CDD  WTR  SNW DPTH SPD SPD DIR MIN PSBL S-S WX    SPD DR
================================================================================

 1  40  27  34  -4  31   0 0.37    T    T  8.1 23 140   M    M   8 1      34 130
 2  44  33  39   1  26   0 0.81  0.5    T 12.1 26 150   M    M   9 1      43 160
 3  38  34  36  -2  29   0 0.62  2.0    2 10.3 26 130   M    M   9 128    36 130
 4  35  28  32  -6  33   0 0.34  3.0    5  7.7 13 330   M    M  10 1      18 330
 5  34  26  30  -8  35   0 0.16  2.5    7  6.6 13 310   M    M  10 1      19 310
 6  35  25  30  -8  35   0 0.03  1.3    7  6.9 24 110   M    M   9 1      39 130
 7  35  30  33  -6  32   0 0.39  4.0    9  7.5 23 130   M    M  10 18     32 130
 8  39  30  35  -4  30   0 0.20  2.0    7  9.1 16 130   M    M  10 18     24 100
 9  36  24  30  -9  35   0    T    T    8  7.5 15 120   M    M   3        22  70
10  35  19  27 -12  38   0 0.00  0.0    7  4.5 12  40   M    M   0        20  10
11  35  26  31  -8  34   0 0.13  1.0    7  8.4 16  60   M    M   9 1      26  50
12  46  32  39   0  26   0 1.46  1.7    7 15.7 30 140   M    M  10 1      46 150
13  47  39  43   4  22   0 0.21  0.0    0 10.1 20 140   M    M  10 1      33 160
14  45  34  40   1  25   0 1.23  1.5    0  5.6 20 150   M    M  10 1      35 140
15  44  34  39   0  26   0 0.71  1.3    1  9.7 16 130   M    M   8 1      25 170
16  43  35  39  -1  26   0 0.32  1.4    0 11.5 23 130   M    M   8 1      30 120
17  43  33  38  -2  27   0 0.36  1.0    1  9.0 18 130   M    M   6 1      26 110
18  43  32  38  -2  27   0 0.64  6.5    1  4.8 17 120   M    M   8 12     23 110
19  43  29  36  -4  29   0 0.07    T    4  4.8 14 150   M    M   5 18     21 150
20  48  32  40   0  25   0 0.13    T    0  4.1  9 120   M    M   3 1      13 120
21  50  33  42   2  23   0 0.00  0.0    0  5.0 10 320   M    M   2        13 310
22  44  37  41   1  24   0 0.39  0.0    0  5.0 16 130   M    M  10 18     22 130
23  46  34  40   0  25   0 0.44  0.5    0  6.2 15 140   M    M   7 1      22 130
24  48  39  44   3  21   0 0.42  0.0    0  5.7 16 110   M    M  10        21 110
25  45  38  42   1  23   0 0.41  0.0    0  8.1 15 120   M    M   8 1      25 220
26  50  39  45   4  20   0 0.05  0.0    0  8.4 16 130   M    M   8        21 100
================================================================================
SM 1091  822       727   0  9.89    30.2 202.4          M      200
================================================================================
AV 42.0 31.6                               7.8 FASTST   M    M   8    MAX(MPH)
                                 MISC ---->  # 30 140               # 46  150
================================================================================
NOTES:
# LAST OF SEVERAL OCCURRENCES

COLUMN 17 PEAK WIND IN M.P.H.

PRELIMINARY LOCAL CLIMATOLOGICAL DATA (WS FORM: F-6) , PAGE 2

                                          STATION:  ANNETTE ISLAND
                                          MONTH:    MARCH
                                          YEAR:     2017
                                          LATITUDE:   55  1 N
                                          LONGITUDE: 131 34 W

[TEMPERATURE DATA]      [PRECIPITATION DATA]       SYMBOLS USED IN COLUMN 16

AVERAGE MONTHLY: 36.8   TOTAL FOR MONTH:   9.89    1 = FOG OR MIST
DPTR FM NORMAL:  -2.5   DPTR FM NORMAL:    3.16    2 = FOG REDUCING VISIBILITY
HIGHEST:    50 ON 26,21 GRTST 24HR  1.46 ON 12-12      TO 1/4 MILE OR LESS
LOWEST:     19 ON 10                               3 = THUNDER
                        SNOW, ICE PELLETS, HAIL    4 = ICE PELLETS
                        TOTAL MONTH:  30.2 INCHES  5 = HAIL
                        GRTST 24HR   6.5 ON 18-18  6 = FREEZING RAIN OR DRIZZLE
                        GRTST DEPTH:   9 ON  7     7 = DUSTSTORM OR SANDSTORM:
                                                       VSBY 1/2 MILE OR LESS
                                                   8 = SMOKE OR HAZE
[NO. OF DAYS WITH]      [WEATHER - DAYS WITH]      9 = BLOWING SNOW
                                                   X = TORNADO
MAX 32 OR BELOW:   0    0.01 INCH OR MORE:  23
MAX 90 OR ABOVE:   0    0.10 INCH OR MORE:  20
MIN 32 OR BELOW:  13    0.50 INCH OR MORE:   6
MIN  0 OR BELOW:   0    1.00 INCH OR MORE:   2

[HDD (BASE 65) ]
TOTAL THIS MO.   727    CLEAR  (SCALE 0-3)   3
DPTR FM NORMAL    61    PTCLDY (SCALE 4-7)   8
TOTAL FM JUL 1  4813    CLOUDY (SCALE 8-10) 15
DPTR FM NORMAL  -392

[CDD (BASE 65) ]
TOTAL THIS MO.     0
DPTR FM NORMAL     0    [PRESSURE DATA]
TOTAL FM JAN 1     0    HIGHEST SLP M ON M
DPTR FM NORMAL     0    LOWEST  SLP 29.15 ON 12

[REMARKS]
