000
CXUS55 KBOU 191136
CF6APA
PRELIMINARY LOCAL CLIMATOLOGICAL DATA (WS FORM: F-6)

                                          STATION:   CENTENNIAL CO
                                          MONTH:     APRIL
                                          YEAR:      2014
                                          LATITUDE:   39 33 N
                                          LONGITUDE: 104 51 W

  TEMPERATURE IN F:       :PCPN:    SNOW:  WIND      :SUNSHINE: SKY     :PK WND
================================================================================
1   2   3   4   5  6A  6B    7    8   9   10  11  12  13   14  15   16   17  18
                                     12Z  AVG MX 2MIN
DY MAX MIN AVG DEP HDD CDD  WTR  SNW DPTH SPD SPD DIR MIN PSBL S-S WX    SPD DR
================================================================================

 1  58  31  45   2  20   0 0.00    M    M 12.6 20 180   M    M   6        40 350
 2  49  26  38  -5  27   0 0.22    M    M  6.9 17  20   M    M   7 18     20  10
 3  39  28  34  -9  31   0 0.30    M    M 10.5 26  10   M    M   9 128    35  10
 4  48  22  35  -8  30   0 0.00    M    M  9.4 17 200   M    M   6        22 140
 5  53  30  42  -2  23   0 0.00    M    M  5.5 21 170   M    M   7        27 180
 6  52  31  42  -2  23   0 0.01    M    M  5.5 23  20   M    M   6        29  30
 7  51  33  42  -2  23   0    T    M    M 10.6 24 360   M    M   8 18     33  20
 8  67  30  49   5  16   0 0.00    M    M  7.7 20 320   M    M   3        24 310
 9  75  42  59  15   6   0 0.00    M    M 10.8 25 240   M    M   6        30 250
10  70  39  55  10  10   0 0.00    M    M  8.3 25 330   M    M   4        31 360
11  76  38  57  12   8   0 0.00    M    M  5.8 17 320   M    M   3        22 310
12  70  45  58  13   7   0    T    M    M 10.7 31 180   M    M   7        40 170
13  46  19  33 -12  32   0 0.14    M    M 14.0 28  20   M    M  10 12     35  10
14  37  17  27 -19  38   0    T    M    M  7.2 20 340   M    M   5 1      23 340
15  63  30  47   1  18   0 0.00    M    M  8.6 20 220   M    M   5        25 230
16  53  31  42  -4  23   0 0.00    M    M  9.3 24 360   M    M   6        30 360
17  59  31  45  -1  20   0 0.00    M    M 12.7 20 160   M    M   4        26 160
18  77  39  58  11   7   0 0.00    M    M  7.8 24 350   M    M   5        30 360
================================================================================
SM 1043  562       362   0  0.67    M    163.9          M      107
================================================================================
AV 57.9 31.2                               9.1 FASTST   M    M   6    MAX(MPH)
                                 MISC ---->  # 31 180                 40    M
================================================================================
NOTES:
# LAST OF SEVERAL OCCURRENCES

COLUMN 17 PEAK WIND IN M.P.H.

PRELIMINARY LOCAL CLIMATOLOGICAL DATA (WS FORM: F-6) , PAGE 2

                                          STATION:  CENTENNIAL CO
                                          MONTH:    APRIL
                                          YEAR:     2014
                                          LATITUDE:   39 33 N
                                          LONGITUDE: 104 51 W

[TEMPERATURE DATA]      [PRECIPITATION DATA]       SYMBOLS USED IN COLUMN 16

AVERAGE MONTHLY: 44.6   TOTAL FOR MONTH:   0.67    1 = FOG OR MIST
DPTR FM NORMAL:  -0.0   DPTR FM NORMAL:   -0.49    2 = FOG REDUCING VISIBILITY
HIGHEST:    77 ON 18    GRTST 24HR  0.52 ON  2- 3      TO 1/4 MILE OR LESS
LOWEST:     17 ON 14                               3 = THUNDER
                        SNOW, ICE PELLETS, HAIL    4 = ICE PELLETS
                        TOTAL MONTH:    M          5 = HAIL
                        GRTST 24HR    M  ON   M    6 = FREEZING RAIN OR DRIZZLE
                        GRTST DEPTH:  M  ON   M    7 = DUSTSTORM OR SANDSTORM:
                                                       VSBY 1/2 MILE OR LESS
                                                   8 = SMOKE OR HAZE
[NO. OF DAYS WITH]      [WEATHER - DAYS WITH]      9 = BLOWING SNOW
                                                   X = TORNADO
MAX 32 OR BELOW:   0    0.01 INCH OR MORE:   4
MAX 90 OR ABOVE:   0    0.10 INCH OR MORE:   3
MIN 32 OR BELOW:  12    0.50 INCH OR MORE:   0
MIN  0 OR BELOW:   0    1.00 INCH OR MORE:   0

[HDD (BASE 65) ]
TOTAL THIS MO.   362    CLEAR  (SCALE 0-3)   2
DPTR FM NORMAL    -5    PTCLDY (SCALE 4-7)  14
TOTAL FM JUL 1  5726    CLOUDY (SCALE 8-10)  2
DPTR FM NORMAL   106

[CDD (BASE 65) ]
TOTAL THIS MO.     0
DPTR FM NORMAL     0    [PRESSURE DATA]
TOTAL FM JAN 1     0    HIGHEST SLP M ON M
DPTR FM NORMAL     0    LOWEST  SLP 29.49 ON 12

[REMARKS]
