000
CXUS55 KBOU 211220 RRB
CF6APA

PRELIMINARY LOCAL CLIMATOLOGICAL DATA (WS FORM: F-6)

                                          STATION:   CENTENNIAL CO
                                          MONTH:     FEBRUARY
                                          YEAR:      2018
                                          LATITUDE:   39 33 N
                                          LONGITUDE: 104 51 W

  TEMPERATURE IN F:       :PCPN:    SNOW:  WIND      :SUNSHINE: SKY     :PK WND
================================================================================
1   2   3   4   5  6A  6B    7    8   9   10  11  12  13   14  15   16   17  18
                                     12Z  AVG MX 2MIN
DY MAX MIN AVG DEP HDD CDD  WTR  SNW DPTH SPD SPD DIR MIN PSBL S-S WX    SPD DR
================================================================================

 1  34  23  29  -3  36   0    T    M    M  6.2 13 210   M    M   8        17 330
 2  59  20  40   8  25   0 0.00    M    M  4.7 14 140   M    M   6 1      18 140
 3  56  30  43  11  22   0 0.00    M    M 11.4 38 330   M    M   5        49 330
 4  43  11  27  -5  38   0    T    M    M  5.2 21  20   M    M   7 126    27  20
 5  53  24  39   7  26   0 0.00    M    M 11.7 30 290   M    M   5        46 270
 6  47  22  35   3  30   0 0.00    M    M  5.4 17  30   M    M   6        24  50
 7  55  20  38   6  27   0 0.00    M    M 10.1 26 350   M    M   4 1      33 340
 8  59  27  43  11  22   0 0.00    M    M  7.9 24 280   M    M   6        36 270
 9  52  17  35   3  30   0    T    M    M  6.8 23  20   M    M   8 126    38 270
10  19   7  13 -19  52   0 0.10    M    M  5.5 12  10   M    M  10 12     14 350
11  39   4  22 -10  43   0 0.00    M    M  8.7 17 150   M    M   3        22 160
12  28  16  22 -10  43   0    T    M    M  6.2 17 330   M    M  10 12     22 320
13  57  33  45  13  20   0 0.00    M    M  8.2 16 240   M    M   3 12     23 240
14  62  35  49  17  16   0 0.00  0.0    0 16.4 38 220   M    M   6        50 220
15  48  20  34   1  31   0 0.01    M    0 10.6 25 220   M    M   7 1      34 210
16  46  13  30  -3  35   0    T    M    0  9.4 30 250   M    M   5 1      43 260
17  53  26  40   7  25   0 0.00  0.0    0 11.2 25 180   M    M   2        37 180
18  67  23  45  12  20   0    T    M    0 15.0 31 250   M    M   3 1      42 240
19  23   6  15 -18  50   0 0.10    M    0  6.8 14  20   M    M  10 12     20  30
20  18  -2   8 -26  57   0    T    M    0  4.6 13  10   M    M   8 1      15  10
================================================================================
SM  918  375       648   0  0.21     0.0 172.0          M      122
================================================================================
AV 45.9 18.8                               8.6 FASTST   M    M   6    MAX(MPH)
                                 MISC ---->  # 38 330               # 50  220
================================================================================
NOTES:
# LAST OF SEVERAL OCCURRENCES

COLUMN 17 PEAK WIND IN M.P.H.

PRELIMINARY LOCAL CLIMATOLOGICAL DATA (WS FORM: F-6) , PAGE 2

                                          STATION:  CENTENNIAL CO
                                          MONTH:    FEBRUARY
                                          YEAR:     2018
                                          LATITUDE:   39 33 N
                                          LONGITUDE: 104 51 W

[TEMPERATURE DATA]      [PRECIPITATION DATA]       SYMBOLS USED IN COLUMN 16

AVERAGE MONTHLY: 32.3   TOTAL FOR MONTH:   0.21    1 = FOG OR MIST
DPTR FM NORMAL:  -0.0   DPTR FM NORMAL:   -0.14    2 = FOG REDUCING VISIBILITY
HIGHEST:    67 ON 18    GRTST 24HR  0.10 ON 19-19      TO 1/4 MILE OR LESS
LOWEST:     -2 ON 20                               3 = THUNDER
                        SNOW, ICE PELLETS, HAIL    4 = ICE PELLETS
                        TOTAL MONTH:   0.0 INCH    5 = HAIL
                        GRTST 24HR     0.0         6 = FREEZING RAIN OR DRIZZLE
                        GRTST DEPTH:   0           7 = DUSTSTORM OR SANDSTORM:
                                                       VSBY 1/2 MILE OR LESS
                                                   8 = SMOKE OR HAZE
[NO. OF DAYS WITH]      [WEATHER - DAYS WITH]      9 = BLOWING SNOW
                                                   X = TORNADO
MAX 32 OR BELOW:   4    0.01 INCH OR MORE:   3
MAX 90 OR ABOVE:   0    0.10 INCH OR MORE:   2
MIN 32 OR BELOW:  18    0.50 INCH OR MORE:   0
MIN  0 OR BELOW:   1    1.00 INCH OR MORE:   0

[HDD (BASE 65) ]
TOTAL THIS MO.   648    CLEAR  (SCALE 0-3)   3
DPTR FM NORMAL    -4    PTCLDY (SCALE 4-7)  13
TOTAL FM JUL 1  3685    CLOUDY (SCALE 8-10)  4
DPTR FM NORMAL  -534

[CDD (BASE 65) ]
TOTAL THIS MO.     0
DPTR FM NORMAL     0    [PRESSURE DATA]
TOTAL FM JAN 1     0    HIGHEST SLP M ON M
DPTR FM NORMAL     0    LOWEST  SLP 29.23 ON 18

[REMARKS]
