000
CXUS56 KMTR 181000
CF6APC
PRELIMINARY LOCAL CLIMATOLOGICAL DATA (WS FORM: F-6)

                                          STATION:   NAPA AIRPORT
                                          MONTH:     SEPTEMBER
                                          YEAR:      2014
                                          LATITUDE:   38 13 N
                                          LONGITUDE: 122 17 W

  TEMPERATURE IN F:       :PCPN:    SNOW:  WIND      :SUNSHINE: SKY     :PK WND
================================================================================
1   2   3   4   5  6A  6B    7    8   9   10  11  12  13   14  15   16   17  18
                                     12Z  AVG MX 2MIN
DY MAX MIN AVG DEP HDD CDD  WTR  SNW DPTH SPD SPD DIR MIN PSBL S-S WX    SPD DR
================================================================================

 1  91  52  72   6   0   7 0.00  0.0    0  5.6 16 200   M    M   0 1      19 210
 2  74  55  65  -1   0   0 0.00  0.0    0 10.5 23 200   M    M   3 1      27 190
 3  79  56  68   2   0   3 0.00  0.0    0  8.0 17 200   M    M   5        20 190
 4  76  56  66   0   0   1 0.00  0.0    0 10.0 20 190   M    M   4        24 190
 5  76  56  66   0   0   1 0.00  0.0    0 10.4 20 190   M    M   4        23 200
 6  77  49  63  -3   2   0 0.00  0.0    0  9.2 17 200   M    M   2 1      21 200
 7  77  46  62  -4   3   0 0.00  0.0    0  8.1 15 270   M    M   0 1      30 270
 8  74  53  64  -2   1   0 0.00  0.0    0 11.5 18 230   M    M   3        30 270
 9  78  52  65  -1   0   0 0.00  0.0    0  7.2 16 200   M    M   4        18 200
10  93  48  71   5   0   6 0.00  0.0    0  4.5 13 200   M    M   2 1      15 210
11  90  52  71   6   0   6 0.00  0.0    0  5.3 14 210   M    M   0 1      15 210
12  86  49  68   3   0   3 0.00  0.0    0  5.3 13 180   M    M   0 1      16 180
13  83  51  67   2   0   2 0.00  0.0    0  5.5 16 190   M    M   0        20 190
14  81  55  68   3   0   3 0.00  0.0    0  7.2 20 200   M    M   0        22 210
15  83  52  68   3   0   3 0.00  0.0    0 10.3 21 280   M    M   1        25 270
16  84  50  67   2   0   2 0.00  0.0    0  6.3 15 210   M    M   0        19 220
17  82  56  69   5   0   4 0.00  0.0    0 10.0 25 200   M    M   2 1      31 190
================================================================================
SM 1384  888         6  41  0.00     0.0 134.9          M       30
================================================================================
AV 81.4 52.2                               7.9 FASTST   M    M   2    MAX(MPH)
                                 MISC ---->  # 25 200               # 31  190
================================================================================
NOTES:
# LAST OF SEVERAL OCCURRENCES

COLUMN 17 PEAK WIND IN M.P.H.

PRELIMINARY LOCAL CLIMATOLOGICAL DATA (WS FORM: F-6) , PAGE 2

                                          STATION:  NAPA AIRPORT
                                          MONTH:    SEPTEMBER
                                          YEAR:     2014
                                          LATITUDE:   38 13 N
                                          LONGITUDE: 122 17 W

[TEMPERATURE DATA]      [PRECIPITATION DATA]       SYMBOLS USED IN COLUMN 16

AVERAGE MONTHLY: 66.8   TOTAL FOR MONTH:   0.00    1 = FOG OR MIST
DPTR FM NORMAL:   1.3   DPTR FM NORMAL:   -0.07    2 = FOG REDUCING VISIBILITY
HIGHEST:    93 ON 10    GRTST 24HR  0.00 ON 17-17      TO 1/4 MILE OR LESS
LOWEST:     46 ON  7                               3 = THUNDER
                        SNOW, ICE PELLETS, HAIL    4 = ICE PELLETS
                        TOTAL MONTH:   0.0 INCH    5 = HAIL
                        GRTST 24HR     0.0         6 = FREEZING RAIN OR DRIZZLE
                        GRTST DEPTH:   0           7 = DUSTSTORM OR SANDSTORM:
                                                       VSBY 1/2 MILE OR LESS
                                                   8 = SMOKE OR HAZE
[NO. OF DAYS WITH]      [WEATHER - DAYS WITH]      9 = BLOWING SNOW
                                                   X = TORNADO
MAX 32 OR BELOW:   0    0.01 INCH OR MORE:   0
MAX 90 OR ABOVE:   3    0.10 INCH OR MORE:   0
MIN 32 OR BELOW:   0    0.50 INCH OR MORE:   0
MIN  0 OR BELOW:   0    1.00 INCH OR MORE:   0

[HDD (BASE 65) ]
TOTAL THIS MO.     6    CLEAR  (SCALE 0-3)  13
DPTR FM NORMAL   -22    PTCLDY (SCALE 4-7)   4
TOTAL FM JUL 1    28    CLOUDY (SCALE 8-10)  0
DPTR FM NORMAL   -73

[CDD (BASE 65) ]
TOTAL THIS MO.    41
DPTR FM NORMAL     6    [PRESSURE DATA]
TOTAL FM JAN 1   214    HIGHEST SLP M ON M
DPTR FM NORMAL    13    LOWEST  SLP 29.70 ON  3

[REMARKS]
