000
CXUS52 KMFL 011000
CF6APF
PRELIMINARY LOCAL CLIMATOLOGICAL DATA (WS FORM: F-6)

                                          STATION:   NAPLES
                                          MONTH:     FEBRUARY
                                          YEAR:      2015
                                          LATITUDE:   26  8 N
                                          LONGITUDE:  81 46 W

  TEMPERATURE IN F:       :PCPN:    SNOW:  WIND      :SUNSHINE: SKY     :PK WND
================================================================================
1   2   3   4   5  6A  6B    7    8   9   10  11  12  13   14  15   16   17  18
                                     12Z  AVG MX 2MIN
DY MAX MIN AVG DEP HDD CDD  WTR  SNW DPTH SPD SPD DIR MIN PSBL S-S WX    SPD DR
================================================================================

 1  79  52  66   1   0   1 0.00  0.0    0 10.1 21 120   M    M   1        26 100
 2  77  61  69   4   0   4    T  0.0    0  7.7 17 210   M    M   3 1      23 200
 3  77  51  64  -1   1   0 0.00  0.0    0  9.9 15  70   M    M   2        19  40
 4  82  56  69   3   0   4 0.00  0.0    0  9.1 16 120   M    M   3        22 130
 5  72  59  66   0   0   1 1.11  0.0    0 10.9 22 230   M    M   8 138    28 220
 6  75  54  65  -1   0   0 0.00  0.0    0 12.0 20  60   M    M   2        27  40
 7  76  53  65  -1   0   0 0.00  0.0    0 10.4 20  70   M    M   1        25  70
 8  77  54  66   0   0   1 0.00  0.0    0  6.3 16 130   M    M   1        20 140
 9  76  61  69   3   0   4 0.11  0.0    0  7.1 17 280   M    M   6 1      22 280
10  69  55  62  -4   3   0 0.00  0.0    0 11.3 25 300   M    M   3 1      32 290
11  67  51  59  -7   6   0 0.00  0.0    0  6.8 17 300   M    M   0 18     22 280
12  67  48  58  -8   7   0 0.00  0.0    0  6.5 20 300   M    M   0 8      24 310
13  68  48  58  -9   7   0 0.00  0.0    0  9.3 20 310   M    M   0        26 310
14  63  42  53 -14  12   0 0.00  0.0    0  7.3 16 290   M    M   0        20 290
15  70  50  60  -7   5   0 0.00  0.0    0  6.5 15 300   M    M   0 1      20 300
16  78  51  65  -2   0   0 0.00  0.0    0  8.3 22 140   M    M   1 1      28 130
17  77  61  69   2   0   4    T  0.0    0 10.8 22 210   M    M   1 1      29 210
18  66  51  59  -8   6   0 0.13  0.0    0  8.6 22 300   M    M   6 138    30 300
19  58  44  51 -17  14   0 0.00  0.0    0 11.5 25 310   M    M   1        36 320
20  66  36  51 -17  14   0 0.00  0.0    0  9.6 17  50   M    M   0        21  40
21  78  45  62  -6   3   0 0.00  0.0    0  9.9 20 140   M    M   5        27 140
22  82  61  72   4   0   7 0.00  0.0    0  7.0 16 210   M    M   4        21 140
23  80  63  72   4   0   7 0.00  0.0    0  5.2 14 290   M    M   4 12     16 290
24  76  63  70   2   0   5 0.00  0.0    0  5.6 15 220   M    M   7 128    17 220
25  81  63  72   4   0   7 0.00  0.0    0 10.3 21 170   M    M   5 12     28 160
26  76  66  71   3   0   6    T  0.0    0 11.1 22 220   M    M   7 18     31 190
27  67  59  63  -5   2   0 0.00  0.0    0 10.2 18  50   M    M   9        23  40
28  86  60  73   5   0   8 0.19  0.0    0  9.7 16  60   M    M   8 13     20  60
================================================================================
SM 2066 1518        80  59  1.54     0.0 249.0          M       88
================================================================================
AV 73.8 54.2                               8.9 FASTST   M    M   3    MAX(MPH)
                                 MISC ---->  # 25 300               # 36  320
================================================================================
NOTES:
# LAST OF SEVERAL OCCURRENCES

COLUMN 17 PEAK WIND IN M.P.H.

PRELIMINARY LOCAL CLIMATOLOGICAL DATA (WS FORM: F-6) , PAGE 2

                                          STATION:  NAPLES
                                          MONTH:    FEBRUARY
                                          YEAR:     2015
                                          LATITUDE:   26  8 N
                                          LONGITUDE:  81 46 W

[TEMPERATURE DATA]      [PRECIPITATION DATA]       SYMBOLS USED IN COLUMN 16

AVERAGE MONTHLY: 64.0   TOTAL FOR MONTH:   1.54    1 = FOG OR MIST
DPTR FM NORMAL:  -2.9   DPTR FM NORMAL:   -0.56    2 = FOG REDUCING VISIBILITY
HIGHEST:    86 ON 28    GRTST 24HR  1.11 ON  5- 5      TO 1/4 MILE OR LESS
LOWEST:     36 ON 20                               3 = THUNDER
                        SNOW, ICE PELLETS, HAIL    4 = ICE PELLETS
                        TOTAL MONTH:   0.0 INCH    5 = HAIL
                        GRTST 24HR     0.0         6 = FREEZING RAIN OR DRIZZLE
                        GRTST DEPTH:   0           7 = DUSTSTORM OR SANDSTORM:
                                                       VSBY 1/2 MILE OR LESS
                                                   8 = SMOKE OR HAZE
[NO. OF DAYS WITH]      [WEATHER - DAYS WITH]      9 = BLOWING SNOW
                                                   X = TORNADO
MAX 32 OR BELOW:   0    0.01 INCH OR MORE:   4
MAX 90 OR ABOVE:   0    0.10 INCH OR MORE:   4
MIN 32 OR BELOW:   0    0.50 INCH OR MORE:   1
MIN  0 OR BELOW:   0    1.00 INCH OR MORE:   1

[HDD (BASE 65) ]
TOTAL THIS MO.    80    CLEAR  (SCALE 0-3)  17
DPTR FM NORMAL    27    PTCLDY (SCALE 4-7)   9
TOTAL FM JUL 1   197    CLOUDY (SCALE 8-10)  2
DPTR FM NORMAL   -36

[CDD (BASE 65) ]
TOTAL THIS MO.    59
DPTR FM NORMAL   -46    [PRESSURE DATA]
TOTAL FM JAN 1   176    HIGHEST SLP 30.37 ON 20
DPTR FM NORMAL   -15    LOWEST  SLP 29.73 ON  9

[REMARKS]
#FINAL-02-15#
