000
CXUS55 KABR 271400
CF6ATY
PRELIMINARY LOCAL CLIMATOLOGICAL DATA (WS FORM: F-6)

                                          STATION:   WATERTOWN SD
                                          MONTH:     FEBRUARY
                                          YEAR:      2017
                                          LATITUDE:   44 55 N
                                          LONGITUDE:  97  9 W

  TEMPERATURE IN F:       :PCPN:    SNOW:  WIND      :SUNSHINE: SKY     :PK WND
================================================================================
1   2   3   4   5  6A  6B    7    8   9   10  11  12  13   14  15   16   17  18
                                     12Z  AVG MX 2MIN
DY MAX MIN AVG DEP HDD CDD  WTR  SNW DPTH SPD SPD DIR MIN PSBL S-S WX    SPD DR
================================================================================

 1  24   8  16   2  49   0    T    T    7 15.1 24 320   M    M   2 1      30 300
 2  13   4   9  -5  56   0 0.00  0.0    7 12.2 22 290   M    M   2        27 280
 3  20  -1  10  -4  55   0 0.00  0.0    7 10.6 23 170   M    M   0        28 170
 4  33  14  24  10  41   0    T    T    7 18.0 26 180   M    M   4 18     34 180
 5  21   7  14   0  51   0    T    T    6  8.5 20 340   M    M   2 1      24 330
 6  23  15  19   4  46   0 0.00  0.0    6  9.8 21  50   M    M   5 1      25  60
 7  20   0  10  -5  55   0    T    T    6 16.8 26 340   M    M   7 18     34 330
 8   9  -4   3 -12  62   0    T    T    6 11.3 18 300   M    M   3        23 290
 9  23  -5   9  -7  56   0 0.00  0.0    6 14.2 29 170   M    M   2        36 180
10  46  20  33  17  32   0 0.00  0.0    5  9.3 25 170   M    M   3        30 170
11  44  31  38  22  27   0 0.08  0.0    4  7.1 21 290   M    M   6        27 280
12  38  25  32  16  33   0    T    T    3 13.3 37 330   M    M   1        42 330
13  40  25  33  16  32   0 0.00  0.0    3 10.9 18 260   M    M   0        23 300
14  40  22  31  14  34   0 0.00  0.0    3 13.5 28 330   M    M   0        34 330
15  42  17  30  13  35   0 0.00  0.0    1  8.2 15 170   M    M   0        19 170
16  51  25  38  20  27   0 0.00  0.0    1  6.2 13 220   M    M   0 1      14 240
17  53  33  43  25  22   0 0.00  0.0    0  9.9 22 260   M    M   0        26 280
18  49  28  39  21  26   0 0.00  0.0    0  5.0 13 280   M    M   0        16 270
19  57  36  47  28  18   0 0.00  0.0    0 14.0 23 160   M    M   0        32 160
20  51  29  40  21  25   0 0.01  0.0    0 11.8 23 260   M    M   5 12     31 260
21  58  29  44  24  21   0    T  0.0    0  7.4 22 170   M    M   1 13     29 180
22  53  29  41  21  24   0 0.02  0.0    0 11.1 29 260   M    M   4 3      40 260
23  30  21  26   6  39   0 0.00  0.0    0 18.8 32  30   M    M   6        39  30
24  28  17  23   2  42   0 0.00  0.0    0 22.6 30  10   M    M   4        38  10
25  35  10  23   2  42   0    T    T    0 11.8 22 210   M    M   4 1      29 210
26  35  22  29   7  36   0    T    T    0  8.1 14 240   M    M   5 1      19 240
================================================================================
SM  936  457       986   0  0.11    T    305.5          M       66
================================================================================
AV 36.0 17.6                              11.8 FASTST   M    M   3    MAX(MPH)
                                 MISC ---->  # 37 330               # 42  330
================================================================================
NOTES:
# LAST OF SEVERAL OCCURRENCES

COLUMN 17 PEAK WIND IN M.P.H.

PRELIMINARY LOCAL CLIMATOLOGICAL DATA (WS FORM: F-6) , PAGE 2

                                          STATION:  WATERTOWN SD
                                          MONTH:    FEBRUARY
                                          YEAR:     2017
                                          LATITUDE:   44 55 N
                                          LONGITUDE:  97  9 W

[TEMPERATURE DATA]      [PRECIPITATION DATA]       SYMBOLS USED IN COLUMN 16

AVERAGE MONTHLY: 26.8   TOTAL FOR MONTH:   0.11    1 = FOG OR MIST
DPTR FM NORMAL:   9.6   DPTR FM NORMAL:   -0.40    2 = FOG REDUCING VISIBILITY
HIGHEST:    58 ON 21    GRTST 24HR  0.08 ON 11-11      TO 1/4 MILE OR LESS
LOWEST:     -5 ON  9                               3 = THUNDER
                        SNOW, ICE PELLETS, HAIL    4 = ICE PELLETS
                        TOTAL MONTH:    T          5 = HAIL
                        GRTST 24HR    T  ON 26-26  6 = FREEZING RAIN OR DRIZZLE
                        GRTST DEPTH:   7 ON  4, 3  7 = DUSTSTORM OR SANDSTORM:
                                                       VSBY 1/2 MILE OR LESS
                                                   8 = SMOKE OR HAZE
[NO. OF DAYS WITH]      [WEATHER - DAYS WITH]      9 = BLOWING SNOW
                                                   X = TORNADO
MAX 32 OR BELOW:  10    0.01 INCH OR MORE:   3
MAX 90 OR ABOVE:   0    0.10 INCH OR MORE:   0
MIN 32 OR BELOW:  24    0.50 INCH OR MORE:   0
MIN  0 OR BELOW:   4    1.00 INCH OR MORE:   0

[HDD (BASE 65) ]
TOTAL THIS MO.   986    CLEAR  (SCALE 0-3)  16
DPTR FM NORMAL  -257    PTCLDY (SCALE 4-7)  10
TOTAL FM JUL 1  5531    CLOUDY (SCALE 8-10)  0
DPTR FM NORMAL  -794

[CDD (BASE 65) ]
TOTAL THIS MO.     0
DPTR FM NORMAL     0    [PRESSURE DATA]
TOTAL FM JAN 1     0    HIGHEST SLP M ON M
DPTR FM NORMAL     0    LOWEST  SLP 29.40 ON 17

[REMARKS]
