000
CXUS53 KGID 300730
CF6AUH
PRELIMINARY LOCAL CLIMATOLOGICAL DATA (WS FORM: F-6)

                                          STATION:   AURORA
                                          MONTH:     OCTOBER
                                          YEAR:      2014
                                          LATITUDE:   40 54 N
                                          LONGITUDE:  97 59 W

  TEMPERATURE IN F:       :PCPN:    SNOW:  WIND      :SUNSHINE: SKY     :PK WND
================================================================================
1   2   3   4   5  6A  6B    7    8   9   10  11  12  13   14  15   16   17  18
                                     12Z  AVG MX 2MIN
DY MAX MIN AVG DEP HDD CDD  WTR  SNW DPTH SPD SPD DIR MIN PSBL S-S WX    SPD DR
================================================================================

 1  78  59  69  11   0   4 0.11    M    M  2.8  7  90   M    M   6 123     M  M
 2  67  46  57  -1   8   0 0.36    M    M 10.8 17 350   M    M   6        28 350
 3  55  34  45 -12  20   0 0.05    M    M 16.1 25 330   M    M   3        40 320
 4  61  32  47 -10  18   0 0.00    M    M  5.9 12 310   M    M   2        17 310
 5  71  44  58   2   7   0    T    M    M 11.1 18 310   M    M   2        29 310
 6  76  47  62   6   3   0 0.00    M    M  6.7 15 290   M    M   4 8      23 290
 7  75  47  61   5   4   0 0.00    M    M  7.6 18 310   M    M   1        27 310
 8  67  43  55   0  10   0 0.01    M    M  5.1  9 150   M    M   4         M  M
 9  67  50  59   4   6   0 0.00    M    M 10.2 17  50   M    M   5        23  50
10  55  33  44 -10  21   0 0.00    M    M  5.4 12  30   M    M   0        16  40
11  63  31  47  -7  18   0 0.00    M    M  4.9 10 170   M    M   0         M  M
12  64  43  54   0  11   0 0.05    M    M  7.8 16 170   M    M   4 3      21 170
13  64  48  56   3   9   0 0.00    M    M 16.3 27 360   M    M   4        37 340
14  67  37  52  -1  13   0 0.00    M    M 10.4 21 350   M    M   0        27 350
15  74  33  54   1  11   0 0.00    M    M  6.3 10 170   M    M   0         M  M
16  78  44  61   9   4   0 0.00    M    M 10.4 23 330   M    M   0        31 340
17  65  38  52   0  13   0 0.00    M    M 12.4 23 340   M    M   0        29 350
18  56  34  45  -7  20   0 0.00    M    M  4.6  7 160   M    M   2         M  M
19  74  42  58   7   7   0 0.00    M    M  9.0 17 220   M    M   0        22 220
20  74  40  57   6   8   0 0.00    M    M  3.1  7 300   M    M   1 8       M  M
21  77  40  59   9   6   0 0.00    M    M  8.2 17 170   M    M   2 8      24 170
22  78  54  66  16   0   1 1.14    M    M  8.9 17 200   M    M   5 138    24 190
23  65  47  56   6   9   0 0.00    M    M  4.5  9 210   M    M   4 12      M  M
24  77  48  63  14   2   0 0.00    M    M  6.2 12 220   M    M   0 18      M  M
25  74  41  58   9   7   0 0.00    M    M  5.7  9  90   M    M   0         M  M
26  78  51  65  17   0   0 0.00    M    M  6.7 13 120   M    M   0         M  M
27  72  39  56   8   9   0 0.00    M    M 12.5 25 320   M    M   2        32 340
28  60  32  46  -2  19   0 0.00    M    M 10.1 22 290   M    M   0        29 290
29  61  27  44  -3  21   0 0.00    M    M  6.5 13 180   M    M   0        18 180
================================================================================
SM 1993 1204       284   5  1.72    M    236.2          M       57
================================================================================
AV 68.7 41.5                               8.1 FASTST   M    M   2    MAX(MPH)
                                 MISC ---->  # 27 360                 40    M
================================================================================
NOTES:
# LAST OF SEVERAL OCCURRENCES

COLUMN 17 PEAK WIND IN M.P.H.

PRELIMINARY LOCAL CLIMATOLOGICAL DATA (WS FORM: F-6) , PAGE 2

                                          STATION:  AURORA
                                          MONTH:    OCTOBER
                                          YEAR:     2014
                                          LATITUDE:   40 54 N
                                          LONGITUDE:  97 59 W

[TEMPERATURE DATA]      [PRECIPITATION DATA]       SYMBOLS USED IN COLUMN 16

AVERAGE MONTHLY: 55.1   TOTAL FOR MONTH:   1.72    1 = FOG OR MIST
DPTR FM NORMAL:   2.5   DPTR FM NORMAL:   -0.69    2 = FOG REDUCING VISIBILITY
HIGHEST:    78 ON 26,22 GRTST 24HR  1.14 ON 22-22      TO 1/4 MILE OR LESS
LOWEST:     27 ON 29                               3 = THUNDER
                        SNOW, ICE PELLETS, HAIL    4 = ICE PELLETS
                        TOTAL MONTH:    M          5 = HAIL
                        GRTST 24HR    M  ON   M    6 = FREEZING RAIN OR DRIZZLE
                        GRTST DEPTH:  M  ON   M    7 = DUSTSTORM OR SANDSTORM:
                                                       VSBY 1/2 MILE OR LESS
                                                   8 = SMOKE OR HAZE
[NO. OF DAYS WITH]      [WEATHER - DAYS WITH]      9 = BLOWING SNOW
                                                   X = TORNADO
MAX 32 OR BELOW:   0    0.01 INCH OR MORE:   6
MAX 90 OR ABOVE:   0    0.10 INCH OR MORE:   3
MIN 32 OR BELOW:   4    0.50 INCH OR MORE:   1
MIN  0 OR BELOW:   0    1.00 INCH OR MORE:   1

[HDD (BASE 65) ]
TOTAL THIS MO.   284    CLEAR  (SCALE 0-3)  20
DPTR FM NORMAL   -85    PTCLDY (SCALE 4-7)   9
TOTAL FM JUL 1   414    CLOUDY (SCALE 8-10)  0
DPTR FM NORMAL   -78

[CDD (BASE 65) ]
TOTAL THIS MO.     5
DPTR FM NORMAL    -2    [PRESSURE DATA]
TOTAL FM JAN 1   947    HIGHEST SLP M ON M
DPTR FM NORMAL   -29    LOWEST  SLP M ON M

[REMARKS]
