000
CXUS54 KBMX 181216
CF6AUO
PRELIMINARY LOCAL CLIMATOLOGICAL DATA (WS FORM: F-6)

                                          STATION:   AUBURN    AWOS
                                          MONTH:     APRIL
                                          YEAR:      2014
                                          LATITUDE:   32 34 N
                                          LONGITUDE:  85 30 W

  TEMPERATURE IN F:       :PCPN:    SNOW:  WIND      :SUNSHINE: SKY     :PK WND
================================================================================
1   2   3   4   5  6A  6B    7    8   9   10  11  12  13   14  15   16   17  18
                                     12Z  AVG MX 2MIN
DY MAX MIN AVG DEP HDD CDD  WTR  SNW DPTH SPD SPD DIR MIN PSBL S-S WX    SPD DR
================================================================================

 1  79  48  64   M   1   0 0.00  0.0    0  6.1 12 140   M    M   0        16 210
 2  73  50  62   M   3   0 0.00  0.0    0  6.1 13 240   M    M   3        17 240
 3  81  57  69   M   0   4 0.00  0.0    0  9.9 17 210   M    M   3        24 210
 4  72  59  66   M   0   1 0.04  0.0    0  9.0 17 250   M    M   7        25 250
 5  72  54  63   M   2   0 0.00  0.0    0  6.6 10  20   M    M   4        16 340
 6  61  46  54   M  11   0 2.01  0.0    0  8.2 14  90   M    M  10 3      21  90
 7  66  52  59   M   6   0 2.64  0.0    0 12.1 17 310   M    M   7 3      25 310
 8  63  46  55   M  10   0 0.00  0.0    0  7.8 13 280   M    M   5        18 310
 9  66  46  56   M   9   0 0.00  0.0    0  8.7 16 310   M    M   1        23 310
10  73  43  58   M   7   0 0.00  0.0    0  6.2 13 180   M    M   0        18 180
11  72  46  59   M   6   0 0.00  0.0    0  4.6 12 220   M    M   1        16 220
12  79  52  66   M   0   1 0.00  0.0    0  4.8 12 170   M    M   0        20 150
13  79  55  67   M   0   2 0.00  0.0    0  7.5 15 170   M    M   1        21 170
14  68  61  65   M   0   0 1.48  0.0    0  6.6 13 200   M    M   9 3       M  M
15  63  36  50   M  15   0 0.25  0.0    0 12.6 22 340   M    M   6        30 340
16  61  32  47   M  18   0 0.00  0.0    0  8.6 14  90   M    M   0        22  90
17  63  43  53   M  12   0 0.00  0.0    0 10.6 18  90   M    M   4        23  80
================================================================================
SM 1191  826       100   8  6.42     0.0 136.0          M       61
================================================================================
AV 70.1 48.6                               8.0 FASTST   M    M   4    MAX(MPH)
                                 MISC ---->    22   M                 30    M
================================================================================
NOTES:
# LAST OF SEVERAL OCCURRENCES

COLUMN 17 PEAK WIND IN M.P.H.

PRELIMINARY LOCAL CLIMATOLOGICAL DATA (WS FORM: F-6) , PAGE 2

                                          STATION:  AUBURN    AWOS
                                          MONTH:    APRIL
                                          YEAR:     2014
                                          LATITUDE:   32 34 N
                                          LONGITUDE:  85 30 W

[TEMPERATURE DATA]      [PRECIPITATION DATA]       SYMBOLS USED IN COLUMN 16

AVERAGE MONTHLY: 59.3   TOTAL FOR MONTH:   6.42    1 = FOG OR MIST
DPTR FM NORMAL:     M   DPTR FM NORMAL:       M    2 = FOG REDUCING VISIBILITY
HIGHEST:    81 ON  3    GRTST 24HR  2.64 ON  7- 7      TO 1/4 MILE OR LESS
LOWEST:     32 ON 16                               3 = THUNDER
                        SNOW, ICE PELLETS, HAIL    4 = ICE PELLETS
                        TOTAL MONTH:   0.0 INCH    5 = HAIL
                        GRTST 24HR     0.0         6 = FREEZING RAIN OR DRIZZLE
                        GRTST DEPTH:   0           7 = DUSTSTORM OR SANDSTORM:
                                                       VSBY 1/2 MILE OR LESS
                                                   8 = SMOKE OR HAZE
[NO. OF DAYS WITH]      [WEATHER - DAYS WITH]      9 = BLOWING SNOW
                                                   X = TORNADO
MAX 32 OR BELOW:   0    0.01 INCH OR MORE:   5
MAX 90 OR ABOVE:   0    0.10 INCH OR MORE:   4
MIN 32 OR BELOW:   1    0.50 INCH OR MORE:   3
MIN  0 OR BELOW:   0    1.00 INCH OR MORE:   3

[HDD (BASE 65) ]
TOTAL THIS MO.   100    CLEAR  (SCALE 0-3)   9
DPTR FM NORMAL     M    PTCLDY (SCALE 4-7)   6
TOTAL FM JUL 1  2697    CLOUDY (SCALE 8-10)  2
DPTR FM NORMAL     M

[CDD (BASE 65) ]
TOTAL THIS MO.     8
DPTR FM NORMAL     M    [PRESSURE DATA]
TOTAL FM JAN 1     9    HIGHEST SLP M ON M
DPTR FM NORMAL     M    LOWEST  SLP M ON M

[REMARKS]
