000
CXUS54 KBMX 241111
CF6AUO
PRELIMINARY LOCAL CLIMATOLOGICAL DATA (WS FORM: F-6)

                                          STATION:   AUBURN    AWOS
                                          MONTH:     JANUARY
                                          YEAR:      2018
                                          LATITUDE:   32 34 N
                                          LONGITUDE:  85 30 W

  TEMPERATURE IN F:       :PCPN:    SNOW:  WIND      :SUNSHINE: SKY     :PK WND
================================================================================
1   2   3   4   5  6A  6B    7    8   9   10  11  12  13   14  15   16   17  18
                                     12Z  AVG MX 2MIN
DY MAX MIN AVG DEP HDD CDD  WTR  SNW DPTH SPD SPD DIR MIN PSBL S-S WX    SPD DR
================================================================================

 1  32  19  26   M  39   0 0.00  0.0    0 12.5 17 350   M    M   1        24 350
 2  37  15  26   M  39   0 0.00  0.0    0  7.6 14  20   M    M   0        16  50
 3  42  26  34   M  31   0 0.00  0.0    0  6.4 13 310   M    M   2        18 310
 4  39  23  31   M  34   0 0.00  0.0    0 11.8 18 320   M    M   0        24 320
 5  42  18  30   M  35   0 0.00  0.0    0  5.5  9 310   M    M   0         M  M
 6  47  24  36   M  29   0 0.00  0.0    0  6.0  9 350   M    M   0         M  M
 7  45  26  36   M  29   0 0.00  0.0    0  8.7 13  90   M    M   0        18  90
 8  46  35  41   M  24   0 0.25  0.0    0  9.8 13  60   M    M   7        18 100
 9  66  43  55   M  10   0 0.00  0.0    0  8.5 10  60   M    M   5 12      M  M
10  66  57  62   M   3   0    T  0.0    0  8.9 13 100   M    M  10 1      16 120
11  71  60  66   M   0   1 0.02  0.0    0  8.3 14 100   M    M   7 1      18 100
12  61  28  45   M  20   0 0.20  0.0    0 12.6 22 330   M    M  10 1      27 330
13  37  24  31   M  34   0 0.00  0.0    0 12.6 20 320   M    M   6        24 320
14  45  20  33   M  32   0 0.00  0.0    0  6.8 13 360   M    M   0        21  10
15  52  28  40   M  25   0 0.00  0.0    0  3.7  8 160   M    M   1         M  M
16  51  26  39   M  26   0 0.01    M    0  7.4 15 350   M    M   5 1       M  M
17  28  14  21   M  44   0 0.12    M    M 12.4 17 330   M    M   3 1      22 330
18  44  12  28   M  37   0 0.00  0.0    0  7.5 13 350   M    M   0         M  M
19  53  23  38   M  27   0 0.00  0.0    0  3.7  8 340   M    M   0         M  M
20  60  31  46   M  19   0 0.00  0.0    0  3.1  7 350   M    M   3         M  M
21  69  38  54   M  11   0 0.00  0.0    0  3.7  9 170   M    M   0 8       M  M
22  63  51  57   M   8   0 1.45  0.0    0  8.3 16 190   M    M   7 13     35 170
23  62  40  51   M  14   0 0.00  0.0    0  9.2 16 300   M    M   1        27 290
================================================================================
SM 1158  681       570   1  2.05     0.0 185.0          M       68
================================================================================
AV 50.4 29.6                               8.0 FASTST   M    M   3    MAX(MPH)
                                 MISC ---->    22   M               # 35  170
================================================================================
NOTES:
# LAST OF SEVERAL OCCURRENCES

COLUMN 17 PEAK WIND IN M.P.H.

PRELIMINARY LOCAL CLIMATOLOGICAL DATA (WS FORM: F-6) , PAGE 2

                                          STATION:  AUBURN    AWOS
                                          MONTH:    JANUARY
                                          YEAR:     2018
                                          LATITUDE:   32 34 N
                                          LONGITUDE:  85 30 W

[TEMPERATURE DATA]      [PRECIPITATION DATA]       SYMBOLS USED IN COLUMN 16

AVERAGE MONTHLY: 40.0   TOTAL FOR MONTH:   2.05    1 = FOG OR MIST
DPTR FM NORMAL:     M   DPTR FM NORMAL:       M    2 = FOG REDUCING VISIBILITY
HIGHEST:    71 ON 11    GRTST 24HR  1.45 ON 22-22      TO 1/4 MILE OR LESS
LOWEST:     12 ON 18                               3 = THUNDER
                        SNOW, ICE PELLETS, HAIL    4 = ICE PELLETS
                        TOTAL MONTH:   0.0 INCH    5 = HAIL
                        GRTST 24HR     0.0         6 = FREEZING RAIN OR DRIZZLE
                        GRTST DEPTH:   0           7 = DUSTSTORM OR SANDSTORM:
                                                       VSBY 1/2 MILE OR LESS
                                                   8 = SMOKE OR HAZE
[NO. OF DAYS WITH]      [WEATHER - DAYS WITH]      9 = BLOWING SNOW
                                                   X = TORNADO
MAX 32 OR BELOW:   2    0.01 INCH OR MORE:   6
MAX 90 OR ABOVE:   0    0.10 INCH OR MORE:   4
MIN 32 OR BELOW:  16    0.50 INCH OR MORE:   1
MIN  0 OR BELOW:   0    1.00 INCH OR MORE:   1

[HDD (BASE 65) ]
TOTAL THIS MO.   570    CLEAR  (SCALE 0-3)  15
DPTR FM NORMAL     M    PTCLDY (SCALE 4-7)   6
TOTAL FM JUL 1  1318    CLOUDY (SCALE 8-10)  2
DPTR FM NORMAL     M

[CDD (BASE 65) ]
TOTAL THIS MO.     1
DPTR FM NORMAL     M    [PRESSURE DATA]
TOTAL FM JAN 1     1    HIGHEST SLP M ON M
DPTR FM NORMAL     M    LOWEST  SLP M ON M

[REMARKS]
