000
CXUS51 KBGM 290800
CF6AVP
PRELIMINARY LOCAL CLIMATOLOGICAL DATA (WS FORM: F-6)

                                          STATION:   AVOCA PA
                                          MONTH:     NOVEMBER
                                          YEAR:      2014
                                          LATITUDE:   41 19 N
                                          LONGITUDE:  75 44 W

  TEMPERATURE IN F:       :PCPN:    SNOW:  WIND      :SUNSHINE: SKY     :PK WND
================================================================================
1   2   3   4   5  6A  6B    7    8   9   10  11  12  13   14  15   16   17  18
                                     12Z  AVG MX 2MIN
DY MAX MIN AVG DEP HDD CDD  WTR  SNW DPTH SPD SPD DIR MIN PSBL S-S WX    SPD DR
================================================================================

 1  50  39  45  -1  20   0 0.02  0.0    M 11.2 21 340   M    M   8 1      29 350
 2  45  30  38  -8  27   0    T  0.0    M 14.1 31 330   M    M   6        41 340
 3  60  29  45  -1  20   0 0.00  0.0    M  7.5 18 250   M    M   2        24 230
 4  68  52  60  15   5   0 0.00  0.0    M  5.5 18 230   M    M   3        24 230
 5  60  48  54   9  11   0    T  0.0    M  8.4 18 260   M    M   1        24 260
 6  51  45  48   3  17   0 0.07  0.0    M  4.4 15 310   M    M   8 1      19 310
 7  45  33  39  -5  26   0 0.06    T    M  8.9 28 330   M    M   9 1      37 340
 8  48  29  39  -5  26   0 0.00  0.0    M  6.0 14 240   M    M   4        19 200
 9  52  36  44   0  21   0 0.00  0.0    M  5.1 18 320   M    M   5        22 270
10  64  31  48   5  17   0 0.00  0.0    M  3.7 12 180   M    M   1        21 190
11  63  39  51   8  14   0 0.00  0.0    M  5.3 18 220   M    M   4 18     29 220
12  61  37  49   6  16   0    T  0.0    M  8.1 20 330   M    M   3 8      25 330
13  41  29  35  -7  30   0 0.09    M    M  2.3 17 320   M    M   6 12     22 320
14  39  28  34  -8  31   0    T    T    M  8.3 20 320   M    M   6        26 300
15  41  27  34  -8  31   0    T    T    M  6.0 15 310   M    M   4        24 300
16  41  26  34  -7  31   0    T    M    M  4.7 14 190   M    M   8        21 200
17  44  35  40  -1  25   0 0.50  0.0    M  5.5 21 240   M    M  10 1      28 240
18  35  19  27 -14  38   0    T    T    M 16.7 29 270   M    M   2        45 270
19  28  16  22 -18  43   0 0.00  0.0    M  9.0 18 250   M    M   1        24 200
20  39  23  31  -9  34   0 0.00  0.0    M 11.5 25 270   M    M   5        34 270
21  33  18  26 -14  39   0 0.00  0.0    M  9.3 24 290   M    M   3        31 290
22  42  15  29 -10  36   0    T  0.0    M  7.5 16 250   M    M   4        23 200
23  56  37  47   8  18   0    T  0.0    M  7.0 17 170   M    M   6        27 150
24  70  51  61  23   4   0 0.27  0.0    M 16.3 25 210   M    M   6 8      42 210
25  63  38  51  13  14   0 0.00  0.0    0  9.8 23 260   M    M   1        36 280
26  41  32  37  -1  28   0 0.73  7.1    0  7.3 15 320   M    M   8 12     20 330
27  34  22  28  -9  37   0 0.05    T    0 10.5 16 290   M    M   8 1      20 290
28  29  14  22 -15  43   0 0.01    M    0  8.7 24 290   M    M   6 1      31 320
================================================================================
SM 1343  878       702   0  1.80     7.1 228.6          M      138
================================================================================
AV 48.0 31.4                               8.2 FASTST   M    M   5    MAX(MPH)
                                 MISC ---->  # 31 330               # 45  270
================================================================================
NOTES:
# LAST OF SEVERAL OCCURRENCES

COLUMN 17 PEAK WIND IN M.P.H.

PRELIMINARY LOCAL CLIMATOLOGICAL DATA (WS FORM: F-6) , PAGE 2

                                          STATION:  AVOCA PA
                                          MONTH:    NOVEMBER
                                          YEAR:     2014
                                          LATITUDE:   41 19 N
                                          LONGITUDE:  75 44 W

[TEMPERATURE DATA]      [PRECIPITATION DATA]       SYMBOLS USED IN COLUMN 16

AVERAGE MONTHLY: 39.7   TOTAL FOR MONTH:   1.80    1 = FOG OR MIST
DPTR FM NORMAL:  -2.1   DPTR FM NORMAL:   -1.12    2 = FOG REDUCING VISIBILITY
HIGHEST:    70 ON 24    GRTST 24HR  0.73 ON 26-26      TO 1/4 MILE OR LESS
LOWEST:     14 ON 28                               3 = THUNDER
                        SNOW, ICE PELLETS, HAIL    4 = ICE PELLETS
                        TOTAL MONTH:   7.1 INCHES  5 = HAIL
                        GRTST 24HR   7.1 ON   M    6 = FREEZING RAIN OR DRIZZLE
                        GRTST DEPTH:   0           7 = DUSTSTORM OR SANDSTORM:
                                                       VSBY 1/2 MILE OR LESS
                                                   8 = SMOKE OR HAZE
[NO. OF DAYS WITH]      [WEATHER - DAYS WITH]      9 = BLOWING SNOW
                                                   X = TORNADO
MAX 32 OR BELOW:   2    0.01 INCH OR MORE:   9
MAX 90 OR ABOVE:   0    0.10 INCH OR MORE:   3
MIN 32 OR BELOW:  16    0.50 INCH OR MORE:   2
MIN  0 OR BELOW:   0    1.00 INCH OR MORE:   0

[HDD (BASE 65) ]
TOTAL THIS MO.   702    CLEAR  (SCALE 0-3)   7
DPTR FM NORMAL    50    PTCLDY (SCALE 4-7)  17
TOTAL FM JUL 1  1124    CLOUDY (SCALE 8-10)  4
DPTR FM NORMAL  -131

[CDD (BASE 65) ]
TOTAL THIS MO.     0
DPTR FM NORMAL     0    [PRESSURE DATA]
TOTAL FM JAN 1   686    HIGHEST SLP 30.49 ON 22
DPTR FM NORMAL   106    LOWEST  SLP 29.45 ON 24

[REMARKS]
