000
CXUS53 KMPX 011557
CF6AXN
PRELIMINARY LOCAL CLIMATOLOGICAL DATA (WS FORM: F-6)

                                          STATION:   ALEXANDRIA MN
                                          MONTH:     APRIL
                                          YEAR:      2016
                                          LATITUDE:   45 52 N
                                          LONGITUDE:  95 23 W

  TEMPERATURE IN F:       :PCPN:    SNOW:  WIND      :SUNSHINE: SKY     :PK WND
================================================================================
1   2   3   4   5  6A  6B    7    8   9   10  11  12  13   14  15   16   17  18
                                     12Z  AVG MX 2MIN
DY MAX MIN AVG DEP HDD CDD  WTR  SNW DPTH SPD SPD DIR MIN PSBL S-S WX    SPD DR
================================================================================

 1  36  27  32  -4  33   0    M    M    M 16.2 28 300   M    M   4 1      39 300
 2  36  21  29  -7  36   0    M    M    M 16.6 37 330   M    M   5        50 320
 3  59  26  43   6  22   0 0.00    M    M 13.4 23  10   M    M   3        29 280
 4  42  26  34  -4  31   0 0.00    M    M  7.2 15  20   M    M   3        19  20
 5  46  29  38   0  27   0    T    M    M 17.3 32 150   M    M   6        43 150
 6  40  30  35  -4  30   0    M    M    M  9.9 21 340   M    M   8 1      27 340
 7  39  29  34  -5  31   0    M    M    M 12.3 28 340   M    M   8 1      35 340
 8  33  19  26 -14  39   0    M    M    M 15.4 28 340   M    M   6 1      37 330
 9  44  16  30 -10  35   0 0.00    M    M 17.9 35 150   M    M   1        42 150
10  51  30  41   0  24   0 0.00    M    M 17.4 31 310   M    M   2        41 310
11  38  24  31 -10  34   0    M    M    M 15.0 26 310   M    M   4        39 300
12  38  19  29 -13  36   0 0.05    M    M 12.1 20 100   M    M   6 18     25 140
13  65  31  48   6  17   0 0.00    M    M 11.7 17 110   M    M   0        21 120
14  82  39  61  18   4   0 0.00    M    M 17.2 30 190   M    M   0        38 200
15  76  50  63  19   2   0 0.01    M    M 17.0 32 170   M    M   3        40 160
16  75  54  65  21   0   0 0.00    M    M 13.4 28 150   M    M   7        34 150
17  76  49  63  18   2   0    T    M    M  6.9 18 180   M    M   9 1      23 190
18  68  44  56  11   9   0 0.23    M    M 10.9 21  60   M    M   6 1      25  70
19  50  42  46   0  19   0 0.14    M    M 11.7 18  80   M    M  10 1      24  90
20  61  49  55   9  10   0 0.00    M    M  7.4 14  20   M    M   7 18     15  20
21  64  42  53   6  12   0 0.00    M    M 10.2 21 340   M    M   6        27 330
22  61  35  48   1  17   0 0.00    M    M  7.0 12 100   M    M   2        14 360
23  69  41  55   7  10   0    T    M    M 15.2 26 110   M    M   2        33 100
24  59  41  50   2  15   0 0.36    M    M 19.7 29  70   M    M   8 13     36 110
25  45  37  41  -7  24   0 0.51    M    M 13.0 24  90   M    M  10 12     30  80
26  45  35  40  -9  25   0 0.04    M    M 13.9 22  80   M    M  10 1      27  80
27  50  38  44  -5  21   0 0.02    M    M 18.1 30  70   M    M   7        40  70
28  49  34  42  -8  23   0 0.08    M    M  8.4 21  70   M    M  10        27  50
29  61  32  47  -3  18   0 0.00    M    M  6.6 15  70   M    M   3 1      23  40
30  57  38  48  -3  17   0 0.00    M    M 16.3 26  70   M    M   0        33  60
================================================================================
SM 1615 1027       623   0  1.44    M    395.3          M      156
================================================================================
AV 53.8 34.2                              13.2 FASTST   M    M   5    MAX(MPH)
                                 MISC ---->  # 37 330               # 50  320
================================================================================
NOTES:
# LAST OF SEVERAL OCCURRENCES

COLUMN 17 PEAK WIND IN M.P.H.

PRELIMINARY LOCAL CLIMATOLOGICAL DATA (WS FORM: F-6) , PAGE 2

                                          STATION:  ALEXANDRIA MN
                                          MONTH:    APRIL
                                          YEAR:     2016
                                          LATITUDE:   45 52 N
                                          LONGITUDE:  95 23 W

[TEMPERATURE DATA]      [PRECIPITATION DATA]       SYMBOLS USED IN COLUMN 16

AVERAGE MONTHLY: 44.0   TOTAL FOR MONTH:   1.44    1 = FOG OR MIST
DPTR FM NORMAL:   0.4   DPTR FM NORMAL:   -0.67    2 = FOG REDUCING VISIBILITY
HIGHEST:    82 ON 14    GRTST 24HR  0.75 ON 24-25      TO 1/4 MILE OR LESS
LOWEST:     16 ON  9                               3 = THUNDER
                        SNOW, ICE PELLETS, HAIL    4 = ICE PELLETS
                        TOTAL MONTH:    M          5 = HAIL
                        GRTST 24HR    M  ON   M    6 = FREEZING RAIN OR DRIZZLE
                        GRTST DEPTH:  M  ON   M    7 = DUSTSTORM OR SANDSTORM:
                                                       VSBY 1/2 MILE OR LESS
                                                   8 = SMOKE OR HAZE
[NO. OF DAYS WITH]      [WEATHER - DAYS WITH]      9 = BLOWING SNOW
                                                   X = TORNADO
MAX 32 OR BELOW:   0    0.01 INCH OR MORE:   9
MAX 90 OR ABOVE:   0    0.10 INCH OR MORE:   4
MIN 32 OR BELOW:  14    0.50 INCH OR MORE:   1
MIN  0 OR BELOW:   0    1.00 INCH OR MORE:   0

[HDD (BASE 65) ]
TOTAL THIS MO.   623    CLEAR  (SCALE 0-3)  11
DPTR FM NORMAL   -21    PTCLDY (SCALE 4-7)  14
TOTAL FM JUL 1  6987    CLOUDY (SCALE 8-10)  5
DPTR FM NORMAL -1402

[CDD (BASE 65) ]
TOTAL THIS MO.     0
DPTR FM NORMAL    -2    [PRESSURE DATA]
TOTAL FM JAN 1     0    HIGHEST SLP 30.35 ON  4
DPTR FM NORMAL    -2    LOWEST  SLP 29.50 ON  3

[REMARKS]
#FINAL-04-16#
