000
CXUS51 KBOX 231200
CF6BDL
PRELIMINARY LOCAL CLIMATOLOGICAL DATA (WS FORM: F-6)

                                          STATION:   HARTFORD CT
                                          MONTH:     NOVEMBER
                                          YEAR:      2014
                                          LATITUDE:   41 55 N
                                          LONGITUDE:  72 41 W

  TEMPERATURE IN F:       :PCPN:    SNOW:  WIND      :SUNSHINE: SKY     :PK WND
================================================================================
1   2   3   4   5  6A  6B    7    8   9   10  11  12  13   14  15   16   17  18
                                     12Z  AVG MX 2MIN
DY MAX MIN AVG DEP HDD CDD  WTR  SNW DPTH SPD SPD DIR MIN PSBL S-S WX    SPD DR
================================================================================

 1  47  42  45  -2  20   0 0.19  0.0    0 14.3 21  10   M    M  10 1      28  20
 2  49  39  44  -3  21   0 0.00  0.0    0 19.8 33 340   M    M   6        46 330
 3  59  34  47   1  18   0 0.00  0.0    0  9.1 21 290   M    M   2        29 320
 4  67  36  52   6  13   0    T    M    0  5.7 15 180   M    M   7        17 170
 5  66  44  55   9  10   0 0.00  0.0    0  5.9 13 280   M    M   8        16 290
 6  47  42  45  -1  20   0 0.26  0.0    0  4.6 14  10   M    M  10 1      16 340
 7  49  35  42  -3  23   0    T  0.0    0 10.1 24 290   M    M   8        31 280
 8  50  30  40  -5  25   0 0.00  0.0    0  7.7 17 300   M    M   7        22 290
 9  59  35  47   2  18   0 0.00  0.0    0  5.2 13 260   M    M   7        16 270
10  62  29  46   2  19   0 0.00  0.0    0  3.0 12 180   M    M   4        14 180
11  66  33  50   6  15   0 0.00  0.0    0  3.5 13 170   M    M   6 12     17 170
12  67  41  54  10  11   0 0.00  0.0    0  6.5 22 320   M    M   7 12     31 310
13  51  29  40  -3  25   0 0.09    T    0  5.3 14 290   M    M   6 1      17 320
14  43  30  37  -6  28   0 0.08    T    0  9.5 22 320   M    M   6 1      31 320
15  42  22  32 -11  33   0 0.00  0.0    0  6.9 17 280   M    M   1        23 330
16  43  21  32 -10  33   0 0.00  0.0    0  3.8 13 220   M    M   7        17 220
17  40  36  38  -4  27   0 1.21  0.0    0  4.3 10 310   M    M  10 1      12 310
18  42  24  33  -9  32   0 0.00  0.0    0 11.2 23 250   M    M   6 1      30 260
19  36  20  28 -13  37   0 0.00  0.0    0  8.8 22 250   M    M   2        31 240
20  48  27  38  -3  27   0 0.00  0.0    0  9.7 28 250   M    M   5        41 250
21  37  23  30 -11  35   0 0.00  0.0    0 10.1 25 320   M    M   2        32 320
22  44  19  32  -8  33   0 0.00  0.0    0  9.3 20 210   M    M   6        25 210
================================================================================
SM 1114  691       523   0  1.83    T    174.3          M      133
================================================================================
AV 50.6 31.4                               7.9 FASTST   M    M   6    MAX(MPH)
                                 MISC ---->  # 33 340               # 46  330
================================================================================
NOTES:
# LAST OF SEVERAL OCCURRENCES

COLUMN 17 PEAK WIND IN M.P.H.

PRELIMINARY LOCAL CLIMATOLOGICAL DATA (WS FORM: F-6) , PAGE 2

                                          STATION:  HARTFORD CT
                                          MONTH:    NOVEMBER
                                          YEAR:     2014
                                          LATITUDE:   41 55 N
                                          LONGITUDE:  72 41 W

[TEMPERATURE DATA]      [PRECIPITATION DATA]       SYMBOLS USED IN COLUMN 16

AVERAGE MONTHLY: 41.0   TOTAL FOR MONTH:   1.83    1 = FOG OR MIST
DPTR FM NORMAL:  -2.7   DPTR FM NORMAL:   -1.01    2 = FOG REDUCING VISIBILITY
HIGHEST:    67 ON 12, 4 GRTST 24HR  1.21 ON 17-17      TO 1/4 MILE OR LESS
LOWEST:     19 ON 22                               3 = THUNDER
                        SNOW, ICE PELLETS, HAIL    4 = ICE PELLETS
                        TOTAL MONTH:    T          5 = HAIL
                        GRTST 24HR    T  ON 14-14  6 = FREEZING RAIN OR DRIZZLE
                        GRTST DEPTH:   0           7 = DUSTSTORM OR SANDSTORM:
                                                       VSBY 1/2 MILE OR LESS
                                                   8 = SMOKE OR HAZE
[NO. OF DAYS WITH]      [WEATHER - DAYS WITH]      9 = BLOWING SNOW
                                                   X = TORNADO
MAX 32 OR BELOW:   0    0.01 INCH OR MORE:   5
MAX 90 OR ABOVE:   0    0.10 INCH OR MORE:   3
MIN 32 OR BELOW:  11    0.50 INCH OR MORE:   1
MIN  0 OR BELOW:   0    1.00 INCH OR MORE:   1

[HDD (BASE 65) ]
TOTAL THIS MO.   523    CLEAR  (SCALE 0-3)   4
DPTR FM NORMAL    56    PTCLDY (SCALE 4-7)  15
TOTAL FM JUL 1   908    CLOUDY (SCALE 8-10)  3
DPTR FM NORMAL   -88

[CDD (BASE 65) ]
TOTAL THIS MO.     0
DPTR FM NORMAL     0    [PRESSURE DATA]
TOTAL FM JAN 1   771    HIGHEST SLP M ON M
DPTR FM NORMAL    15    LOWEST  SLP 29.43 ON 17

[REMARKS]
