000
CXUS51 KBOX 251200
CF6BDL
PRELIMINARY LOCAL CLIMATOLOGICAL DATA (WS FORM: F-6)

                                          STATION:   HARTFORD CT
                                          MONTH:     JULY
                                          YEAR:      2017
                                          LATITUDE:   41 55 N
                                          LONGITUDE:  72 41 W

  TEMPERATURE IN F:       :PCPN:    SNOW:  WIND      :SUNSHINE: SKY     :PK WND
================================================================================
1   2   3   4   5  6A  6B    7    8   9   10  11  12  13   14  15   16   17  18
                                     12Z  AVG MX 2MIN
DY MAX MIN AVG DEP HDD CDD  WTR  SNW DPTH SPD SPD DIR MIN PSBL S-S WX    SPD DR
================================================================================

 1  86  68  77   5   0  12 0.05  0.0    0 10.1 22 170   M    M   7 1      29 170
 2  90  69  80   7   0  15 0.23  0.0    0  8.2 23 320   M    M   5 1      29 320
 3  86  63  75   2   0  10 0.00  0.0    0  6.9 18 260   M    M   3        24 280
 4  85  58  72  -1   0   7 0.00  0.0    0  3.8 10 270   M    M   3        13 330
 5  86  58  72  -1   0   7 0.00  0.0    0  6.4 16 200   M    M   2        22 210
 6  81  60  71  -2   0   6 0.00  0.0    0  6.9 15 180   M    M   8        22 200
 7  73  63  68  -5   0   3 0.84  0.0    0  5.3 12 360   M    M  10 1      15 360
 8  87  65  76   3   0  11 0.05  0.0    0  8.0 24 240   M    M   6 1      32 240
 9  82  59  71  -3   0   6 0.00  0.0    0  6.5 17 250   M    M   2        23 290
10  86  60  73  -1   0   8 0.00  0.0    0  8.8 18 190   M    M   5        24 240
11  85  68  77   3   0  12 1.10  0.0    0  6.0 16 220   M    M   7 1      19 220
12  87  69  78   4   0  13 1.47  0.0    0  4.1 25  20   M    M   6 13     29  20
13  89  59  74   0   0   9 0.82  0.0    0  8.0 21  20   M    M   9 13     27 340
14  65  59  62 -12   3   0 0.13  0.0    0  4.5  9 160   M    M  10 1      11 160
15  85  63  74   0   0   9    T  0.0    0  4.7 15 300   M    M   7 1      20 350
16  88  62  75   1   0  10 0.00  0.0    0  3.6  9 180   M    M   3        14 210
17  88  64  76   2   0  11 0.00  0.0    0  7.0 18 160   M    M   5 1      22 160
18  90  71  81   7   0  16    T  0.0    0  6.7 15 220   M    M   7 3      21 200
19  93  71  82   8   0  17 0.00  0.0    0  6.3 17 240   M    M   5 1      24 240
20  93  70  82   8   0  17 0.50  0.0    0  5.5 25 320   M    M   6 138    33 320
21  90  68  79   5   0  14 0.00  0.0    0  6.1 16 300   M    M   4 1      21 280
22  85  65  75   1   0  10    T  0.0    0  4.8 13 330   M    M   8        17 320
23  82  68  75   1   0  10 0.00  0.0    0  7.2 16  40   M    M   7        20  30
24  68  56  62 -12   3   0 1.36  0.0    0  9.8 22  20   M    M  10 1      27  30
================================================================================
SM 2030 1536         6 233  6.55     0.0 155.2          M      145
================================================================================
AV 84.6 64.0                               6.5 FASTST   M    M   6    MAX(MPH)
                                 MISC ---->  # 25  20               # 33  320
================================================================================
NOTES:
# LAST OF SEVERAL OCCURRENCES

COLUMN 17 PEAK WIND IN M.P.H.

PRELIMINARY LOCAL CLIMATOLOGICAL DATA (WS FORM: F-6) , PAGE 2

                                          STATION:  HARTFORD CT
                                          MONTH:    JULY
                                          YEAR:     2017
                                          LATITUDE:   41 55 N
                                          LONGITUDE:  72 41 W

[TEMPERATURE DATA]      [PRECIPITATION DATA]       SYMBOLS USED IN COLUMN 16

AVERAGE MONTHLY: 74.3   TOTAL FOR MONTH:   6.55    1 = FOG OR MIST
DPTR FM NORMAL:   0.8   DPTR FM NORMAL:    3.42    2 = FOG REDUCING VISIBILITY
HIGHEST:    93 ON 20,19 GRTST 24HR  1.47 ON 12-12      TO 1/4 MILE OR LESS
LOWEST:     56 ON 24                               3 = THUNDER
                        SNOW, ICE PELLETS, HAIL    4 = ICE PELLETS
                        TOTAL MONTH:   0.0 INCH    5 = HAIL
                        GRTST 24HR     0.0         6 = FREEZING RAIN OR DRIZZLE
                        GRTST DEPTH:   0           7 = DUSTSTORM OR SANDSTORM:
                                                       VSBY 1/2 MILE OR LESS
                                                   8 = SMOKE OR HAZE
[NO. OF DAYS WITH]      [WEATHER - DAYS WITH]      9 = BLOWING SNOW
                                                   X = TORNADO
MAX 32 OR BELOW:   0    0.01 INCH OR MORE:  10
MAX 90 OR ABOVE:   5    0.10 INCH OR MORE:   8
MIN 32 OR BELOW:   0    0.50 INCH OR MORE:   6
MIN  0 OR BELOW:   0    1.00 INCH OR MORE:   3

[HDD (BASE 65) ]
TOTAL THIS MO.     6    CLEAR  (SCALE 0-3)   5
DPTR FM NORMAL     6    PTCLDY (SCALE 4-7)  14
TOTAL FM JUL 1     6    CLOUDY (SCALE 8-10)  5
DPTR FM NORMAL     6

[CDD (BASE 65) ]
TOTAL THIS MO.   233
DPTR FM NORMAL    25    [PRESSURE DATA]
TOTAL FM JAN 1   459    HIGHEST SLP M ON M
DPTR FM NORMAL    68    LOWEST  SLP 29.65 ON  8

[REMARKS]
