000
CXUS51 KOKX 230702
CF6BDR
PRELIMINARY LOCAL CLIMATOLOGICAL DATA (WS FORM: F-6)

                                          STATION:   BRIDGEPORT CT
                                          MONTH:     AUGUST
                                          YEAR:      2017
                                          LATITUDE:   41 10 N
                                          LONGITUDE:  73  8 W

  TEMPERATURE IN F:       :PCPN:    SNOW:  WIND      :SUNSHINE: SKY     :PK WND
================================================================================
1   2   3   4   5  6A  6B    7    8   9   10  11  12  13   14  15   16   17  18
                                     12Z  AVG MX 2MIN
DY MAX MIN AVG DEP HDD CDD  WTR  SNW DPTH SPD SPD DIR MIN PSBL S-S WX    SPD DR
================================================================================

 1  89  67  78   3   0  13 0.00  0.0    0  5.5 12 180   M    M   0        16 190
 2  83  69  76   1   0  11    T  0.0    0  5.2 24 310   M    M   2 3      30 310
 3  83  68  76   1   0  11 0.00  0.0    0  5.1 13 190   M    M   1        15 200
 4  84  73  79   4   0  14 0.00  0.0    0  7.5 14 160   M    M   3        19 170
 5  83  66  75   1   0  10 1.56  0.0    0 10.1 22 210   M    M   5 123    29 220
 6  78  60  69  -5   0   4 0.00  0.0    0  7.4 17 310   M    M   1        24 320
 7  70  64  67  -7   0   2 0.56  0.0    0  4.5 13 140   M    M   8 1      15 140
 8  80  65  73  -1   0   8 0.00  0.0    M  5.5 15  30   M    M   5        19  31
 9  81  60  71  -3   0   6 0.00  0.0    0  5.7 12 190   M    M   0        14 200
10  83  64  74   0   0   9 0.00  0.0    0  4.6 13 140   M    M   0        15 130
11  81  66  74   0   0   9 0.01  0.0    0  5.3 14 200   M    M   1        18 200
12  75  64  70  -4   0   5 0.17  0.0    0  5.7 13 190   M    M   6        15 190
13  85  69  77   3   0  12    T  0.0    0  6.3 16 350   M    M   3        24 310
14  81  66  74   0   0   9 0.00  0.0    0  4.8 10 190   M    M   1        12 180
15  76  70  73  -1   0   8 0.11  0.0    0  5.4 14 210   M    M   8 1      16 210
16  86  69  78   4   0  13 0.00  0.0    0  7.2 17 340   M    M   3 1      22 360
17  78  65  72  -2   0   7 0.00  0.0    0  5.8 10  30   M    M   1        14  20
18  83  72  78   5   0  13 0.90  0.0    0  7.7 14 180   M    M   9 1      18 160
19  88  73  81   8   0  16 0.00  0.0    0  6.8 16 220   M    M   1        19 220
20  84  68  76   3   0  11 0.00  0.0    0  7.1 16 320   M    M   1        22 350
21  85  65  75   2   0  10 0.00  0.0    0  7.0 15 200   M    M   0        20 210
22  86  73  80   7   0  15 0.19  0.0    0 11.6 29 220   M    M   2 1      36 220
================================================================================
SM 1802 1476         0 216  3.50     0.0 141.8          M       61
================================================================================
AV 81.9 67.1                               6.4 FASTST   M    M   3    MAX(MPH)
                                 MISC ---->  # 29 220               # 36  220
================================================================================
NOTES:
# LAST OF SEVERAL OCCURRENCES

COLUMN 17 PEAK WIND IN M.P.H.

PRELIMINARY LOCAL CLIMATOLOGICAL DATA (WS FORM: F-6) , PAGE 2

                                          STATION:  BRIDGEPORT CT
                                          MONTH:    AUGUST
                                          YEAR:     2017
                                          LATITUDE:   41 10 N
                                          LONGITUDE:  73  8 W

[TEMPERATURE DATA]      [PRECIPITATION DATA]       SYMBOLS USED IN COLUMN 16

AVERAGE MONTHLY: 74.5   TOTAL FOR MONTH:   3.50    1 = FOG OR MIST
DPTR FM NORMAL:   0.5   DPTR FM NORMAL:    0.58    2 = FOG REDUCING VISIBILITY
HIGHEST:    89 ON  1    GRTST 24HR  1.56 ON  5- 5      TO 1/4 MILE OR LESS
LOWEST:     60 ON  9, 6                            3 = THUNDER
                        SNOW, ICE PELLETS, HAIL    4 = ICE PELLETS
                        TOTAL MONTH:   0.0 INCH    5 = HAIL
                        GRTST 24HR     0.0         6 = FREEZING RAIN OR DRIZZLE
                        GRTST DEPTH:   0           7 = DUSTSTORM OR SANDSTORM:
                                                       VSBY 1/2 MILE OR LESS
                                                   8 = SMOKE OR HAZE
[NO. OF DAYS WITH]      [WEATHER - DAYS WITH]      9 = BLOWING SNOW
                                                   X = TORNADO
MAX 32 OR BELOW:   0    0.01 INCH OR MORE:   7
MAX 90 OR ABOVE:   0    0.10 INCH OR MORE:   6
MIN 32 OR BELOW:   0    0.50 INCH OR MORE:   3
MIN  0 OR BELOW:   0    1.00 INCH OR MORE:   1

[HDD (BASE 65) ]
TOTAL THIS MO.     0    CLEAR  (SCALE 0-3)  15
DPTR FM NORMAL     0    PTCLDY (SCALE 4-7)   6
TOTAL FM JUL 1     0    CLOUDY (SCALE 8-10)  1
DPTR FM NORMAL    -1

[CDD (BASE 65) ]
TOTAL THIS MO.   216
DPTR FM NORMAL    18    [PRESSURE DATA]
TOTAL FM JAN 1   797    HIGHEST SLP 30.17 ON 10
DPTR FM NORMAL   143    LOWEST  SLP 29.75 ON 22

[REMARKS]
