000
CXAK56 PAFC 171352
CF6BET

PRELIMINARY LOCAL CLIMATOLOGICAL DATA (WS FORM: F-6)

                                          STATION:   BETHEL
                                          MONTH:     DECEMBER
                                          YEAR:      2017
                                          LATITUDE:   60 46 N
                                          LONGITUDE: 161 48 W

  TEMPERATURE IN F:       :PCPN:    SNOW:  WIND      :SUNSHINE: SKY     :PK WND
================================================================================
1   2   3   4   5  6A  6B    7    8   9   10  11  12  13   14  15   16   17  18
                                     12Z  AVG MX 2MIN
DY MAX MIN AVG DEP HDD CDD  WTR  SNW DPTH SPD SPD DIR MIN PSBL S-S WX    SPD DR
================================================================================

 1  37  16  27  14  38   0 0.05  0.6    5 16.8 36 150   M    M  10 1      41 160
 2  34  21  28  15  37   0 0.19    M    0 13.9 17 170   M    M   7 1       M  M
 3  26  15  21   8  44   0 0.08  1.3    6 17.3 28  20   M    M   7 1      39  30
 4  32  24  28  15  37   0 0.04  0.4    6 20.2 32 170   M    M  10 16     41 170
 5  32  19  26  13  39   0 0.02  0.2    5  8.8 32 170   M    M   6 1      38 170
 6  30  18  24  12  41   0    T    T    5 11.1 18 170   M    M   7 16     23 170
 7  22  17  20   8  45   0 0.00  0.0    5 14.6 23  20   M    M   3        31  20
 8  24  15  20   8  45   0    T    T    5  9.1 12  10   M    M   8 12      M  M
 9  23  14  19   7  46   0 0.00  0.0    4 14.5 17  10   M    M   4 12      M  M
10  31  17  24  12  41   0    T    M    4 15.6 25  20   M    M   9 1      32  20
11  31  21  26  15  39   0 0.01    T    4  9.7 18  20   M    M   9 1       M  M
12  38  23  31  20  34   0 0.02  0.1    3  8.0 13  60   M    M   8         M  M
13  36  26  31  20  34   0    T    T    2  6.7 16 240   M    M   9 12     21 230
14  27  18  23  12  42   0 0.04  0.4    2  6.3 12  50   M    M   8 12     13  60
15  38  15  27  16  38   0 0.03  0.3    3 18.2 30 140   M    M   7 1      43 130
16  34  25  30  20  35   0 0.03  0.3    2 13.0 29 160   M    M   8 1      37 150
================================================================================
SM  495  304       635   0  0.51     3.6 203.8          M      120
================================================================================
AV 30.9 19.0                              12.7 FASTST   M    M   8    MAX(MPH)
                                 MISC ---->  # 36 150               # 43  130
================================================================================
NOTES:
# LAST OF SEVERAL OCCURRENCES

COLUMN 17 PEAK WIND IN M.P.H.

PRELIMINARY LOCAL CLIMATOLOGICAL DATA (WS FORM: F-6) , PAGE 2

                                          STATION:  BETHEL
                                          MONTH:    DECEMBER
                                          YEAR:     2017
                                          LATITUDE:   60 46 N
                                          LONGITUDE: 161 48 W

[TEMPERATURE DATA]      [PRECIPITATION DATA]       SYMBOLS USED IN COLUMN 16

AVERAGE MONTHLY: 25.0   TOTAL FOR MONTH:   0.51    1 = FOG OR MIST
DPTR FM NORMAL:  13.1   DPTR FM NORMAL:   -0.10    2 = FOG REDUCING VISIBILITY
HIGHEST:    38 ON 15,12 GRTST 24HR  0.19 ON  2- 2      TO 1/4 MILE OR LESS
LOWEST:     14 ON  9                               3 = THUNDER
                        SNOW, ICE PELLETS, HAIL    4 = ICE PELLETS
                        TOTAL MONTH:   3.6 INCHES  5 = HAIL
                        GRTST 24HR   1.3 ON  3- 3  6 = FREEZING RAIN OR DRIZZLE
                        GRTST DEPTH:   6 ON  4, 3  7 = DUSTSTORM OR SANDSTORM:
                                                       VSBY 1/2 MILE OR LESS
                                                   8 = SMOKE OR HAZE
[NO. OF DAYS WITH]      [WEATHER - DAYS WITH]      9 = BLOWING SNOW
                                                   X = TORNADO
MAX 32 OR BELOW:  10    0.01 INCH OR MORE:  10
MAX 90 OR ABOVE:   0    0.10 INCH OR MORE:   1
MIN 32 OR BELOW:  16    0.50 INCH OR MORE:   0
MIN  0 OR BELOW:   0    1.00 INCH OR MORE:   0

[HDD (BASE 65) ]
TOTAL THIS MO.   635    CLEAR  (SCALE 0-3)   0
DPTR FM NORMAL  -215    PTCLDY (SCALE 4-7)   9
TOTAL FM JUL 1  3801    CLOUDY (SCALE 8-10)  7
DPTR FM NORMAL  -772

[CDD (BASE 65) ]
TOTAL THIS MO.     0
DPTR FM NORMAL     0    [PRESSURE DATA]
TOTAL FM JAN 1     6    HIGHEST SLP M ON M
DPTR FM NORMAL     2    LOWEST  SLP 28.88 ON 16

[REMARKS]
