000
CXUS55 KCYS 281000
CF6BFF
PRELIMINARY LOCAL CLIMATOLOGICAL DATA (WS FORM: F-6)

                                          STATION:   SCOTTSBLUFF NE AIRPORT
                                          MONTH:     JULY
                                          YEAR:      2016
                                          LATITUDE:   41 52 N
                                          LONGITUDE: 103 36 W

  TEMPERATURE IN F:       :PCPN:    SNOW:  WIND      :SUNSHINE: SKY     :PK WND
================================================================================
1   2   3   4   5  6A  6B    7    8   9   10  11  12  13   14  15   16   17  18
                                     12Z  AVG MX 2MIN
DY MAX MIN AVG DEP HDD CDD  WTR  SNW DPTH SPD SPD DIR MIN PSBL S-S WX    SPD DR
================================================================================

 1  74  58  66  -6   0   1 0.07  0.0    0 11.5 21 140   M    M   7 3      26 150
 2  80  57  69  -3   0   4 0.00  0.0    0  6.5 14 110   M    M   4        19 120
 3  93  59  76   4   0  11    T  0.0    0  6.8 20 280   M    M   3 13     25 300
 4  96  59  78   5   0  13 0.00  0.0    0  8.2 24 350   M    M   0        31 310
 5  95  63  79   6   0  14 0.25  0.0    0  7.6 24 300   M    M   1 3      30 170
 6  99  58  79   6   0  14 0.00  0.0    0  7.7 20 300   M    M   0        27 340
 7  84  56  70  -3   0   5 0.00  0.0    0  8.7 18  20   M    M   0        24  20
 8  97  59  78   4   0  13 0.00  0.0    0  7.8 17 130   M    M   1        22 120
 9 104  59  82   8   0  17 0.00  0.0    0  6.1 14 200   M    M   0        19 200
10 103  65  84  10   0  19 0.00  0.0    0  6.4 20 130   M    M   0        24 140
11  86  55  71  -3   0   6 0.00  0.0    0 16.9 37 300   M    M   0        52 310
12  93  46  70  -4   0   5 0.00  0.0    0  7.3 22 200   M    M   0        28 180
13  90  55  73  -1   0   8 0.00  0.0    0  8.2 23  50   M    M   0        29  60
14  86  58  72  -2   0   7 0.00  0.0    0  5.9 16  70   M    M   2        21  70
15  81  62  72  -2   0   7 0.00  0.0    0 13.5 23 120   M    M   3        29 120
16  91  60  76   2   0  11 0.15  0.0    0 10.0 23  20   M    M   0 3      30  20
17  81  59  70  -5   0   5    T  0.0    0  8.7 25 160   M    M   2 3      29 160
18  94  62  78   3   0  13 0.13  0.0    0 11.9 45 320   M    M   2 138    57 320
19  98  61  80   5   0  15 0.00  0.0    0  6.6 24 200   M    M   0 8      30 200
20 104  63  84   9   0  19 0.00  0.0    0  6.5 23 280   M    M   0        32 270
21 100  64  82   7   0  17 0.00  0.0    0  6.3 10  90   M    M   0        18  70
22  97  65  81   6   0  16    T  0.0    0  8.7 30  90   M    M   1 3      42  80
23  99  61  80   5   0  15 0.00  0.0    0  7.3 17 310   M    M   0        24 200
24  87  62  75   0   0  10    T  0.0    0 11.1 24 120   M    M   1        29 110
25  95  57  76   1   0  11 0.00  0.0    0 11.9 21 150   M    M   0        26 150
26  94  63  79   4   0  14    T  0.0    0  7.9 35  20   M    M   0 13     43 220
27  90  64  77   2   0  12 0.01  0.0    0  9.4 36  30   M    M   1 3      45  40
================================================================================
SM 2491 1610         0 302  0.61     0.0 235.4          M       28
================================================================================
AV 92.3 59.6                               8.7 FASTST   M    M   1    MAX(MPH)
                                 MISC ---->  # 45 320               # 57  320
================================================================================
NOTES:
# LAST OF SEVERAL OCCURRENCES

COLUMN 17 PEAK WIND IN M.P.H.

PRELIMINARY LOCAL CLIMATOLOGICAL DATA (WS FORM: F-6) , PAGE 2

                                          STATION:  SCOTTSBLUFF NE AIRPORT
                                          MONTH:    JULY
                                          YEAR:     2016
                                          LATITUDE:   41 52 N
                                          LONGITUDE: 103 36 W

[TEMPERATURE DATA]      [PRECIPITATION DATA]       SYMBOLS USED IN COLUMN 16

AVERAGE MONTHLY: 75.9   TOTAL FOR MONTH:   0.61    1 = FOG OR MIST
DPTR FM NORMAL:   1.9   DPTR FM NORMAL:   -1.01    2 = FOG REDUCING VISIBILITY
HIGHEST:   104 ON 20, 9 GRTST 24HR  0.25 ON  5- 5      TO 1/4 MILE OR LESS
LOWEST:     46 ON 12                               3 = THUNDER
                        SNOW, ICE PELLETS, HAIL    4 = ICE PELLETS
                        TOTAL MONTH:   0.0 INCH    5 = HAIL
                        GRTST 24HR     0.0         6 = FREEZING RAIN OR DRIZZLE
                        GRTST DEPTH:   0           7 = DUSTSTORM OR SANDSTORM:
                                                       VSBY 1/2 MILE OR LESS
                                                   8 = SMOKE OR HAZE
[NO. OF DAYS WITH]      [WEATHER - DAYS WITH]      9 = BLOWING SNOW
                                                   X = TORNADO
MAX 32 OR BELOW:   0    0.01 INCH OR MORE:   5
MAX 90 OR ABOVE:  19    0.10 INCH OR MORE:   3
MIN 32 OR BELOW:   0    0.50 INCH OR MORE:   0
MIN  0 OR BELOW:   0    1.00 INCH OR MORE:   0

[HDD (BASE 65) ]
TOTAL THIS MO.     0    CLEAR  (SCALE 0-3)  25
DPTR FM NORMAL    -1    PTCLDY (SCALE 4-7)   2
TOTAL FM JUL 1     0    CLOUDY (SCALE 8-10)  0
DPTR FM NORMAL    -1

[CDD (BASE 65) ]
TOTAL THIS MO.   302
DPTR FM NORMAL    52    [PRESSURE DATA]
TOTAL FM JAN 1   576    HIGHEST SLP  0.00 ON M
DPTR FM NORMAL   177    LOWEST  SLP 29.44 ON 10

[REMARKS]
