000
CXUS56 KHNX 291146
CF6BFL
PRELIMINARY LOCAL CLIMATOLOGICAL DATA (WS FORM: F-6)

                                          STATION:   BAKERSFIELD CA
                                          MONTH:     JUNE
                                          YEAR:      2015
                                          LATITUDE:   35 25 N
                                          LONGITUDE: 119  3 W

  TEMPERATURE IN F:       :PCPN:    SNOW:  WIND      :SUNSHINE: SKY     :PK WND
================================================================================
1   2   3   4   5  6A  6B    7    8   9   10  11  12  13   14  15   16   17  18
                                     12Z  AVG MX 2MIN
DY MAX MIN AVG DEP HDD CDD  WTR  SNW DPTH SPD SPD DIR MIN PSBL S-S WX    SPD DR
================================================================================

 1  88  58  73  -1   0   8 0.00  0.0    0  7.7 15 280   M    M   0        23 300
 2  87  60  74   0   0   9 0.00  0.0    0  7.7 16 310   M    M   0        24 290
 3  89  63  76   2   0  11 0.00  0.0    0  8.7 20 290   M    M   0        22 290
 4  85  59  72  -3   0   7 0.00  0.0    0  7.8 20 310   M    M   0        23 320
 5  88  61  75   0   0  10 0.00  0.0    0  6.7 20 320   M    M   0        23 320
 6  93  66  80   5   0  15 0.00  0.0    0  5.6 16 350   M    M   0        21 310
 7  98  68  83   8   0  18 0.00  0.0    0  7.2 18 320   M    M   0        24 300
 8 106  72  89  13   0  24 0.00  0.0    0  7.4 17 310   M    M   0        22 320
 9  88  73  81   5   0  16    T  0.0    0  6.2 18 360   M    M   2        21  20
10  94  69  82   6   0  17    T  0.0    0  7.2 25 230   M    M   3 8      32 240
11  92  68  80   4   0  15 0.00  0.0    0  6.1 16 290   M    M   1        21 270
12  97  73  85   8   0  20 0.00  0.0    0  3.7 14 330   M    M   0        16 320
13 105  76  91  14   0  26 0.00  0.0    0  6.5 16 310   M    M   0        20 310
14 103  73  88  11   0  23 0.00  0.0    0  7.4 18 310   M    M   0        22 330
15 102  68  85   8   0  20 0.00  0.0    0  6.4 16 320   M    M   0        21 320
16 100  68  84   6   0  19 0.00  0.0    0  5.9 13 310   M    M   0         M  M
17 102  68  85   7   0  20 0.00  0.0    0  5.8 13 290   M    M   0        17 290
18 104  69  87   9   0  22 0.00  0.0    0  6.9 15 330   M    M   0        20 340
19  96  67  82   4   0  17 0.00  0.0    0  5.6 13 300   M    M   0 8      17 290
20 102  68  85   6   0  20 0.00  0.0    0  6.3 15 300   M    M   0        19 300
21 100  67  84   5   0  19 0.00  0.0    0  6.7 14 350   M    M   0        18 300
22  95  65  80   1   0  15 0.00  0.0    0  5.4 14 320   M    M   0        18 300
23  98  66  82   2   0  17 0.00  0.0    0  6.3 17 310   M    M   0        21 310
24  98  70  84   4   0  19 0.00  0.0    0  5.2 14 310   M    M   0        20 310
25 104  74  89   9   0  24 0.00  0.0    0  7.2 15 290   M    M   0        19 310
26 106  78  92  12   0  27 0.00  0.0    0  9.8 18 360   M    M   0        23 360
27 101  75  88   7   0  23    T  0.0    0  6.8 17 330   M    M   0        21 360
28  98  77  88   7   0  23    T  0.0    0  6.7 18 310   M    M   0        22 310
================================================================================
SM 2719 1919         0 504    T      0.0 186.9          M        6
================================================================================
AV 97.1 68.5                               6.7 FASTST   M    M   0    MAX(MPH)
                                 MISC ---->  # 25 230               # 32  240
================================================================================
NOTES:
# LAST OF SEVERAL OCCURRENCES

COLUMN 17 PEAK WIND IN M.P.H.

PRELIMINARY LOCAL CLIMATOLOGICAL DATA (WS FORM: F-6) , PAGE 2

                                          STATION:  BAKERSFIELD CA
                                          MONTH:    JUNE
                                          YEAR:     2015
                                          LATITUDE:   35 25 N
                                          LONGITUDE: 119  3 W

[TEMPERATURE DATA]      [PRECIPITATION DATA]       SYMBOLS USED IN COLUMN 16

AVERAGE MONTHLY: 82.8   TOTAL FOR MONTH:      T    1 = FOG OR MIST
DPTR FM NORMAL:   5.5   DPTR FM NORMAL:   -0.08    2 = FOG REDUCING VISIBILITY
HIGHEST:   106 ON 26, 8 GRTST 24HR    T  ON 28-28      TO 1/4 MILE OR LESS
LOWEST:     58 ON  1                               3 = THUNDER
                        SNOW, ICE PELLETS, HAIL    4 = ICE PELLETS
                        TOTAL MONTH:   0.0 INCH    5 = HAIL
                        GRTST 24HR     0.0         6 = FREEZING RAIN OR DRIZZLE
                        GRTST DEPTH:   0           7 = DUSTSTORM OR SANDSTORM:
                                                       VSBY 1/2 MILE OR LESS
                                                   8 = SMOKE OR HAZE
[NO. OF DAYS WITH]      [WEATHER - DAYS WITH]      9 = BLOWING SNOW
                                                   X = TORNADO
MAX 32 OR BELOW:   0    0.01 INCH OR MORE:   0
MAX 90 OR ABOVE:  22    0.10 INCH OR MORE:   0
MIN 32 OR BELOW:   0    0.50 INCH OR MORE:   0
MIN  0 OR BELOW:   0    1.00 INCH OR MORE:   0

[HDD (BASE 65) ]
TOTAL THIS MO.     0    CLEAR  (SCALE 0-3)  28
DPTR FM NORMAL     0    PTCLDY (SCALE 4-7)   0
TOTAL FM JUL 1  1307    CLOUDY (SCALE 8-10)  0
DPTR FM NORMAL  -866

[CDD (BASE 65) ]
TOTAL THIS MO.   504
DPTR FM NORMAL   158    [PRESSURE DATA]
TOTAL FM JAN 1   849    HIGHEST SLP M ON M
DPTR FM NORMAL   236    LOWEST  SLP 29.59 ON 13

[REMARKS]
