000
CXUS54 KAMA 241015
CF6BGD
PRELIMINARY LOCAL CLIMATOLOGICAL DATA (WS FORM: F-6)

                                          STATION:   BORGER
                                          MONTH:     MAY
                                          YEAR:      2017
                                          LATITUDE:   35 42 N
                                          LONGITUDE: 101 24 W

  TEMPERATURE IN F:       :PCPN:    SNOW:  WIND      :SUNSHINE: SKY     :PK WND
================================================================================
1   2   3   4   5  6A  6B    7    8   9   10  11  12  13   14  15   16   17  18
                                     12Z  AVG MX 2MIN
DY MAX MIN AVG DEP HDD CDD  WTR  SNW DPTH SPD SPD DIR MIN PSBL S-S WX    SPD DR
================================================================================

 1  74  35  55  -8  10   0 0.00  0.0    0  7.7 17 170   M    M   0        22 170
 2  81  48  65   1   0   0 0.25  0.0    0  8.3 33  30   M    M   0 13     47  40
 3  64  46  55  -9  10   0 0.09  0.0    0 12.7 31 350   M    M   6 13     40 350
 4  70  42  56  -8   9   0 0.00  0.0    0  8.0 18 360   M    M   0        24  10
 5  82  45  64   0   1   0 0.00  0.0    0  6.2 17 160   M    M   0        22 170
 6  88  55  72   7   0   7 0.00  0.0    0 10.6 21 150   M    M   0        30 150
 7  88  57  73   8   0   8 0.00  0.0    0 13.0 26 170   M    M   0        38 150
 8  82  57  70   4   0   5 0.00  0.0    0 11.1 25 140   M    M   1        34 140
 9  78  64  71   5   0   6 0.00  0.0    0  9.4 22 140   M    M   8        28 140
10  75  57  66   0   0   1 0.37  0.0    0  8.9 17 230   M    M   5 13     24 150
11  68  50  59  -7   6   0 0.00  0.0    0 12.0 26 360   M    M   4        34  10
12  73  47  60  -7   5   0 0.00  0.0    0  8.0 18 360   M    M   0        24  20
13  86  47  67   0   0   2 0.00  0.0    0 12.7 24 170   M    M   0        33 170
14  93  59  76   9   0  11    T  0.0    0 13.0 40 290   M    M   0 3      52 290
15  92  69  81  13   0  16 0.01  0.0    0 18.5 33 170   M    M   0 3      46 150
16  90  63  77   9   0  12 0.00  0.0    0 16.7 36 260   M    M   1        49 260
17  84  56  70   2   0   5 0.00  0.0    0 16.5 33 250   M    M   0        44 240
18  86  56  71   2   0   6 0.00  0.0    0  9.5 25 260   M    M   0        37 290
19  67  50  59 -10   6   0    T  0.0    0 14.5 24 360   M    M   6        31 360
20  72  42  57 -12   8   0 0.00  0.0    0  8.2 18 350   M    M   1        23 330
21  80  44  62  -8   3   0    T  0.0    0  9.5 23 180   M    M   2        33 140
22  68  53  61  -9   4   0 0.41  0.0    0  6.6 20 320   M    M   7 13     36 330
23  69  50  60 -10   5   0 0.02  0.0    0 12.3 23 350   M    M   5        29  10
================================================================================
SM 1810 1192        67  79  1.15     0.0 253.9          M       46
================================================================================
AV 78.7 51.8                              11.0 FASTST   M    M   2    MAX(MPH)
                                 MISC ---->  # 40 290               # 52  290
================================================================================
NOTES:
# LAST OF SEVERAL OCCURRENCES

COLUMN 17 PEAK WIND IN M.P.H.

PRELIMINARY LOCAL CLIMATOLOGICAL DATA (WS FORM: F-6) , PAGE 2

                                          STATION:  BORGER
                                          MONTH:    MAY
                                          YEAR:     2017
                                          LATITUDE:   35 42 N
                                          LONGITUDE: 101 24 W

[TEMPERATURE DATA]      [PRECIPITATION DATA]       SYMBOLS USED IN COLUMN 16

AVERAGE MONTHLY: 65.3   TOTAL FOR MONTH:   1.15    1 = FOG OR MIST
DPTR FM NORMAL:  -1.5   DPTR FM NORMAL:   -0.71    2 = FOG REDUCING VISIBILITY
HIGHEST:    93 ON 14    GRTST 24HR  0.41 ON 22-22      TO 1/4 MILE OR LESS
LOWEST:     35 ON  1                               3 = THUNDER
                        SNOW, ICE PELLETS, HAIL    4 = ICE PELLETS
                        TOTAL MONTH:   0.0 INCH    5 = HAIL
                        GRTST 24HR     0.0         6 = FREEZING RAIN OR DRIZZLE
                        GRTST DEPTH:   0           7 = DUSTSTORM OR SANDSTORM:
                                                       VSBY 1/2 MILE OR LESS
                                                   8 = SMOKE OR HAZE
[NO. OF DAYS WITH]      [WEATHER - DAYS WITH]      9 = BLOWING SNOW
                                                   X = TORNADO
MAX 32 OR BELOW:   0    0.01 INCH OR MORE:   6
MAX 90 OR ABOVE:   3    0.10 INCH OR MORE:   3
MIN 32 OR BELOW:   0    0.50 INCH OR MORE:   0
MIN  0 OR BELOW:   0    1.00 INCH OR MORE:   0

[HDD (BASE 65) ]
TOTAL THIS MO.    67    CLEAR  (SCALE 0-3)  16
DPTR FM NORMAL    11    PTCLDY (SCALE 4-7)   7
TOTAL FM JUL 1  2909    CLOUDY (SCALE 8-10)  0
DPTR FM NORMAL  -850

[CDD (BASE 65) ]
TOTAL THIS MO.    79
DPTR FM NORMAL   -17    [PRESSURE DATA]
TOTAL FM JAN 1   194    HIGHEST SLP M ON M
DPTR FM NORMAL    54    LOWEST  SLP 29.37 ON 16

[REMARKS]
