000
CXUS51 KCAR 300600
CF6BGR
PRELIMINARY LOCAL CLIMATOLOGICAL DATA (WS FORM: F-6)

                                          STATION:   BANGOR ME
                                          MONTH:     JULY
                                          YEAR:      2015
                                          LATITUDE:   44 47 N
                                          LONGITUDE:  68 49 W

  TEMPERATURE IN F:       :PCPN:    SNOW:  WIND      :SUNSHINE: SKY     :PK WND
================================================================================
1   2   3   4   5  6A  6B    7    8   9   10  11  12  13   14  15   16   17  18
                                     12Z  AVG MX 2MIN
DY MAX MIN AVG DEP HDD CDD  WTR  SNW DPTH SPD SPD DIR MIN PSBL S-S WX    SPD DR
================================================================================

 1  66  57  62  -5   3   0 0.07  0.0    0  7.5 17 150   M    M  10 12     23 150
 2  75  51  63  -4   2   0 0.00  0.0    0  7.3 15 240   M    M   7 12     23 230
 3  79  49  64  -3   1   0 0.00  0.0    0  6.3 18 320   M    M   3        24 300
 4  78  50  64  -4   1   0 0.00  0.0    0  5.0 14 170   M    M   8        17 180
 5  81  54  68   0   0   3 0.10  0.0    0  5.1 14 320   M    M   5 18     18 290
 6  84  56  70   2   0   5 0.00  0.0    0  4.3 16 180   M    M   3 1      20 190
 7  81  59  70   2   0   5 0.07  0.0    0 11.1 26 180   M    M   5 18     33 190
 8  79  59  69   1   0   4    T  0.0    0 10.0 22 320   M    M   6 18     27 320
 9  74  51  63  -5   2   0 0.00  0.0    0  3.2  9 190   M    M   7 18     12 190
10  82  55  69   1   0   4 0.00  0.0    0  4.6 13 330   M    M   5 18     16 350
11  86  55  71   3   0   6 0.00  0.0    0  4.5 13 190   M    M   4 18     16 330
12  87  62  75   6   0  10 0.00  0.0    0  6.7 15 320   M    M   4 8      21 310
13  85  52  69   0   0   4 0.00  0.0    0  3.3 15 180   M    M   3 18     20 180
14  79  54  67  -2   0   2 0.00  0.0    0  9.4 23 180   M    M   4 18     31 170
15  73  57  65  -4   0   0 0.40  0.0    0  8.6 25  10   M    M   7 1      33  10
16  75  49  62  -7   3   0 0.00  0.0    0  8.7 18 350   M    M   2 8      26 340
17  77  47  62  -7   3   0 0.00  0.0    0  4.4 17 190   M    M   5        21 190
18  67  59  63  -6   2   0 0.02  0.0    0  9.8 20 180   M    M  10 1      29 180
19  77  61  69   0   0   4 0.02  0.0    0  3.7 16 140   M    M  10 13     19 150
20  85  63  74   5   0   9 0.13  0.0    0  5.0 16 130   M    M   7 13     19 140
21  75  63  69   0   0   4 0.06  0.0    0  5.7 13 130   M    M  10 1      17 100
22  80  58  69   0   0   4 0.00  0.0    0  8.8 23 320   M    M   5 12     29 320
23  76  52  64  -5   1   0    T  0.0    0  5.6 17 320   M    M   5        25 310
24  72  56  64  -5   1   0 0.02  0.0    0  4.5 23 330   M    M   8 38     29 340
25  71  54  63  -6   2   0 0.00  0.0    0  5.3 10 160   M    M   8        13  40
26  63  50  57 -12   8   0 0.02  0.0    0  6.0 13 180   M    M   9 12     18 170
27  78  61  70   1   0   5 0.01  0.0    0  4.8 14 160   M    M   9 1      16 170
28  81  62  72   3   0   7 0.11  0.0    0  5.9 15 340   M    M   7 123    17 180
29  87  58  73   4   0   8 0.00  0.0    0  2.7 13 190   M    M   5 128    15 200
================================================================================
SM 2253 1614        29  84  1.03     0.0 177.8          M      181
================================================================================
AV 77.7 55.7                               6.1 FASTST   M    M   6    MAX(MPH)
                                 MISC ---->  # 26 180               # 33  190
================================================================================
NOTES:
# LAST OF SEVERAL OCCURRENCES

COLUMN 17 PEAK WIND IN M.P.H.

PRELIMINARY LOCAL CLIMATOLOGICAL DATA (WS FORM: F-6) , PAGE 2

                                          STATION:  BANGOR ME
                                          MONTH:    JULY
                                          YEAR:     2015
                                          LATITUDE:   44 47 N
                                          LONGITUDE:  68 49 W

[TEMPERATURE DATA]      [PRECIPITATION DATA]       SYMBOLS USED IN COLUMN 16

AVERAGE MONTHLY: 66.7   TOTAL FOR MONTH:   1.03    1 = FOG OR MIST
DPTR FM NORMAL:  -1.8   DPTR FM NORMAL:   -2.20    2 = FOG REDUCING VISIBILITY
HIGHEST:    87 ON 29,12 GRTST 24HR  0.40 ON 15-15      TO 1/4 MILE OR LESS
LOWEST:     47 ON 17                               3 = THUNDER
                        SNOW, ICE PELLETS, HAIL    4 = ICE PELLETS
                        TOTAL MONTH:   0.0 INCH    5 = HAIL
                        GRTST 24HR     0.0         6 = FREEZING RAIN OR DRIZZLE
                        GRTST DEPTH:   0           7 = DUSTSTORM OR SANDSTORM:
                                                       VSBY 1/2 MILE OR LESS
                                                   8 = SMOKE OR HAZE
[NO. OF DAYS WITH]      [WEATHER - DAYS WITH]      9 = BLOWING SNOW
                                                   X = TORNADO
MAX 32 OR BELOW:   0    0.01 INCH OR MORE:  12
MAX 90 OR ABOVE:   0    0.10 INCH OR MORE:   4
MIN 32 OR BELOW:   0    0.50 INCH OR MORE:   0
MIN  0 OR BELOW:   0    1.00 INCH OR MORE:   0

[HDD (BASE 65) ]
TOTAL THIS MO.    29    CLEAR  (SCALE 0-3)   3
DPTR FM NORMAL     0    PTCLDY (SCALE 4-7)  19
TOTAL FM JUL 1    29    CLOUDY (SCALE 8-10)  7
DPTR FM NORMAL     0

[CDD (BASE 65) ]
TOTAL THIS MO.    84
DPTR FM NORMAL   -42    [PRESSURE DATA]
TOTAL FM JAN 1   131    HIGHEST SLP M ON M
DPTR FM NORMAL   -53    LOWEST  SLP 29.53 ON M

[REMARKS]
