000
CXUS51 KCAR 240600
CF6BGR
PRELIMINARY LOCAL CLIMATOLOGICAL DATA (WS FORM: F-6)

                                          STATION:   BANGOR ME
                                          MONTH:     SEPTEMBER
                                          YEAR:      2017
                                          LATITUDE:   44 47 N
                                          LONGITUDE:  68 49 W

  TEMPERATURE IN F:       :PCPN:    SNOW:  WIND      :SUNSHINE: SKY     :PK WND
================================================================================
1   2   3   4   5  6A  6B    7    8   9   10  11  12  13   14  15   16   17  18
                                     12Z  AVG MX 2MIN
DY MAX MIN AVG DEP HDD CDD  WTR  SNW DPTH SPD SPD DIR MIN PSBL S-S WX    SPD DR
================================================================================

 1  64  47  56  -8   9   0 0.00  0.0    0 10.5 29 310   M    M   6        40 320
 2  74  48  61  -3   4   0 0.00  0.0    0  6.2 15 340   M    M   3        20 350
 3  69  50  60  -3   5   0 0.59  0.0    0  7.7 21 150   M    M   9 1      27 140
 4  76  55  66   3   0   1 0.06  0.0    0  9.6 18 190   M    M   6 1      27 270
 5  79  62  71   8   0   6 0.55  0.0    0  9.7 17 180   M    M   8 138    21 190
 6  68  60  64   2   1   0 0.37  0.0    0  5.3 14 360   M    M  10 1      19 350
 7  71  59  65   3   0   0 0.34  0.0    0  7.3 21 180   M    M   8 1      30 190
 8  72  50  61  -1   4   0 0.60    T    0  4.4 12 220   M    M   5 135    16 220
 9  72  52  62   1   3   0 0.11  0.0    0  4.6 18 360   M    M   6 13     26  30
10  71  49  60  -1   5   0 0.00  0.0    0  6.9 20 330   M    M   5 1      26 330
11  80  47  64   3   1   0 0.00  0.0    0  6.2 17 320   M    M   1        24 310
12  79  48  64   4   1   0 0.00  0.0    0  5.5 15 270   M    M   2        20 320
13  82  53  68   8   0   3 0.00  0.0    0  4.6 13 230   M    M   1        16 230
14  85  53  69   9   0   4 0.00  0.0    0  2.9 12 190   M    M   4 1      15 190
15  80  59  70  11   0   5 0.00  0.0    0  5.5 10  20   M    M   5 1      14  10
16  82  61  72  13   0   7 0.00  0.0    0  3.7  8 260   M    M   6 12     10 160
17  81  57  69  11   0   4 0.00  0.0    0  5.0 14 170   M    M   5 128    18 170
18  67  57  62   4   3   0 0.02  0.0    0  6.3 10 140   M    M  10 128    15 170
19  74  60  67   9   0   2 0.05  0.0    0  3.5 12 120   M    M   9 1      13 110
20  79  66  73  16   0   8    T  0.0    0  9.6 17  20   M    M   9 1      21  20
21  76  57  67  10   0   2 0.00  0.0    0 11.2 22  30   M    M   5        28  20
22  79  49  64   8   1   0 0.00  0.0    0  6.6 15  30   M    M   3        19  40
23  85  49  67  11   0   2 0.00  0.0    0  2.6  9 310   M    M   4        13 320
================================================================================
SM 1745 1248        37  44  2.69    T    145.4          M      130
================================================================================
AV 75.9 54.3                               6.3 FASTST   M    M   6    MAX(MPH)
                                 MISC ---->  # 29 310               # 40  320
================================================================================
NOTES:
# LAST OF SEVERAL OCCURRENCES

COLUMN 17 PEAK WIND IN M.P.H.

PRELIMINARY LOCAL CLIMATOLOGICAL DATA (WS FORM: F-6) , PAGE 2

                                          STATION:  BANGOR ME
                                          MONTH:    SEPTEMBER
                                          YEAR:     2017
                                          LATITUDE:   44 47 N
                                          LONGITUDE:  68 49 W

[TEMPERATURE DATA]      [PRECIPITATION DATA]       SYMBOLS USED IN COLUMN 16

AVERAGE MONTHLY: 65.1   TOTAL FOR MONTH:   2.69    1 = FOG OR MIST
DPTR FM NORMAL:   4.9   DPTR FM NORMAL:   -0.12    2 = FOG REDUCING VISIBILITY
HIGHEST:    85 ON 23,14 GRTST 24HR  0.60 ON  8- 8      TO 1/4 MILE OR LESS
LOWEST:     47 ON 11, 1                            3 = THUNDER
                        SNOW, ICE PELLETS, HAIL    4 = ICE PELLETS
                        TOTAL MONTH:    T          5 = HAIL
                        GRTST 24HR    T  ON  8- 8  6 = FREEZING RAIN OR DRIZZLE
                        GRTST DEPTH:   0           7 = DUSTSTORM OR SANDSTORM:
                                                       VSBY 1/2 MILE OR LESS
                                                   8 = SMOKE OR HAZE
[NO. OF DAYS WITH]      [WEATHER - DAYS WITH]      9 = BLOWING SNOW
                                                   X = TORNADO
MAX 32 OR BELOW:   0    0.01 INCH OR MORE:   9
MAX 90 OR ABOVE:   0    0.10 INCH OR MORE:   6
MIN 32 OR BELOW:   0    0.50 INCH OR MORE:   3
MIN  0 OR BELOW:   0    1.00 INCH OR MORE:   0

[HDD (BASE 65) ]
TOTAL THIS MO.    37    CLEAR  (SCALE 0-3)   4
DPTR FM NORMAL   -96    PTCLDY (SCALE 4-7)  13
TOTAL FM JUL 1    84    CLOUDY (SCALE 8-10)  6
DPTR FM NORMAL  -112

[CDD (BASE 65) ]
TOTAL THIS MO.    44
DPTR FM NORMAL    23    [PRESSURE DATA]
TOTAL FM JAN 1   326    HIGHEST SLP M ON M
DPTR FM NORMAL    11    LOWEST  SLP 29.55 ON  4

[REMARKS]
