000
CXUS55 KVEF 220940
CF6BIH
PRELIMINARY LOCAL CLIMATOLOGICAL DATA (WS FORM: F-6)

                                          STATION:   BISHOP CA
                                          MONTH:     JULY
                                          YEAR:      2014
                                          LATITUDE:   37 22 N
                                          LONGITUDE: 118 22 W

  TEMPERATURE IN F:       :PCPN:    SNOW:  WIND      :SUNSHINE: SKY     :PK WND
================================================================================
1   2   3   4   5  6A  6B    7    8   9   10  11  12  13   14  15   16   17  18
                                     12Z  AVG MX 2MIN
DY MAX MIN AVG DEP HDD CDD  WTR  SNW DPTH SPD SPD DIR MIN PSBL S-S WX    SPD DR
================================================================================

 1 106  57  82   6   0  17 0.00  0.0    0 10.1 26 160   M    M   0        37 140
 2 105  56  81   5   0  16 0.00  0.0    0  9.1 25 160   M    M   0        32 160
 3 102  54  78   2   0  13 0.00  0.0    0  6.3 20 270   M    M   0        27 270
 4 101  55  78   2   0  13 0.00  0.0    0  7.2 22 150   M    M   0        29 170
 5 103  57  80   4   0  15    T  0.0    0  7.4 36  70   M    M   0 3      45  70
 6 100  66  83   6   0  18    T  0.0    0  7.8 25 110   M    M   2        31 120
 7  96  72  84   7   0  19    T  0.0    0  7.2 23  10   M    M   4        28  10
 8  98  62  80   3   0  15    T  0.0    0  8.2 32 150   M    M   0 3      42 140
 9 100  60  80   3   0  15 0.00  0.0    0  7.7 23 160   M    M   1        28 150
10  99  69  84   7   0  19 0.00  0.0    0 10.5 26 160   M    M   0        32 170
11  97  63  80   3   0  15 0.00  0.0    0 12.7 25 170   M    M   1        36 160
12 101  58  80   3   0  15 0.00  0.0    0  8.0 17 150   M    M   0        21 200
13 107  60  84   6   0  19 0.00  0.0    0  5.3 16 170   M    M   0        26 170
14 105  66  86   8   0  21 0.00  0.0    0 11.1 29 150   M    M   0        37 160
15 100  70  85   7   0  20    T  0.0    0 13.0 33 340   M    M   2 38     43 340
16  97  63  80   2   0  15 0.00  0.0    0  7.1 22 340   M    M   0 3      27 340
17 103  61  82   4   0  17    T  0.0    0  8.4 37 360   M    M   0 3      51  10
18 103  57  80   2   0  15 0.00  0.0    0 10.4 24 150   M    M   0        31 150
19 101  59  80   2   0  15    T  0.0    0 11.6 28 150   M    M   0        35 150
20  89  61  75  -3   0  10    T  0.0    0  7.9 38 150   M    M   2 3      46 150
21  96  55  76  -2   0  11 0.00  0.0    0 11.1 26 150   M    M   1        35 140
================================================================================
SM 2109 1281         0 333    T      0.0 188.1          M       13
================================================================================
AV100.4 61.0                               9.0 FASTST   M    M   1    MAX(MPH)
                                 MISC ---->  # 38 150               # 51   10
================================================================================
NOTES:
# LAST OF SEVERAL OCCURRENCES

COLUMN 17 PEAK WIND IN M.P.H.

PRELIMINARY LOCAL CLIMATOLOGICAL DATA (WS FORM: F-6) , PAGE 2

                                          STATION:  BISHOP CA
                                          MONTH:    JULY
                                          YEAR:     2014
                                          LATITUDE:   37 22 N
                                          LONGITUDE: 118 22 W

[TEMPERATURE DATA]      [PRECIPITATION DATA]       SYMBOLS USED IN COLUMN 16

AVERAGE MONTHLY: 80.7   TOTAL FOR MONTH:      T    1 = FOG OR MIST
DPTR FM NORMAL:   3.5   DPTR FM NORMAL:   -0.12    2 = FOG REDUCING VISIBILITY
HIGHEST:   107 ON 13    GRTST 24HR    T  ON 20-20      TO 1/4 MILE OR LESS
LOWEST:     54 ON  3                               3 = THUNDER
                        SNOW, ICE PELLETS, HAIL    4 = ICE PELLETS
                        TOTAL MONTH:   0.0 INCH    5 = HAIL
                        GRTST 24HR     0.0         6 = FREEZING RAIN OR DRIZZLE
                        GRTST DEPTH:   0           7 = DUSTSTORM OR SANDSTORM:
                                                       VSBY 1/2 MILE OR LESS
                                                   8 = SMOKE OR HAZE
[NO. OF DAYS WITH]      [WEATHER - DAYS WITH]      9 = BLOWING SNOW
                                                   X = TORNADO
MAX 32 OR BELOW:   0    0.01 INCH OR MORE:   0
MAX 90 OR ABOVE:  20    0.10 INCH OR MORE:   0
MIN 32 OR BELOW:   0    0.50 INCH OR MORE:   0
MIN  0 OR BELOW:   0    1.00 INCH OR MORE:   0

[HDD (BASE 65) ]
TOTAL THIS MO.     0    CLEAR  (SCALE 0-3)  20
DPTR FM NORMAL     0    PTCLDY (SCALE 4-7)   1
TOTAL FM JUL 1     0    CLOUDY (SCALE 8-10)  0
DPTR FM NORMAL     0

[CDD (BASE 65) ]
TOTAL THIS MO.   333
DPTR FM NORMAL    77    [PRESSURE DATA]
TOTAL FM JAN 1   714    HIGHEST SLP M ON M
DPTR FM NORMAL   176    LOWEST  SLP 29.65 ON  1

[REMARKS]
