000
CXUS55 KBYZ 221055
CF6BIL
PRELIMINARY LOCAL CLIMATOLOGICAL DATA (WS FORM: F-6)

                                          STATION:   BILLINGS MT
                                          MONTH:     OCTOBER
                                          YEAR:      2014
                                          LATITUDE:   45 47 N
                                          LONGITUDE: 108 32 W

  TEMPERATURE IN F:       :PCPN:    SNOW:  WIND      :SUNSHINE: SKY     :PK WND
================================================================================
1   2   3   4   5  6A  6B    7    8   9   10  11  12  13   14  15   16   17  18
                                     12Z  AVG MX 2MIN
DY MAX MIN AVG DEP HDD CDD  WTR  SNW DPTH SPD SPD DIR MIN PSBL S-S WX    SPD DR
================================================================================

 1  61  44  53  -1  12   0    T  0.0    0 11.5 25 310   M    M   6        33 310
 2  57  31  44  -9  21   0 0.04  0.0    0 10.3 29 330   M    M   7 1      38 330
 3  60  29  45  -8  20   0 0.00  0.0    0  9.7 20 240   M    M   2 1      23 230
 4  74  47  61   9   4   0 0.00  0.0    0 15.8 31 300   M    M   6        43 290
 5  72  49  61   9   4   0    T  0.0    0 13.0 28 330   M    M   6        34 320
 6  78  46  62  10   3   0 0.00  0.0    0 15.1 31 270   M    M   6        39 290
 7  68  50  59   8   6   0 0.00  0.0    0  6.7 15  40   M    M   5        17  40
 8  80  45  63  12   2   0    T  0.0    0  9.1 22 320   M    M   4 8      27 310
 9  61  43  52   1  13   0    T  0.0    0 10.9 23  50   M    M   5        26  60
10  67  39  53   3  12   0    T  0.0    0  4.6  9  60   M    M   5        14 220
11  73  46  60  10   5   0 0.11  0.0    0 14.0 41 330   M    M   5 13     54 340
12  59  43  51   1  14   0 0.01    T    0 15.0 30 320   M    M   7 35     39 350
13  64  37  51   2  14   0 0.00  0.0    0 12.8 22 240   M    M   2        27 240
14  75  52  64  15   1   0 0.00  0.0    0 16.1 25 240   M    M   6        34 250
15  75  49  62  13   3   0 0.00  0.0    0 10.4 41 290   M    M   6        55 290
16  63  44  54   6  11   0 0.00  0.0    0 14.7 41 270   M    M   5        54 270
17  65  35  50   2  15   0 0.00  0.0    0  4.8 14 110   M    M   2 1      17 100
18  75  37  56   8   9   0 0.00  0.0    0  8.0 17 310   M    M   4        23 300
19  74  41  58  11   7   0 0.00  0.0    0  6.1 13 230   M    M   0        16 270
20  79  40  60  13   5   0 0.00  0.0    0 10.3 18 230   M    M   0        22 240
21  74  46  60  14   5   0 0.00  0.0    0 16.6 41 270   M    M   4        50 280
================================================================================
SM 1454  893       186   0  0.16    T    235.5          M       93
================================================================================
AV 69.2 42.5                              11.2 FASTST   M    M   4    MAX(MPH)
                                 MISC ---->  # 41 330               # 55  290
================================================================================
NOTES:
# LAST OF SEVERAL OCCURRENCES

COLUMN 17 PEAK WIND IN M.P.H.

PRELIMINARY LOCAL CLIMATOLOGICAL DATA (WS FORM: F-6) , PAGE 2

                                          STATION:  BILLINGS MT
                                          MONTH:    OCTOBER
                                          YEAR:     2014
                                          LATITUDE:   45 47 N
                                          LONGITUDE: 108 32 W

[TEMPERATURE DATA]      [PRECIPITATION DATA]       SYMBOLS USED IN COLUMN 16

AVERAGE MONTHLY: 55.9   TOTAL FOR MONTH:   0.16    1 = FOG OR MIST
DPTR FM NORMAL:   5.9   DPTR FM NORMAL:   -0.73    2 = FOG REDUCING VISIBILITY
HIGHEST:    80 ON  8    GRTST 24HR  0.12 ON 11-12      TO 1/4 MILE OR LESS
LOWEST:     29 ON  3                               3 = THUNDER
                        SNOW, ICE PELLETS, HAIL    4 = ICE PELLETS
                        TOTAL MONTH:    T          5 = HAIL
                        GRTST 24HR    T  ON 12-12  6 = FREEZING RAIN OR DRIZZLE
                        GRTST DEPTH:   0           7 = DUSTSTORM OR SANDSTORM:
                                                       VSBY 1/2 MILE OR LESS
                                                   8 = SMOKE OR HAZE
[NO. OF DAYS WITH]      [WEATHER - DAYS WITH]      9 = BLOWING SNOW
                                                   X = TORNADO
MAX 32 OR BELOW:   0    0.01 INCH OR MORE:   3
MAX 90 OR ABOVE:   0    0.10 INCH OR MORE:   1
MIN 32 OR BELOW:   2    0.50 INCH OR MORE:   0
MIN  0 OR BELOW:   0    1.00 INCH OR MORE:   0

[HDD (BASE 65) ]
TOTAL THIS MO.   186    CLEAR  (SCALE 0-3)   5
DPTR FM NORMAL  -130    PTCLDY (SCALE 4-7)  16
TOTAL FM JUL 1   427    CLOUDY (SCALE 8-10)  0
DPTR FM NORMAL  -118

[CDD (BASE 65) ]
TOTAL THIS MO.     0
DPTR FM NORMAL     0    [PRESSURE DATA]
TOTAL FM JAN 1   618    HIGHEST SLP M ON M
DPTR FM NORMAL   -15    LOWEST  SLP 29.55 ON 15

[REMARKS]
