885
CXUS53 KGRR 221017
CF6BIV
PRELIMINARY LOCAL CLIMATOLOGICAL DATA (WS FORM: F-6)

                                          STATION:   HOLLAND
                                          MONTH:     NOVEMBER
                                          YEAR:      2017
                                          LATITUDE:   42 49 N
                                          LONGITUDE:  86 10 W

  TEMPERATURE IN F:       :PCPN:    SNOW:  WIND      :SUNSHINE: SKY     :PK WND
================================================================================
1   2   3   4   5  6A  6B    7    8   9   10  11  12  13   14  15   16   17  18
                                     12Z  AVG MX 2MIN
DY MAX MIN AVG DEP HDD CDD  WTR  SNW DPTH SPD SPD DIR MIN PSBL S-S WX    SPD DR
================================================================================

 1  44  35  40  -7  25   0 0.24    M    M  9.4 16 190   M    M   8 1      20 200
 2  53  41  47   0  18   0 0.06    M    M  3.7  9 140   M    M  10 1      14 360
 3  50  41  46  -1  19   0 0.00    M    M  5.6 12  10   M    M   5        16 340
 4  48  38  43  -3  22   0 0.29    M    M  9.4 21  90   M    M   7 1      31  90
 5  52  48  50   4  15   0    T    M    M  4.4 10 330   M    M  10 12     16 320
 6  48  37  43  -3  22   0 0.00    M    M  6.6 14 270   M    M   6        24 330
 7  48  28  38  -7  27   0 0.00    M    M  4.6 12  20   M    M   3        15  30
 8  46  26  36  -9  29   0 0.00    M    M  4.3 16 240   M    M   5        21 230
 9  46  25  36  -8  29   0    T    M    M 14.2 30 250   M    M  10        37 240
10  29  20  25 -19  40   0    T    M    M  8.8 16  90   M    M   3        21 100
11  35  21  28 -16  37   0 0.00    M    M  7.2 16 130   M    M   6        19 140
12  39  34  37  -6  28   0 0.24    M    M  3.5  7 180   M    M  10 1       9 180
13  45  32  39  -4  26   0 0.00    M    M  3.5 15 270   M    M   7 18     20 260
14  50  36  43   1  22   0 0.01    M    M  8.0 14 150   M    M   9 18     18 190
15  49  38  44   2  21   0 0.68    M    M 13.3 24 290   M    M   9 1      35 280
16  41  31  36  -6  29   0 0.05    M    M  9.5 23 290   M    M   8 1      32 320
17  44  31  38  -3  27   0 0.56    M    M 10.2 18 160   M    M   7 1      25 150
18  47  39  43   2  22   0 0.50    M    M  9.2 21 340   M    M  10 1      31 350
19  39  31  35  -5  30   0    T    M    M 12.1 21 290   M    M   7        29 310
20  49  31  40   0  25   0 0.00    M    M 17.7 31 220   M    M   2        41 230
21  47  33  40   0  25   0 0.05    M    M 17.1 31 240   M    M   6        40 230
================================================================================
SM  949  696       538   0  2.68    M    182.3          M      148
================================================================================
AV 45.2 33.1                               8.7 FASTST   M    M   7    MAX(MPH)
                                 MISC ---->  # 31 220               # 41  230
================================================================================
NOTES:
# LAST OF SEVERAL OCCURRENCES

COLUMN 17 PEAK WIND IN M.P.H.

PRELIMINARY LOCAL CLIMATOLOGICAL DATA (WS FORM: F-6) , PAGE 2

                                          STATION:  HOLLAND
                                          MONTH:    NOVEMBER
                                          YEAR:     2017
                                          LATITUDE:   42 49 N
                                          LONGITUDE:  86 10 W

[TEMPERATURE DATA]      [PRECIPITATION DATA]       SYMBOLS USED IN COLUMN 16

AVERAGE MONTHLY: 39.2   TOTAL FOR MONTH:   2.68    1 = FOG OR MIST
DPTR FM NORMAL:  -4.4   DPTR FM NORMAL:    0.05    2 = FOG REDUCING VISIBILITY
HIGHEST:    53 ON  2    GRTST 24HR  0.68 ON 15-15      TO 1/4 MILE OR LESS
LOWEST:     20 ON 10                               3 = THUNDER
                        SNOW, ICE PELLETS, HAIL    4 = ICE PELLETS
                        TOTAL MONTH:    M          5 = HAIL
                        GRTST 24HR    M  ON   M    6 = FREEZING RAIN OR DRIZZLE
                        GRTST DEPTH:  M  ON   M    7 = DUSTSTORM OR SANDSTORM:
                                                       VSBY 1/2 MILE OR LESS
                                                   8 = SMOKE OR HAZE
[NO. OF DAYS WITH]      [WEATHER - DAYS WITH]      9 = BLOWING SNOW
                                                   X = TORNADO
MAX 32 OR BELOW:   1    0.01 INCH OR MORE:  10
MAX 90 OR ABOVE:   0    0.10 INCH OR MORE:   6
MIN 32 OR BELOW:  10    0.50 INCH OR MORE:   3
MIN  0 OR BELOW:   0    1.00 INCH OR MORE:   0

[HDD (BASE 65) ]
TOTAL THIS MO.   538    CLEAR  (SCALE 0-3)   1
DPTR FM NORMAL    87    PTCLDY (SCALE 4-7)  13
TOTAL FM JUL 1   955    CLOUDY (SCALE 8-10)  7
DPTR FM NORMAL   -21

[CDD (BASE 65) ]
TOTAL THIS MO.     0
DPTR FM NORMAL     0    [PRESSURE DATA]
TOTAL FM JAN 1   613    HIGHEST SLP M ON M
DPTR FM NORMAL   -80    LOWEST  SLP 29.38 ON 18

[REMARKS]
