000
CXUS51 KRNK 181033
CF6BLF

PRELIMINARY LOCAL CLIMATOLOGICAL DATA (WS FORM: F-6)

                                          STATION:   BLUEFIELD WV
                                          MONTH:     DECEMBER
                                          YEAR:      2014
                                          LATITUDE:   37 17 N
                                          LONGITUDE:  81 12 W

  TEMPERATURE IN F:       :PCPN:    SNOW:  WIND      :SUNSHINE: SKY     :PK WND
================================================================================
1   2   3   4   5  6A  6B    7    8   9   10  11  12  13   14  15   16   17  18
                                     12Z  AVG MX 2MIN
DY MAX MIN AVG DEP HDD CDD  WTR  SNW DPTH SPD SPD DIR MIN PSBL S-S WX    SPD DR
================================================================================

 1  63  42  53  12  12   0 0.16  0.0    0 11.6 21 260   M    M   7 12     28 270
 2  50  38  44   3  21   0 0.32  0.0    0  7.3 17 140   M    M  10 12     25 130
 3  60  37  49   8  16   0 0.03  0.0    0 10.1 28 240   M    M   8        36 240
 4  45  36  41   1  24   0 0.44  0.0    0  3.3  8 130   M    M   9 12     11 110
 5  57  43  50  10  15   0 0.02  0.0    0  3.8 16 170   M    M   9 1      22 170
 6  59  38  49   9  16   0 0.25  0.0    0  8.5 24 300   M    M  10 1      35 300
 7  46  31  39   0  26   0 0.00  0.0    0  6.8 15 120   M    M   4 1      24 110
 8  36  31  34  -5  31   0 0.00  0.0    0  8.3 20 150   M    M   5        30 140
 9  39  33  36  -3  29   0 0.01    T    0  5.3 13 310   M    M  10 12     20 310
10  35  28  32  -6  33   0 0.02  0.3    0 11.4 18 300   M    M   8 1      29 290
11  34  25  30  -8  35   0    T    T    0 11.9 20 300   M    M   5        28 280
12  43  26  35  -3  30   0 0.00  0.0    0 11.5 20 280   M    M   1        26 270
13  33  29  31  -7  34   0 0.00  0.0    0 10.6 18 270   M    M   5 12     24 280
14  36  30  33  -4  32   0 0.00  0.0    0  6.7 14 290   M    M  10 12     19 290
15  56  34  45   8  20   0 0.00  0.0    0  4.3  8 160   M    M   5 12     12 110
16  54  40  47  10  18   0 0.06  0.0    0 10.8 30 250   M    M   9        44 260
17  42  30  36  -1  29   0 0.01    T    0 11.1 20 270   M    M   8 1      26 270
================================================================================
SM  788  571       421   0  1.32     0.3 143.3          M      123
================================================================================
AV 46.4 33.6                               8.4 FASTST   M    M   7    MAX(MPH)
                                 MISC ---->  # 30 250               # 44  260
================================================================================
NOTES:
# LAST OF SEVERAL OCCURRENCES

COLUMN 17 PEAK WIND IN M.P.H.

PRELIMINARY LOCAL CLIMATOLOGICAL DATA (WS FORM: F-6) , PAGE 2

                                          STATION:  BLUEFIELD WV
                                          MONTH:    DECEMBER
                                          YEAR:     2014
                                          LATITUDE:   37 17 N
                                          LONGITUDE:  81 12 W

[TEMPERATURE DATA]      [PRECIPITATION DATA]       SYMBOLS USED IN COLUMN 16

AVERAGE MONTHLY: 40.0   TOTAL FOR MONTH:   1.32    1 = FOG OR MIST
DPTR FM NORMAL:   1.1   DPTR FM NORMAL:   -0.33    2 = FOG REDUCING VISIBILITY
HIGHEST:    63 ON  1    GRTST 24HR  0.47 ON  1- 2      TO 1/4 MILE OR LESS
LOWEST:     25 ON 11                               3 = THUNDER
                        SNOW, ICE PELLETS, HAIL    4 = ICE PELLETS
                        TOTAL MONTH:   0.3 INCH    5 = HAIL
                        GRTST 24HR   0.3 ON   M    6 = FREEZING RAIN OR DRIZZLE
                        GRTST DEPTH:   0           7 = DUSTSTORM OR SANDSTORM:
                                                       VSBY 1/2 MILE OR LESS
                                                   8 = SMOKE OR HAZE
[NO. OF DAYS WITH]      [WEATHER - DAYS WITH]      9 = BLOWING SNOW
                                                   X = TORNADO
MAX 32 OR BELOW:   0    0.01 INCH OR MORE:  10
MAX 90 OR ABOVE:   0    0.10 INCH OR MORE:   4
MIN 32 OR BELOW:   8    0.50 INCH OR MORE:   0
MIN  0 OR BELOW:   0    1.00 INCH OR MORE:   0

[HDD (BASE 65) ]
TOTAL THIS MO.   421    CLEAR  (SCALE 0-3)   1
DPTR FM NORMAL   -24    PTCLDY (SCALE 4-7)   9
TOTAL FM JUL 1  1506    CLOUDY (SCALE 8-10)  7
DPTR FM NORMAL   158

[CDD (BASE 65) ]
TOTAL THIS MO.     0
DPTR FM NORMAL     0    [PRESSURE DATA]
TOTAL FM JAN 1   827    HIGHEST SLP M ON M
DPTR FM NORMAL   -26    LOWEST  SLP 29.85 ON 16

[REMARKS]
DUE TO A POWER FAILURE CAUSING A MISSING LOW TEMPERATURE ON
MAY 30...THE SEASONAL TOTAL AND DEPARTURE FROM NORMAL FOR CDD
WILL BE CALCULATED WITHOUT DATA FROM THAT DATE.
