000
CXUS55 KPSR 191005
CF6BLH
PRELIMINARY LOCAL CLIMATOLOGICAL DATA (WS FORM: F-6)
STATION: BLYTHE CA
MONTH: APRIL
YEAR: 2024
LATITUDE: 33 37 N
LONGITUDE: 114 43 W
TEMPERATURE IN F: :PCPN: SNOW: WIND :SUNSHINE: SKY :PK WND
================================================================================
1 2 3 4 5 6A 6B 7 8 9 10 11 12 13 14 15 16 17 18
12Z AVG MX 2MIN
DY MAX MIN AVG DEP HDD CDD WTR SNW DPTH SPD SPD DIR MIN PSBL S-S WX SPD DR
================================================================================
1 71 52 62 -7 3 0 0.01 0.0 M 5.6 14 40 M M 6 18 40
2 80 50 65 -4 0 0 0.00 0.0 0 3.7 12 10 M M 0 17 130
3 84 54 69 0 0 4 0.00 M M 4.3 12 130 M M 0 16 150
4 85 53 69 -1 0 4 0.00 M M 13.0 28 220 M M 0 36 200
5 71 52 62 -8 3 0 0.00 M M 18.2 30 220 M M 0 44 230
6 70 44 57 -13 8 0 0.00 M M 5.1 15 240 M M 0 23 300
7 75 43 59 -11 6 0 0.00 M M 4.6 13 250 M M 0 15 250
8 78 54 66 -4 0 1 0.00 M M 13.5 30 330 M M 1 41 10
9 85 60 73 2 0 8 0.00 M M 13.3 26 350 M M 0 35 30
10 92 53 73 2 0 8 0.00 M M 4.9 12 350 M M 0 16 330
11 94 55 75 4 0 10 0.00 M M 4.7 9 250 M M 0 M M
12 93 58 76 5 0 11 0.00 M M 12.7 25 180 M M 0 33 180
13 M M M M M M 0.00 M M M M M M M M M M
14 M M M M M M 0.00 M M M M M M M 0 M M
15 81 M M M M M 0.00 M M M M M M M 0 M M
16 89 53 71 -1 0 6 0.00 M M 4.3 12 250 M M 0 16 20
17 94 56 75 3 0 10 0.00 M M 6.0 15 180 M M 0 20 180
18 95 63 79 6 0 14 0.00 M M 8.2 20 190 M M 0 27 190
================================================================================
SM 1337 800 20 76 0.01 0.0 122.1 M 7
================================================================================
AV 83.6 53.3 8.1 FASTST M M 0 MAX(MPH)
MISC ----> # 30 220 44 230
================================================================================
NOTES:
# LAST OF SEVERAL OCCURRENCES
COLUMN 17 PEAK WIND IN M.P.H.
PRELIMINARY LOCAL CLIMATOLOGICAL DATA (WS FORM: F-6) , PAGE 2
STATION: BLYTHE CA
MONTH: APRIL
YEAR: 2024
LATITUDE: 33 37 N
LONGITUDE: 114 43 W
[TEMPERATURE DATA] [PRECIPITATION DATA] SYMBOLS USED IN COLUMN 16
AVERAGE MONTHLY: 68.4 TOTAL FOR MONTH: 0.01 1 = FOG OR MIST
DPTR FM NORMAL: -2.3 DPTR FM NORMAL: -0.06 2 = FOG REDUCING VISIBILITY
HIGHEST: 95 ON 18 GRTST 24HR 0.04 ON 31- 1 TO 1/4 MILE OR LESS
LOWEST: 43 ON 7 3 = THUNDER
SNOW, ICE PELLETS, HAIL 4 = ICE PELLETS
TOTAL MONTH: 0.0 INCH 5 = HAIL
GRTST 24HR 0.0 6 = FREEZING RAIN OR DRIZZLE
GRTST DEPTH: 0 7 = DUSTSTORM OR SANDSTORM:
VSBY 1/2 MILE OR LESS
8 = SMOKE OR HAZE
[NO. OF DAYS WITH] [WEATHER - DAYS WITH] 9 = BLOWING SNOW
X = TORNADO
MAX 32 OR BELOW: 0 0.01 INCH OR MORE: 1
MAX 90 OR ABOVE: 5 0.10 INCH OR MORE: 0
MIN 32 OR BELOW: 0 0.50 INCH OR MORE: 0
MIN 0 OR BELOW: 0 1.00 INCH OR MORE: 0
[HDD (BASE 65) ]
TOTAL THIS MO. 20 CLEAR (SCALE 0-3) 16
DPTR FM NORMAL 9 PTCLDY (SCALE 4-7) 1
TOTAL FM JUL 1 872 CLOUDY (SCALE 8-10) 1
DPTR FM NORMAL -136
[CDD (BASE 65) ]
TOTAL THIS MO. 76
DPTR FM NORMAL -40 [PRESSURE DATA]
TOTAL FM JAN 1 109 HIGHEST SLP M ON M
DPTR FM NORMAL -110 LOWEST SLP 29.64 ON 4
[REMARKS]