000
CXUS55 KSEW 210930
CF6BLI
PRELIMINARY LOCAL CLIMATOLOGICAL DATA (WS FORM: F-6)

                                          STATION:   BELLINGHAM WA AIRPORT
                                          MONTH:     JANUARY
                                          YEAR:      2017
                                          LATITUDE:   48 47 N
                                          LONGITUDE: 122 32 W

  TEMPERATURE IN F:       :PCPN:    SNOW:  WIND      :SUNSHINE: SKY     :PK WND
================================================================================
1   2   3   4   5  6A  6B    7    8   9   10  11  12  13   14  15   16   17  18
                                     12Z  AVG MX 2MIN
DY MAX MIN AVG DEP HDD CDD  WTR  SNW DPTH SPD SPD DIR MIN PSBL S-S WX    SPD DR
================================================================================

 1  36  30  33  -5  32   0 0.06    M    M 17.2 33  20   M    M   5 1      48  20
 2  31  26  29  -9  36   0 0.00  0.0    M 23.8 33  30   M    M   0        51  30
 3  29  24  27 -11  38   0 0.00  0.0    M 22.2 33  30   M    M   0        50  30
 4  37  25  31  -7  34   0 0.00  0.0    M 13.3 26  20   M    M   0        39  20
 5  36  16  26 -12  39   0 0.00  0.0    M  0.7  7  10   M    M   1         9  10
 6  40  25  33  -5  32   0 0.00  0.0    0  3.0  9  20   M    M   7        11  30
 7  39  18  29 -10  36   0 0.00  0.0    0  3.9 17  30   M    M   5        23  20
 8  42  34  38  -1  27   0 0.21  0.0    0 12.0 25  30   M    M  10 1      34  20
 9  44  29  37  -2  28   0 0.32  0.0    0  9.1 22 160   M    M   5 1      36 150
10  33  24  29 -10  36   0 0.00  0.0    0 25.7 38  20   M    M   4        56  20
11  35  19  27 -12  38   0 0.00  0.0    0 15.6 37  30   M    M   0        52  40
12  34  15  25 -14  40   0 0.00  0.0    0  4.6  9  10   M    M   0        11  20
13  33  18  26 -13  39   0 0.00  0.0    0  6.1 13  20   M    M   0        15  20
14  39  20  30  -9  35   0 0.00  0.0    0  5.7 14  20   M    M   0        17  10
15  43  23  33  -6  32   0 0.00  0.0    0  3.3  9  90   M    M   3        12  90
16  42  30  36  -3  29   0 0.11  0.0    0  3.4 10  50   M    M  10 1      13 360
17  57  38  48   9  17   0 0.19  0.0    0 21.2 41 160   M    M  10        58 170
18  56  46  51  11  14   0 0.50    M    0 15.7 32 150   M    M  10 1      44 150
19  49  46  48   8  17   0 0.21  0.0    0 16.1 26 150   M    M  10 1      37 140
20  49  35  42   2  23   0    T    M    0  7.8 20 130   M    M   6        24 120
================================================================================
SM  804  541       622   0  1.60     0.0 230.4          M       86
================================================================================
AV 40.2 27.1                              11.5 FASTST   M    M   4    MAX(MPH)
                                 MISC ---->  # 41 160               # 58  170
================================================================================
NOTES:
# LAST OF SEVERAL OCCURRENCES

COLUMN 17 PEAK WIND IN M.P.H.

PRELIMINARY LOCAL CLIMATOLOGICAL DATA (WS FORM: F-6) , PAGE 2

                                          STATION:  BELLINGHAM WA AIRPORT
                                          MONTH:    JANUARY
                                          YEAR:     2017
                                          LATITUDE:   48 47 N
                                          LONGITUDE: 122 32 W

[TEMPERATURE DATA]      [PRECIPITATION DATA]       SYMBOLS USED IN COLUMN 16

AVERAGE MONTHLY: 33.6   TOTAL FOR MONTH:   1.60    1 = FOG OR MIST
DPTR FM NORMAL:  -5.2   DPTR FM NORMAL:   -1.49    2 = FOG REDUCING VISIBILITY
HIGHEST:    57 ON 17    GRTST 24HR  0.64 ON 18-19      TO 1/4 MILE OR LESS
LOWEST:     15 ON 12                               3 = THUNDER
                        SNOW, ICE PELLETS, HAIL    4 = ICE PELLETS
                        TOTAL MONTH:   0.0 INCH    5 = HAIL
                        GRTST 24HR     0.0         6 = FREEZING RAIN OR DRIZZLE
                        GRTST DEPTH:   0           7 = DUSTSTORM OR SANDSTORM:
                                                       VSBY 1/2 MILE OR LESS
                                                   8 = SMOKE OR HAZE
[NO. OF DAYS WITH]      [WEATHER - DAYS WITH]      9 = BLOWING SNOW
                                                   X = TORNADO
MAX 32 OR BELOW:   2    0.01 INCH OR MORE:   7
MAX 90 OR ABOVE:   0    0.10 INCH OR MORE:   6
MIN 32 OR BELOW:  15    0.50 INCH OR MORE:   1
MIN  0 OR BELOW:   0    1.00 INCH OR MORE:   0

[HDD (BASE 65) ]
TOTAL THIS MO.   622    CLEAR  (SCALE 0-3)   9
DPTR FM NORMAL    99    PTCLDY (SCALE 4-7)   6
TOTAL FM JUL 1  2652    CLOUDY (SCALE 8-10)  5
DPTR FM NORMAL  -263

[CDD (BASE 65) ]
TOTAL THIS MO.     0
DPTR FM NORMAL     0    [PRESSURE DATA]
TOTAL FM JAN 1     0    HIGHEST SLP M ON M
DPTR FM NORMAL     0    LOWEST  SLP 29.13 ON 18

[REMARKS]
