000
CXUS55 KSEW 250930
CF6BLI
PRELIMINARY LOCAL CLIMATOLOGICAL DATA (WS FORM: F-6)

                                          STATION:   BELLINGHAM WA AIRPORT
                                          MONTH:     JULY
                                          YEAR:      2017
                                          LATITUDE:   48 47 N
                                          LONGITUDE: 122 32 W

  TEMPERATURE IN F:       :PCPN:    SNOW:  WIND      :SUNSHINE: SKY     :PK WND
================================================================================
1   2   3   4   5  6A  6B    7    8   9   10  11  12  13   14  15   16   17  18
                                     12Z  AVG MX 2MIN
DY MAX MIN AVG DEP HDD CDD  WTR  SNW DPTH SPD SPD DIR MIN PSBL S-S WX    SPD DR
================================================================================

 1  66  55  61   0   4   0 0.00  0.0    0 13.0 23 160   M    M   2        32 140
 2  69  54  62   1   3   0 0.00  0.0    0 11.1 20 160   M    M   1        27 170
 3  70  53  62   1   3   0 0.00  0.0    0  6.5 15 170   M    M   3        22 180
 4  74  48  61   0   4   0 0.00  0.0    0  3.2  9 280   M    M   0 1      14 280
 5  81  49  65   4   0   0 0.00  0.0    0  3.6 10 180   M    M   0 1      14 270
 6  79  59  69   8   0   4 0.00  0.0    0  7.9 14 170   M    M   0        19 170
 7  69  58  64   3   1   0 0.00  0.0    0 12.7 24 150   M    M   0        32 150
 8  77  55  66   4   0   1 0.00  0.0    0  5.2 12 170   M    M   0        18 150
 9  75  59  67   5   0   2 0.00  0.0    0  8.6 18 170   M    M   2        25 160
10  69  56  63   1   2   0    T  0.0    0  7.6 18 170   M    M   4        24 160
11  69  51  60  -2   5   0 0.00  0.0    0  7.1 16 160   M    M   0        21 180
12  69  54  62   0   3   0 0.00  0.0    0  8.0 17 150   M    M   0        24 160
13  68  55  62   0   3   0 0.00  0.0    0  8.5 16 160   M    M   6        24 170
14  74  53  64   2   1   0 0.00  0.0    0  5.0 10 180   M    M   0        13 180
15  71  57  64   2   1   0 0.00  0.0    0  9.1 16 160   M    M   2        22 160
16  71  52  62   0   3   0 0.00  0.0    0  5.3 13 170   M    M   3        18 170
17  75  51  63   0   2   0 0.00  0.0    0  4.6 13 280   M    M   0        17 280
18  78  50  64   1   1   0 0.00  0.0    0  5.3 10 170   M    M   0        16 170
19  71  59  65   2   0   0 0.00  0.0    0 10.0 18 170   M    M   0        25 170
20  70  60  65   2   0   0 0.06  0.0    0  9.4 15 160   M    M   7 1      21 170
21  69  54  62  -1   3   0    T  0.0    0  2.3  9 160   M    M   6        13 170
22  75  59  67   4   0   2 0.02  0.0    0  3.9 13 350   M    M   9 1      16 350
23  73  54  64   1   1   0 0.00  0.0    0  3.9 13 290   M    M   6        18 300
24  76  51  64   1   1   0 0.00  0.0    0  2.4 13 270   M    M   0        17 280
================================================================================
SM 1738 1306        41   9  0.08     0.0 164.2          M       51
================================================================================
AV 72.4 54.4                               6.8 FASTST   M    M   2    MAX(MPH)
                                 MISC ---->  # 24 150               # 32  140
================================================================================
NOTES:
# LAST OF SEVERAL OCCURRENCES

COLUMN 17 PEAK WIND IN M.P.H.

PRELIMINARY LOCAL CLIMATOLOGICAL DATA (WS FORM: F-6) , PAGE 2

                                          STATION:  BELLINGHAM WA AIRPORT
                                          MONTH:    JULY
                                          YEAR:     2017
                                          LATITUDE:   48 47 N
                                          LONGITUDE: 122 32 W

[TEMPERATURE DATA]      [PRECIPITATION DATA]       SYMBOLS USED IN COLUMN 16

AVERAGE MONTHLY: 63.4   TOTAL FOR MONTH:   0.08    1 = FOG OR MIST
DPTR FM NORMAL:   1.4   DPTR FM NORMAL:   -0.89    2 = FOG REDUCING VISIBILITY
HIGHEST:    81 ON  5    GRTST 24HR  0.06 ON 20-20      TO 1/4 MILE OR LESS
LOWEST:     48 ON  4                               3 = THUNDER
                        SNOW, ICE PELLETS, HAIL    4 = ICE PELLETS
                        TOTAL MONTH:   0.0 INCH    5 = HAIL
                        GRTST 24HR     0.0         6 = FREEZING RAIN OR DRIZZLE
                        GRTST DEPTH:   0           7 = DUSTSTORM OR SANDSTORM:
                                                       VSBY 1/2 MILE OR LESS
                                                   8 = SMOKE OR HAZE
[NO. OF DAYS WITH]      [WEATHER - DAYS WITH]      9 = BLOWING SNOW
                                                   X = TORNADO
MAX 32 OR BELOW:   0    0.01 INCH OR MORE:   2
MAX 90 OR ABOVE:   0    0.10 INCH OR MORE:   0
MIN 32 OR BELOW:   0    0.50 INCH OR MORE:   0
MIN  0 OR BELOW:   0    1.00 INCH OR MORE:   0

[HDD (BASE 65) ]
TOTAL THIS MO.    41    CLEAR  (SCALE 0-3)  18
DPTR FM NORMAL   -30    PTCLDY (SCALE 4-7)   5
TOTAL FM JUL 1    41    CLOUDY (SCALE 8-10)  1
DPTR FM NORMAL   -30

[CDD (BASE 65) ]
TOTAL THIS MO.     9
DPTR FM NORMAL     9    [PRESSURE DATA]
TOTAL FM JAN 1    21    HIGHEST SLP M ON M
DPTR FM NORMAL    17    LOWEST  SLP 30.02 ON  4

[REMARKS]
