000
CXUS53 KIND 270730
CF6BMG
PRELIMINARY LOCAL CLIMATOLOGICAL DATA (WS FORM: F-6)

                                          STATION:   BLOOMINGTON IN
                                          MONTH:     MAY
                                          YEAR:      2017
                                          LATITUDE:   39  7 N
                                          LONGITUDE:  86 37 W

  TEMPERATURE IN F:       :PCPN:    SNOW:  WIND      :SUNSHINE: SKY     :PK WND
================================================================================
1   2   3   4   5  6A  6B    7    8   9   10  11  12  13   14  15   16   17  18
                                     12Z  AVG MX 2MIN
DY MAX MIN AVG DEP HDD CDD  WTR  SNW DPTH SPD SPD DIR MIN PSBL S-S WX    SPD DR
================================================================================

 1  66  48  57  -1   8   0 0.31    M    M 14.6 31 240   M    M   8 13     43 230
 2  65  45  55  -3  10   0    T    M    M 11.7 23 240   M    M   4        38 270
 3  52  39  46 -13  19   0 0.63    M    M  6.9 18  80   M    M   6 1      27  80
 4  50  47  49 -10  16   0 1.43    M    M 12.6 22  10   M    M  10 1      31  10
 5  58  44  51  -8  14   0 0.65    M    M 15.4 26 360   M    M   7 1      36  10
 6  62  40  51  -9  14   0 0.10    M    M  6.2 22 350   M    M   4 1      29 360
 7  64  38  51  -9  14   0 0.00    M    M  5.2 16 290   M    M   0        23 290
 8  65  36  51  -9  14   0    T    M    M  2.4 10 130   M    M   4        12 140
 9  79  53  66   6   0   1    T    M    M  5.4 16 280   M    M   7        23 280
10  84  56  70   9   0   5 0.53    M    M  6.2 18 270   M    M   5 1238   28 320
11  69  56  63   2   2   0 0.44    M    M  7.3 14 230   M    M  10 13     20 240
12  70  50  60  -1   5   0 0.00    M    M  7.7 17  20   M    M   5        24  20
13  76  45  61  -1   4   0 0.00    M    M  3.7 15  20   M    M   0 1      19 360
14  82  59  71   9   0   6 0.00    M    M  7.0 16 240   M    M   0        23 240
15  84  56  70   8   0   5 0.00    M    M  3.8 13 220   M    M   0        18 190
16  86  56  71   9   0   6 0.00    M    M  8.2 21 230   M    M   0 1      29 210
17  84  65  75  12   0  10    T    M    M 12.7 29 200   M    M   2 38     39 210
18  86  68  77  14   0  12 0.04    M    M 10.4 26 190   M    M   5 3      32 180
19  84  64  74  11   0   9 0.47    M    M  6.0 25  30   M    M   3 135    35  30
20  80  61  71   7   0   6 0.52    M    M  8.2 15 140   M    M   6 123    23 130
21  74  56  65   1   0   0 0.66    M    M  9.2 18 290   M    M   6 1      24 290
22  72  47  60  -4   5   0 0.00    M    M  2.7 13 140   M    M   0        15 140
23  73  54  64  -1   1   0 0.00    M    M  3.3 10 120   M    M   2        17 120
24  62  57  60  -5   5   0 0.30    M    M  4.8 14  10   M    M  10 1      17 340
25  67  53  60  -5   5   0 0.06    M    M  8.3 17 290   M    M   8 1      25 310
26  81  49  65  -1   0   0 0.00    M    M  6.3 17 210   M    M   4 1      25 200
================================================================================
SM 1875 1342       136  60  6.14    M    196.2          M      116
================================================================================
AV 72.1 51.6                               7.5 FASTST   M    M   4    MAX(MPH)
                                 MISC ---->  # 31 240               # 43  230
================================================================================
NOTES:
# LAST OF SEVERAL OCCURRENCES

COLUMN 17 PEAK WIND IN M.P.H.

PRELIMINARY LOCAL CLIMATOLOGICAL DATA (WS FORM: F-6) , PAGE 2

                                          STATION:  BLOOMINGTON IN
                                          MONTH:    MAY
                                          YEAR:     2017
                                          LATITUDE:   39  7 N
                                          LONGITUDE:  86 37 W

[TEMPERATURE DATA]      [PRECIPITATION DATA]       SYMBOLS USED IN COLUMN 16

AVERAGE MONTHLY: 61.9   TOTAL FOR MONTH:   6.14    1 = FOG OR MIST
DPTR FM NORMAL:   0.1   DPTR FM NORMAL:    1.74    2 = FOG REDUCING VISIBILITY
HIGHEST:    86 ON 18,16 GRTST 24HR  1.43 ON  4- 4      TO 1/4 MILE OR LESS
LOWEST:     36 ON  8                               3 = THUNDER
                        SNOW, ICE PELLETS, HAIL    4 = ICE PELLETS
                        TOTAL MONTH:    M          5 = HAIL
                        GRTST 24HR    M  ON   M    6 = FREEZING RAIN OR DRIZZLE
                        GRTST DEPTH:  M  ON   M    7 = DUSTSTORM OR SANDSTORM:
                                                       VSBY 1/2 MILE OR LESS
                                                   8 = SMOKE OR HAZE
[NO. OF DAYS WITH]      [WEATHER - DAYS WITH]      9 = BLOWING SNOW
                                                   X = TORNADO
MAX 32 OR BELOW:   0    0.01 INCH OR MORE:  13
MAX 90 OR ABOVE:   0    0.10 INCH OR MORE:  11
MIN 32 OR BELOW:   0    0.50 INCH OR MORE:   6
MIN  0 OR BELOW:   0    1.00 INCH OR MORE:   1

[HDD (BASE 65) ]
TOTAL THIS MO.   136    CLEAR  (SCALE 0-3)   8
DPTR FM NORMAL     9    PTCLDY (SCALE 4-7)  14
TOTAL FM JUL 1  4117    CLOUDY (SCALE 8-10)  4
DPTR FM NORMAL -1124

[CDD (BASE 65) ]
TOTAL THIS MO.    60
DPTR FM NORMAL    13    [PRESSURE DATA]
TOTAL FM JAN 1   105    HIGHEST SLP M ON M
DPTR FM NORMAL    39    LOWEST  SLP 29.39 ON 25

[REMARKS]
