000
CXUS53 KIND 190730
CF6BMG
PRELIMINARY LOCAL CLIMATOLOGICAL DATA (WS FORM: F-6)

                                          STATION:   BLOOMINGTON IN
                                          MONTH:     FEBRUARY
                                          YEAR:      2018
                                          LATITUDE:   39  7 N
                                          LONGITUDE:  86 37 W

  TEMPERATURE IN F:       :PCPN:    SNOW:  WIND      :SUNSHINE: SKY     :PK WND
================================================================================
1   2   3   4   5  6A  6B    7    8   9   10  11  12  13   14  15   16   17  18
                                     12Z  AVG MX 2MIN
DY MAX MIN AVG DEP HDD CDD  WTR  SNW DPTH SPD SPD DIR MIN PSBL S-S WX    SPD DR
================================================================================

 1  45  16  31   1  34   0    T    M    M  9.9 18 280   M    M   6        24 280
 2  24   9  17 -13  48   0 0.00    M    M  5.6 13 350   M    M   0        20 360
 3  37  19  28  -3  37   0 0.00    M    M  9.7 21 190   M    M  10        26 190
 4  41  16  29  -2  36   0 0.10    M    M  9.4 28 220   M    M  10 18     36 210
 5  27   3  15 -16  50   0 0.01    M    M  3.0 12 120   M    M   2        15 140
 6  31  21  26  -5  39   0 0.01    M    M  5.5 14  10   M    M   6 1      16  10
 7  34  19  27  -4  38   0 0.03    M    M  7.5 15 290   M    M   5 18     19 300
 8  34  14  24  -7  41   0 0.00    M    M  5.1 12 150   M    M   3 18     16 290
 9  52  29  41   9  24   0 0.00    M    M  7.8 21 240   M    M   4        27 220
10  39  30  35   3  30   0    T    M    M  8.4 15 360   M    M   9 18     20  70
11  31  24  28  -4  37   0 0.02    M    M  6.4 15 290   M    M  10 168    21 290
12  40  15  28  -4  37   0 0.00    M    M  7.3 15  30   M    M   1        19  50
13  45  22  34   2  31   0 0.00    M    M  7.1 16 120   M    M   2        19 120
14  59  40  50  17  15   0 0.21    M    M  9.8 21 230   M    M  10 18     29 210
15  67  57  62  29   3   0 0.72    M    M 13.8 24 230   M    M  10 1      34 220
16  58  30  44  11  21   0 0.34    M    M  7.5 18 360   M    M  10 18     25 350
17  37  26  32  -1  33   0 0.08    M    M  5.2 18 270   M    M   7 1      27 270
18  49  23  36   2  29   0 0.00    M    M  6.5 16 140   M    M   2 1      21 140
================================================================================
SM  750  413       583   0  1.52    M    135.5          M      107
================================================================================
AV 41.7 22.9                               7.5 FASTST   M    M   6    MAX(MPH)
                                 MISC ---->  # 28 220               # 36  210
================================================================================
NOTES:
# LAST OF SEVERAL OCCURRENCES

COLUMN 17 PEAK WIND IN M.P.H.

PRELIMINARY LOCAL CLIMATOLOGICAL DATA (WS FORM: F-6) , PAGE 2

                                          STATION:  BLOOMINGTON IN
                                          MONTH:    FEBRUARY
                                          YEAR:     2018
                                          LATITUDE:   39  7 N
                                          LONGITUDE:  86 37 W

[TEMPERATURE DATA]      [PRECIPITATION DATA]       SYMBOLS USED IN COLUMN 16

AVERAGE MONTHLY: 32.3   TOTAL FOR MONTH:   1.52    1 = FOG OR MIST
DPTR FM NORMAL:   0.5   DPTR FM NORMAL:   -0.38    2 = FOG REDUCING VISIBILITY
HIGHEST:    67 ON 15    GRTST 24HR  0.72 ON 15-15      TO 1/4 MILE OR LESS
LOWEST:      3 ON  5                               3 = THUNDER
                        SNOW, ICE PELLETS, HAIL    4 = ICE PELLETS
                        TOTAL MONTH:    M          5 = HAIL
                        GRTST 24HR    M  ON   M    6 = FREEZING RAIN OR DRIZZLE
                        GRTST DEPTH:  M  ON   M    7 = DUSTSTORM OR SANDSTORM:
                                                       VSBY 1/2 MILE OR LESS
                                                   8 = SMOKE OR HAZE
[NO. OF DAYS WITH]      [WEATHER - DAYS WITH]      9 = BLOWING SNOW
                                                   X = TORNADO
MAX 32 OR BELOW:   4    0.01 INCH OR MORE:   9
MAX 90 OR ABOVE:   0    0.10 INCH OR MORE:   4
MIN 32 OR BELOW:  16    0.50 INCH OR MORE:   1
MIN  0 OR BELOW:   0    1.00 INCH OR MORE:   0

[HDD (BASE 65) ]
TOTAL THIS MO.   583    CLEAR  (SCALE 0-3)   5
DPTR FM NORMAL   -15    PTCLDY (SCALE 4-7)   6
TOTAL FM JUL 1  3708    CLOUDY (SCALE 8-10)  7
DPTR FM NORMAL   -65

[CDD (BASE 65) ]
TOTAL THIS MO.     0
DPTR FM NORMAL     0    [PRESSURE DATA]
TOTAL FM JAN 1     0    HIGHEST SLP M ON M
DPTR FM NORMAL     0    LOWEST  SLP 29.69 ON 15

[REMARKS]
