000
CXUS56 KBOI 281002
CF6BNO
PRELIMINARY LOCAL CLIMATOLOGICAL DATA (WS FORM: F-6)

                                          STATION:   BURNS OR
                                          MONTH:     MARCH
                                          YEAR:      2015
                                          LATITUDE:   43 34 N
                                          LONGITUDE: 118 57 W

  TEMPERATURE IN F:       :PCPN:    SNOW:  WIND      :SUNSHINE: SKY     :PK WND
================================================================================
1   2   3   4   5  6A  6B    7    8   9   10  11  12  13   14  15   16   17  18
                                     12Z  AVG MX 2MIN
DY MAX MIN AVG DEP HDD CDD  WTR  SNW DPTH SPD SPD DIR MIN PSBL S-S WX    SPD DR
================================================================================

 1  42  13  28  -5  37   0    M    M    M  3.5  9 300   M    M   0        11 110
 2  46  19  33   0  32   0    M    M    M  7.2 18 320   M    M   3        26 320
 3  42  19  31  -3  34   0    M    M    M  9.6 20 290   M    M   2        24 270
 4  45  11  28  -6  37   0    M    M    M  2.9 10 240   M    M   0        12 240
 5  60  14  37   3  28   0 0.00    M    M  3.9 13 200   M    M   0        16 180
 6  62  20  41   6  24   0 0.00    M    M  2.8  9 270   M    M   0        11 180
 7  67  23  45  10  20   0 0.00    M    M  4.7 15 330   M    M   0        21 230
 8  65  19  42   7  23   0 0.00    M    M  6.6 16 290   M    M   0        23 290
 9  67  17  42   6  23   0 0.00    M    M  4.7 14 210   M    M   0 8      20 200
10  69  21  45   9  20   0 0.00    M    M  5.4 13  30   M    M   0        17 110
11  54  32  43   7  22   0 0.09    M    M  8.5 23 190   M    M   8 1      31 180
12  59  28  44   7  21   0 0.00    M    M  4.0  9 170   M    M   3 12     13 190
13  63  26  45   8  20   0 0.00    M    M  6.0 14 110   M    M   0        19 130
14  63  42  53  16  12   0 0.10    M    M  7.7 24 200   M    M   8        31 190
15  70  45  58  20   7   0    T    M    M 10.6 37 190   M    M   6 1      49 180
16  50  36  43   5  22   0 0.06    M    M  6.9 15  50   M    M   9        19  30
17  59  34  47   9  18   0 0.05    M    M  8.9 23 280   M    M   6 1      27 280
18  56  26  41   3  24   0 0.00    M    M  4.7 12 170   M    M   0        16 240
19  62  21  42   4  23   0 0.00    M    M  3.1 10  50   M    M   0        12  50
20  67  25  46   7  19   0 0.00    M    M  4.0 13 110   M    M   1        19 110
21  60  29  45   6  20   0 0.00    M    M  8.7 17 220   M    M   3        21 230
22  62  27  45   6  20   0 0.13    M    M  8.3 37 210   M    M   6 1      47 220
23  48  31  40   1  25   0 0.37    M    M 10.5 31 230   M    M   7 1      39 220
24  49  29  39   0  26   0 0.14    M    M  9.5 21 220   M    M   5 1      26 200
25  55  27  41   1  24   0 0.01    M    M  2.5  9 210   M    M   8 1      11 210
26  67  30  49   9  16   0 0.00    M    M  4.6 10  50   M    M   0        13 100
27  76  33  55  15  10   0 0.00    M    M  6.1 17 180   M    M   0        21 190
================================================================================
SM 1585  697       607   0  0.95    M    165.9          M       75
================================================================================
AV 58.7 25.8                               6.1 FASTST   M    M   3    MAX(MPH)
                                 MISC ---->  # 37 190               # 49  180
================================================================================
NOTES:
# LAST OF SEVERAL OCCURRENCES

COLUMN 17 PEAK WIND IN M.P.H.

PRELIMINARY LOCAL CLIMATOLOGICAL DATA (WS FORM: F-6) , PAGE 2

                                          STATION:  BURNS OR
                                          MONTH:    MARCH
                                          YEAR:     2015
                                          LATITUDE:   43 34 N
                                          LONGITUDE: 118 57 W

[TEMPERATURE DATA]      [PRECIPITATION DATA]       SYMBOLS USED IN COLUMN 16

AVERAGE MONTHLY: 42.3   TOTAL FOR MONTH:   0.95    1 = FOG OR MIST
DPTR FM NORMAL:   5.3   DPTR FM NORMAL:   -0.01    2 = FOG REDUCING VISIBILITY
HIGHEST:    76 ON 27    GRTST 24HR  0.37 ON 23-23      TO 1/4 MILE OR LESS
LOWEST:     11 ON  4                               3 = THUNDER
                        SNOW, ICE PELLETS, HAIL    4 = ICE PELLETS
                        TOTAL MONTH:    M          5 = HAIL
                        GRTST 24HR    M  ON   M    6 = FREEZING RAIN OR DRIZZLE
                        GRTST DEPTH:  M  ON   M    7 = DUSTSTORM OR SANDSTORM:
                                                       VSBY 1/2 MILE OR LESS
                                                   8 = SMOKE OR HAZE
[NO. OF DAYS WITH]      [WEATHER - DAYS WITH]      9 = BLOWING SNOW
                                                   X = TORNADO
MAX 32 OR BELOW:   0    0.01 INCH OR MORE:   8
MAX 90 OR ABOVE:   0    0.10 INCH OR MORE:   4
MIN 32 OR BELOW:  22    0.50 INCH OR MORE:   0
MIN  0 OR BELOW:   0    1.00 INCH OR MORE:   0

[HDD (BASE 65) ]
TOTAL THIS MO.   607    CLEAR  (SCALE 0-3)  17
DPTR FM NORMAL  -152    PTCLDY (SCALE 4-7)   8
TOTAL FM JUL 1  5081    CLOUDY (SCALE 8-10)  2
DPTR FM NORMAL -1206

[CDD (BASE 65) ]
TOTAL THIS MO.     0
DPTR FM NORMAL     0    [PRESSURE DATA]
TOTAL FM JAN 1     0    HIGHEST SLP M ON M
DPTR FM NORMAL     0    LOWEST  SLP 29.74 ON  2

[REMARKS]
