000
CXUS54 KLZK 231130
CF6BPK
PRELIMINARY LOCAL CLIMATOLOGICAL DATA (WS FORM: F-6)

                                          STATION:   Mountain Home Airport
                                          MONTH:     AUGUST
                                          YEAR:      2017
                                          LATITUDE:   36 22 N
                                          LONGITUDE:  92 28 W

  TEMPERATURE IN F:       :PCPN:    SNOW:  WIND      :SUNSHINE: SKY     :PK WND
================================================================================
1   2   3   4   5  6A  6B    7    8   9   10  11  12  13   14  15   16   17  18
                                     12Z  AVG MX 2MIN
DY MAX MIN AVG DEP HDD CDD  WTR  SNW DPTH SPD SPD DIR MIN PSBL S-S WX    SPD DR
================================================================================

 1  81  66  74  -6   0   9 0.12    M    M  1.7  6 260   M    M   5         M  M
 2  89  63  76  -4   0  11 0.00    M    M  1.8 13  30   M    M   2 13     22  10
 3  91  67  79  -1   0  14 0.29    M    M  3.4 13 240   M    M   2 13     19 240
 4  81  61  71  -9   0   6    T    M    M  2.4  8  70   M    M   3        16  10
 5  78  61  70 -10   0   5 0.01    M    M  7.5 17 120   M    M   7        24  70
 6  76  64  70 -10   0   5 0.49    M    M  4.1 12 140   M    M   9 1      16 150
 7  83  69  76  -4   0  11 0.00    M    M  1.8 10  90   M    M   7 1      14 100
 8  84  68  76  -4   0  11 0.00    M    M  5.2 12 110   M    M   3        16 130
 9  86  63  75  -5   0  10 0.00    M    M  4.0  9 120   M    M   0        11 120
10  87  66  77  -3   0  12 0.00    M    M  2.6 10 210   M    M   2        12 240
11  87  69  78  -2   0  13 0.01    M    M  1.1 10  60   M    M   5 13     15  60
12  83  67  75  -5   0  10 0.01  0.0    0  3.7 10  90   M    M   3 1      14  90
13  75  64  70  -9   0   5 0.07  0.0    0  5.7 10 140   M    M  10 1      14 140
14  80  69  75  -4   0  10    T  0.0    M  1.1  7 260   M    M   5 12     10 250
15  84  69  77  -2   0  12 0.85  0.0    0  4.5 10 130   M    M   7 13     14 180
16  91  69  80   1   0  15 0.17  0.0    0  5.6 20 220   M    M   3 1      30 360
17  85  67  76  -3   0  11 0.40  0.0    0  3.4 10 350   M    M   3 1      16 350
18  90  66  78  -1   0  13 0.03  0.0    0  1.9 12 190   M    M   0 13     17 220
19  93  67  80   1   0  15 0.00  0.0    0  3.2  8 200   M    M   1 3      12 360
20  93  72  83   4   0  18 0.88  0.0    0  3.6 17  90   M    M   1 13     24  90
21   M   M   M   M   M   M    M    M    M   M   M   M   M    M   M 13      M  M
22  83  70  77  -2   0  12 0.04  0.0    0  3.1 13 350   M    M   3 1      23 330
================================================================================
SM 1780 1397         0 228  3.37     0.0  71.4          M       81
================================================================================
AV 84.8 66.5                               3.4 FASTST   M    M   4    MAX(MPH)
                                 MISC ---->  # 20 220               # 30  360
================================================================================
NOTES:
# LAST OF SEVERAL OCCURRENCES

COLUMN 17 PEAK WIND IN M.P.H.

PRELIMINARY LOCAL CLIMATOLOGICAL DATA (WS FORM: F-6) , PAGE 2

                                          STATION:  Mountain Home Airport
                                          MONTH:    AUGUST
                                          YEAR:     2017
                                          LATITUDE:   36 22 N
                                          LONGITUDE:  92 28 W

[TEMPERATURE DATA]      [PRECIPITATION DATA]       SYMBOLS USED IN COLUMN 16

AVERAGE MONTHLY: 75.6   TOTAL FOR MONTH:   3.37    1 = FOG OR MIST
DPTR FM NORMAL:  -3.9   DPTR FM NORMAL:    1.22    2 = FOG REDUCING VISIBILITY
HIGHEST:    93 ON 20,19 GRTST 24HR  0.88 ON 20-20      TO 1/4 MILE OR LESS
LOWEST:     61 ON  5, 4                            3 = THUNDER
                        SNOW, ICE PELLETS, HAIL    4 = ICE PELLETS
                        TOTAL MONTH:   0.0 INCH    5 = HAIL
                        GRTST 24HR     0.0         6 = FREEZING RAIN OR DRIZZLE
                        GRTST DEPTH:   0           7 = DUSTSTORM OR SANDSTORM:
                                                       VSBY 1/2 MILE OR LESS
                                                   8 = SMOKE OR HAZE
[NO. OF DAYS WITH]      [WEATHER - DAYS WITH]      9 = BLOWING SNOW
                                                   X = TORNADO
MAX 32 OR BELOW:   0    0.01 INCH OR MORE:  13
MAX 90 OR ABOVE:   5    0.10 INCH OR MORE:   7
MIN 32 OR BELOW:   0    0.50 INCH OR MORE:   2
MIN  0 OR BELOW:   0    1.00 INCH OR MORE:   0

[HDD (BASE 65) ]
TOTAL THIS MO.     0    CLEAR  (SCALE 0-3)  12
DPTR FM NORMAL     0    PTCLDY (SCALE 4-7)   7
TOTAL FM JUL 1     0    CLOUDY (SCALE 8-10)  2
DPTR FM NORMAL     0

[CDD (BASE 65) ]
TOTAL THIS MO.   228
DPTR FM NORMAL   -91    [PRESSURE DATA]
TOTAL FM JAN 1  1083    HIGHEST SLP M ON M
DPTR FM NORMAL  -130    LOWEST  SLP 29.81 ON 15

[REMARKS]
