000
CXUS54 KLZK 271430
CF6BPK
PRELIMINARY LOCAL CLIMATOLOGICAL DATA (WS FORM: F-6)

                                          STATION:   Mountain Home Airport
                                          MONTH:     JANUARY
                                          YEAR:      2015
                                          LATITUDE:   36 22 N
                                          LONGITUDE:  92 28 W

  TEMPERATURE IN F:       :PCPN:    SNOW:  WIND      :SUNSHINE: SKY     :PK WND
================================================================================
1   2   3   4   5  6A  6B    7    8   9   10  11  12  13   14  15   16   17  18
                                     12Z  AVG MX 2MIN
DY MAX MIN AVG DEP HDD CDD  WTR  SNW DPTH SPD SPD DIR MIN PSBL S-S WX    SPD DR
================================================================================

 1  37  30  34  -2  31   0 0.11  0.0    0  0.8  7  90   M    M  10 18      8 180
 2  37  34  36   0  29   0 1.12  0.0    0  3.3  9  80   M    M  10 1      13  80
 3  46  36  41   5  24   0 1.07  0.0    0  4.3 17 290   M    M  10        30 280
 4  42  18  30  -6  35   0    T    M    0  8.1 18 300   M    M   5        29 300
 5  33  12  23 -13  42   0 0.00  0.0    0  4.5 12 170   M    M   0        17 140
 6  43  24  34  -2  31   0 0.00  0.0    0  4.8 14 320   M    M   0        21 320
 7  30   4  17 -19  48   0    T    M    0  7.9 17 350   M    M   4        29 340
 8  31   2  17 -19  48   0 0.00  0.0    0  6.4 17 190   M    M   0        23 220
 9  30  15  23 -14  42   0 0.00  0.0    0  6.6 17 340   M    M   2        25 330
10  35   8  22 -15  43   0 0.00  0.0    0  4.6 13 190   M    M   4        17 150
11  33  28  31  -6  34   0    M  0.0    0  6.0 13 150   M    M  10 168    18 140
12  36  25  31  -6  34   0 0.00  0.0    0  5.2 12 360   M    M   8 18     21 340
13  35  15  25 -12  40   0 0.00  0.0    0  3.9  8  70   M    M   0        14 350
14  41  18  30  -7  35   0 0.00  0.0    0  1.6  6 150   M    M   4 1       9 190
15  47  32  40   3  25   0 0.00  0.0    0  3.1 10 310   M    M   5        15 290
16  58  28  43   6  22   0 0.00  0.0    0  3.6  8 170   M    M   0 1      12 180
17  62  35  49  12  16   0 0.00  0.0    0  7.6 16 210   M    M   0        23 220
18  66  34  50  13  15   0 0.00  0.0    0  5.8 13 210   M    M   0        21 320
19  68  40  54  17  11   0 0.00  0.0    0  2.6 10 310   M    M   0        15 320
20  56  37  47  10  18   0    T  0.0    0  3.6 15 350   M    M   3        23 340
21  53  32  43   5  22   0 0.00  0.0    0  2.9  9 330   M    M   1 18     15 330
22  43  34  39   1  26   0 0.00  0.0    0  2.5  9  70   M    M   6        12  60
23  46  27  37  -1  28   0 0.00  0.0    0  2.8 10 300   M    M   3 18     15 290
24  57  27  42   4  23   0 0.00  0.0    0  4.2 13 280   M    M   0 8      20 300
25  50  37  44   6  21   0 0.10    M    0  9.1 20 310   M    M   9 1      31 320
26  59  34  47   9  18   0 0.00  0.0    0  5.5 13 340   M    M   4        22 330
================================================================================
SM 1174  666       761   0  2.40     0.0 121.3          M       98
================================================================================
AV 45.2 25.6                               4.7 FASTST   M    M   4    MAX(MPH)
                                 MISC ---->  # 20 310               # 31  320
================================================================================
NOTES:
# LAST OF SEVERAL OCCURRENCES

COLUMN 17 PEAK WIND IN M.P.H.

PRELIMINARY LOCAL CLIMATOLOGICAL DATA (WS FORM: F-6) , PAGE 2

                                          STATION:  Mountain Home Airport
                                          MONTH:    JANUARY
                                          YEAR:     2015
                                          LATITUDE:   36 22 N
                                          LONGITUDE:  92 28 W

[TEMPERATURE DATA]      [PRECIPITATION DATA]       SYMBOLS USED IN COLUMN 16

AVERAGE MONTHLY: 35.4   TOTAL FOR MONTH:   2.40    1 = FOG OR MIST
DPTR FM NORMAL:  -1.5   DPTR FM NORMAL:    0.43    2 = FOG REDUCING VISIBILITY
HIGHEST:    68 ON 19    GRTST 24HR  1.96 ON  2- 3      TO 1/4 MILE OR LESS
LOWEST:      2 ON  8                               3 = THUNDER
                        SNOW, ICE PELLETS, HAIL    4 = ICE PELLETS
                        TOTAL MONTH:   0.0 INCH    5 = HAIL
                        GRTST 24HR     0.0         6 = FREEZING RAIN OR DRIZZLE
                        GRTST DEPTH:   0           7 = DUSTSTORM OR SANDSTORM:
                                                       VSBY 1/2 MILE OR LESS
                                                   8 = SMOKE OR HAZE
[NO. OF DAYS WITH]      [WEATHER - DAYS WITH]      9 = BLOWING SNOW
                                                   X = TORNADO
MAX 32 OR BELOW:   3    0.01 INCH OR MORE:   4
MAX 90 OR ABOVE:   0    0.10 INCH OR MORE:   4
MIN 32 OR BELOW:  17    0.50 INCH OR MORE:   2
MIN  0 OR BELOW:   0    1.00 INCH OR MORE:   2

[HDD (BASE 65) ]
TOTAL THIS MO.   761    CLEAR  (SCALE 0-3)  12
DPTR FM NORMAL    31    PTCLDY (SCALE 4-7)   9
TOTAL FM JUL 1  2406    CLOUDY (SCALE 8-10)  5
DPTR FM NORMAL   143

[CDD (BASE 65) ]
TOTAL THIS MO.     0
DPTR FM NORMAL     0    [PRESSURE DATA]
TOTAL FM JAN 1     0    HIGHEST SLP M ON M
DPTR FM NORMAL     0    LOWEST  SLP 29.66 ON 25

[REMARKS]
