000
CXUS54 KBRO 230900
CF6BRO
PRELIMINARY LOCAL CLIMATOLOGICAL DATA (WS FORM: F-6)

                                          STATION:   BROWNSVILLE
                                          MONTH:     MAY
                                          YEAR:      2017
                                          LATITUDE:   25 53 N
                                          LONGITUDE:  97 26 W

  TEMPERATURE IN F:       :PCPN:    SNOW:  WIND      :SUNSHINE: SKY     :PK WND
================================================================================
1   2   3   4   5  6A  6B    7    8   9   10  11  12  13   14  15   16   17  18
                                     12Z  AVG MX 2MIN
DY MAX MIN AVG DEP HDD CDD  WTR  SNW DPTH SPD SPD DIR MIN PSBL S-S WX    SPD DR
================================================================================

 1  91  60  76  -2   0  11 0.00  0.0    0  7.8 20 100   M    M   0        26 120
 2  86  66  76  -2   0  11    T  0.0    0  8.6 17 120   M    M   4        21 130
 3  90  76  83   5   0  18 0.00  0.0    0 11.9 24 160   M    M   6        29 150
 4  89  63  76  -2   0  11 0.02  0.0    0 11.2 29  10   M    M   1 3      41  10
 5  88  59  74  -4   0   9 0.00  0.0    0  6.2 16  30   M    M   0        20  40
 6  90  61  76  -3   0  11 0.00  0.0    0  8.0 18 130   M    M   0        23 130
 7  87  63  75  -4   0  10 0.00  0.0    0 11.0 21 140   M    M   3        28 140
 8  84  73  79   0   0  14 0.00  0.0    0 14.1 23 120   M    M   5        29 150
 9  89  77  83   4   0  18 0.00  0.0    0 17.7 29 140   M    M   8        36 150
10  90  77  84   5   0  19 0.00  0.0    0 18.6 30 150   M    M   5        39 170
11  91  78  85   5   0  20 0.00  0.0    0 15.2 28 150   M    M   5        33 160
12  98  74  86   6   0  21 0.01  0.0    0  5.9 28  40   M    M   2 13     34  40
13  93  69  81   1   0  16 0.00  0.0    0  6.3 16 100   M    M   3 128    20 110
14  93  71  82   2   0  17 0.00  0.0    0  9.4 20 130   M    M   1        26 150
15  90  72  81   1   0  16 0.00  0.0    0 13.6 23 130   M    M   6        28 140
16  90  79  85   5   0  20 0.00  0.0    0 19.5 28 140   M    M   6        35 160
17  91  80  86   5   0  21 0.00  0.0    0 18.5 31 180   M    M   8        38 180
18  92  80  86   5   0  21 0.00  0.0    0 16.5 29 150   M    M   8        37 150
19  94  79  87   6   0  22 0.00  0.0    0 16.1 29 150   M    M   5        34 160
20  92  80  86   5   0  21 0.00  0.0    0 13.9 25 130   M    M   6        30 130
21  94  80  87   6   0  22 0.00  0.0    0 10.4 18  80   M    M   6        26 110
22  98  81  90   8   0  25    T  0.0    0 11.7 24 140   M    M   5        30 140
================================================================================
SM 2000 1598         0 374  0.03     0.0 272.1          M       93
================================================================================
AV 90.9 72.6                              12.4 FASTST   M    M   4    MAX(MPH)
                                 MISC ---->  # 31 180               # 41   10
================================================================================
NOTES:
# LAST OF SEVERAL OCCURRENCES

COLUMN 17 PEAK WIND IN M.P.H.

PRELIMINARY LOCAL CLIMATOLOGICAL DATA (WS FORM: F-6) , PAGE 2

                                          STATION:  BROWNSVILLE
                                          MONTH:    MAY
                                          YEAR:     2017
                                          LATITUDE:   25 53 N
                                          LONGITUDE:  97 26 W

[TEMPERATURE DATA]      [PRECIPITATION DATA]       SYMBOLS USED IN COLUMN 16

AVERAGE MONTHLY: 81.8   TOTAL FOR MONTH:   0.03    1 = FOG OR MIST
DPTR FM NORMAL:   2.1   DPTR FM NORMAL:   -1.79    2 = FOG REDUCING VISIBILITY
HIGHEST:    98 ON 22,12 GRTST 24HR  0.02 ON  4- 4      TO 1/4 MILE OR LESS
LOWEST:     59 ON  5                               3 = THUNDER
                        SNOW, ICE PELLETS, HAIL    4 = ICE PELLETS
                        TOTAL MONTH:   0.0 INCH    5 = HAIL
                        GRTST 24HR     0.0         6 = FREEZING RAIN OR DRIZZLE
                        GRTST DEPTH:   0           7 = DUSTSTORM OR SANDSTORM:
                                                       VSBY 1/2 MILE OR LESS
                                                   8 = SMOKE OR HAZE
[NO. OF DAYS WITH]      [WEATHER - DAYS WITH]      9 = BLOWING SNOW
                                                   X = TORNADO
MAX 32 OR BELOW:   0    0.01 INCH OR MORE:   2
MAX 90 OR ABOVE:  16    0.10 INCH OR MORE:   0
MIN 32 OR BELOW:   0    0.50 INCH OR MORE:   0
MIN  0 OR BELOW:   0    1.00 INCH OR MORE:   0

[HDD (BASE 65) ]
TOTAL THIS MO.     0    CLEAR  (SCALE 0-3)   7
DPTR FM NORMAL     0    PTCLDY (SCALE 4-7)  13
TOTAL FM JUL 1   201    CLOUDY (SCALE 8-10)  2
DPTR FM NORMAL  -353

[CDD (BASE 65) ]
TOTAL THIS MO.   374
DPTR FM NORMAL    53    [PRESSURE DATA]
TOTAL FM JAN 1  1471    HIGHEST SLP M ON M
DPTR FM NORMAL   533    LOWEST  SLP 29.65 ON 17

[REMARKS]
