000
CXUS54 KBRO 280900
CF6BRO
PRELIMINARY LOCAL CLIMATOLOGICAL DATA (WS FORM: F-6)

                                          STATION:   BROWNSVILLE
                                          MONTH:     APRIL
                                          YEAR:      2016
                                          LATITUDE:   25 53 N
                                          LONGITUDE:  97 26 W

  TEMPERATURE IN F:       :PCPN:    SNOW:  WIND      :SUNSHINE: SKY     :PK WND
================================================================================
1   2   3   4   5  6A  6B    7    8   9   10  11  12  13   14  15   16   17  18
                                     12Z  AVG MX 2MIN
DY MAX MIN AVG DEP HDD CDD  WTR  SNW DPTH SPD SPD DIR MIN PSBL S-S WX    SPD DR
================================================================================

 1  86  62  74   2   0   9    T  0.0    0 11.7 28  20   M    M   9 18     40  10
 2  72  57  65  -7   0   0 0.00  0.0    0  9.9 17 360   M    M   7        25 350
 3  77  50  64  -9   1   0 0.00  0.0    0  6.0 16 120   M    M   2        25 140
 4  82  53  68  -5   0   3 0.00  0.0    0  5.4 17 100   M    M   0        22  70
 5  80  58  69  -4   0   4 0.00  0.0    0  9.6 18 120   M    M   1        24 140
 6  83  63  73   0   0   8 0.00  0.0    0  7.6 23 170   M    M   0        29 180
 7  81  64  73   0   0   8 0.00  0.0    M  6.1 16 130   M    M   1 2      20 100
 8  82  68  75   1   0  10    T  0.0    0  9.1 20  80   M    M   4 1      24  80
 9  81  65  73  -1   0   8 0.00  0.0    0 12.5 24 150   M    M   2        30 130
10  85  67  76   2   0  11 0.09  0.0    0 16.5 33 150   M    M   3 13     42 140
11  85  74  80   6   0  15 0.00  0.0    0 14.8 28 160   M    M  10 18     35 160
12  84  73  79   5   0  14    T  0.0    0  8.5 20 130   M    M   9 1      22 130
13  78  68  73  -1   0   8 0.10  0.0    0  6.3 17  20   M    M   8 1      22  10
14  83  64  74   0   0   9 0.00  0.0    0  8.8 17  50   M    M   4 1      23  60
15  82  59  71  -4   0   6 0.00  0.0    0  7.4 15 120   M    M   7 12     19 110
16  81  72  77   2   0  12    T  0.0    0 11.1 16 130   M    M  10 1      21 140
17  86  75  81   6   0  16 0.00  0.0    0 14.1 23 160   M    M  10 1      29 150
18  91  66  79   4   0  14 2.25  0.0    0 15.0 38 300   M    M   5 138    48 300
19  84  66  75   0   0  10 0.06  0.0    0  8.1 39 110   M    M   2        54 110
20  84  70  77   1   0  12 0.00  0.0    0  9.3 16 140   M    M   4 1      21 120
21  86  70  78   2   0  13 0.01  0.0    0  7.6 17  90   M    M   5 123    20 130
22  84  69  77   1   0  12 0.00  0.0    0  7.4 20  50   M    M   4 12     25  40
23  83  69  76   0   0  11    T  0.0    0  8.1 17 110   M    M   2        22 100
24  84  67  76   0   0  11 0.72  0.0    0 11.2 23 170   M    M   7 13     27 150
25  86  74  80   4   0  15 0.00  0.0    0 14.3 22 140   M    M   8 18     28 140
26  86  75  81   4   0  16 0.00  0.0    0 16.9 30 170   M    M   8 18     36 160
27  90  75  83   6   0  18 0.00  0.0    0  8.4 21 180   M    M   7 18     26 170
================================================================================
SM 2246 1793         1 273  3.23     0.0 271.7          M      139
================================================================================
AV 83.2 66.4                              10.1 FASTST   M    M   5    MAX(MPH)
                                 MISC ---->  # 39 110               # 54  110
================================================================================
NOTES:
# LAST OF SEVERAL OCCURRENCES

COLUMN 17 PEAK WIND IN M.P.H.

PRELIMINARY LOCAL CLIMATOLOGICAL DATA (WS FORM: F-6) , PAGE 2

                                          STATION:  BROWNSVILLE
                                          MONTH:    APRIL
                                          YEAR:     2016
                                          LATITUDE:   25 53 N
                                          LONGITUDE:  97 26 W

[TEMPERATURE DATA]      [PRECIPITATION DATA]       SYMBOLS USED IN COLUMN 16

AVERAGE MONTHLY: 74.8   TOTAL FOR MONTH:   3.23    1 = FOG OR MIST
DPTR FM NORMAL:   0.3   DPTR FM NORMAL:    1.84    2 = FOG REDUCING VISIBILITY
HIGHEST:    91 ON 18    GRTST 24HR  2.31 ON 18-19      TO 1/4 MILE OR LESS
LOWEST:     50 ON  3                               3 = THUNDER
                        SNOW, ICE PELLETS, HAIL    4 = ICE PELLETS
                        TOTAL MONTH:   0.0 INCH    5 = HAIL
                        GRTST 24HR     0.0         6 = FREEZING RAIN OR DRIZZLE
                        GRTST DEPTH:   0           7 = DUSTSTORM OR SANDSTORM:
                                                       VSBY 1/2 MILE OR LESS
                                                   8 = SMOKE OR HAZE
[NO. OF DAYS WITH]      [WEATHER - DAYS WITH]      9 = BLOWING SNOW
                                                   X = TORNADO
MAX 32 OR BELOW:   0    0.01 INCH OR MORE:   6
MAX 90 OR ABOVE:   2    0.10 INCH OR MORE:   3
MIN 32 OR BELOW:   0    0.50 INCH OR MORE:   2
MIN  0 OR BELOW:   0    1.00 INCH OR MORE:   1

[HDD (BASE 65) ]
TOTAL THIS MO.     1    CLEAR  (SCALE 0-3)   9
DPTR FM NORMAL    -5    PTCLDY (SCALE 4-7)  13
TOTAL FM JUL 1   374    CLOUDY (SCALE 8-10)  5
DPTR FM NORMAL  -178

[CDD (BASE 65) ]
TOTAL THIS MO.   273
DPTR FM NORMAL     8    [PRESSURE DATA]
TOTAL FM JAN 1   624    HIGHEST SLP M ON M
DPTR FM NORMAL    44    LOWEST  SLP 29.54 ON 27

[REMARKS]
