988
CXUS55 KMSO 240900
CF6BTM
PRELIMINARY LOCAL CLIMATOLOGICAL DATA (WS FORM: F-6)

                                          STATION:   BUTTE MT
                                          MONTH:     JULY
                                          YEAR:      2017
                                          LATITUDE:   45 57 N
                                          LONGITUDE: 112 30 W

  TEMPERATURE IN F:       :PCPN:    SNOW:  WIND      :SUNSHINE: SKY     :PK WND
================================================================================
1   2   3   4   5  6A  6B    7    8   9   10  11  12  13   14  15   16   17  18
                                     12Z  AVG MX 2MIN
DY MAX MIN AVG DEP HDD CDD  WTR  SNW DPTH SPD SPD DIR MIN PSBL S-S WX    SPD DR
================================================================================

 1  85  45  65   5   0   0 0.00    M    M  4.7 16 330   M    M   0        19 340
 2  84  52  68   8   0   3 0.01    M    M  5.5 29 130   M    M   2 3      36 130
 3  86  46  66   5   0   1 0.00    M    M  7.6 23 290   M    M   1 8      31 280
 4  88  45  67   6   0   2 0.00    M    M  5.3 18 210   M    M   0        24 200
 5  93  47  70   9   0   5 0.01    M    M  6.7 25 160   M    M   1 3      35 260
 6  92  52  72  10   0   7    T    M    M  5.7 25 250   M    M   1 3      38 250
 7  90  52  71   9   0   6    T    M    M  5.3 22 220   M    M   1 3      32 220
 8  93  53  73  11   0   8 0.00    M    M  5.9 21 190   M    M   1 3      26 180
 9  88  51  70   8   0   5 0.02    M    M  8.5 28 220   M    M   2 3      40 220
10  77  50  64   2   1   0 0.23    M    M  5.1 18 220   M    M   4 3      25 220
11  79  52  66   3   0   1 0.02    M    M  5.6 15 330   M    M   3        19 320
12  85  46  66   3   0   1 0.00    M    M  4.7 13 300   M    M   1        17  20
13  91  47  69   6   0   4 0.01    M    M  4.7 16 340   M    M   1 3      20 340
14  93  51  72   9   0   7 0.17    M    M  6.3 28 160   M    M   1 3      39 160
15  91  51  71   7   0   6 0.03    M    M  6.0 33 160   M    M   2        41 170
16  86  47  67   3   0   2 0.00    M    M  7.4 21 230   M    M   0        30 250
17  81  42  62  -2   3   0 0.00    M    M  5.5 17 320   M    M   1        24 330
18  87  43  65   1   0   0 0.00    M    M  4.3 16 320   M    M   1 3      20 310
19  88  49  69   5   0   4 0.00    M    M  4.7 16 140   M    M   1 38     20 140
20  89  46  68   4   0   3 0.00    M    M  9.2 24 280   M    M   0        34 200
21  82  44  63  -1   2   0 0.00    M    M  8.2 22 280   M    M   0        36 270
22  85  41  63  -1   2   0 0.00    M    M  5.6 14 310   M    M   0        18 330
23  91  47  69   5   0   4 0.00    M    M  4.5 15 300   M    M   0        20 200
================================================================================
SM 2004 1099         8  69  0.50    M    137.0          M       24
================================================================================
AV 87.1 47.8                               6.0 FASTST   M    M   1    MAX(MPH)
                                 MISC ---->  # 33 160               # 41  170
================================================================================
NOTES:
# LAST OF SEVERAL OCCURRENCES

COLUMN 17 PEAK WIND IN M.P.H.

PRELIMINARY LOCAL CLIMATOLOGICAL DATA (WS FORM: F-6) , PAGE 2

                                          STATION:  BUTTE MT
                                          MONTH:    JULY
                                          YEAR:     2017
                                          LATITUDE:   45 57 N
                                          LONGITUDE: 112 30 W

[TEMPERATURE DATA]      [PRECIPITATION DATA]       SYMBOLS USED IN COLUMN 16

AVERAGE MONTHLY: 67.5   TOTAL FOR MONTH:   0.50    1 = FOG OR MIST
DPTR FM NORMAL:   4.8   DPTR FM NORMAL:   -0.52    2 = FOG REDUCING VISIBILITY
HIGHEST:    93 ON 14, 8 GRTST 24HR  0.25 ON  9-10      TO 1/4 MILE OR LESS
LOWEST:     41 ON 22                               3 = THUNDER
                        SNOW, ICE PELLETS, HAIL    4 = ICE PELLETS
                        TOTAL MONTH:    M          5 = HAIL
                        GRTST 24HR    M  ON   M    6 = FREEZING RAIN OR DRIZZLE
                        GRTST DEPTH:  M  ON   M    7 = DUSTSTORM OR SANDSTORM:
                                                       VSBY 1/2 MILE OR LESS
                                                   8 = SMOKE OR HAZE
[NO. OF DAYS WITH]      [WEATHER - DAYS WITH]      9 = BLOWING SNOW
                                                   X = TORNADO
MAX 32 OR BELOW:   0    0.01 INCH OR MORE:   8
MAX 90 OR ABOVE:   8    0.10 INCH OR MORE:   2
MIN 32 OR BELOW:   0    0.50 INCH OR MORE:   0
MIN  0 OR BELOW:   0    1.00 INCH OR MORE:   0

[HDD (BASE 65) ]
TOTAL THIS MO.     8    CLEAR  (SCALE 0-3)  21
DPTR FM NORMAL   -75    PTCLDY (SCALE 4-7)   2
TOTAL FM JUL 1     8    CLOUDY (SCALE 8-10)  0
DPTR FM NORMAL   -75

[CDD (BASE 65) ]
TOTAL THIS MO.    69
DPTR FM NORMAL    36    [PRESSURE DATA]
TOTAL FM JAN 1    81    HIGHEST SLP M ON M
DPTR FM NORMAL    41    LOWEST  SLP 29.75 ON M

[REMARKS]
