000
CXUS53 KLMK 300800
CF6BWG
PRELIMINARY LOCAL CLIMATOLOGICAL DATA (WS FORM: F-6)

                                          STATION:   BOWLING GREEN KY
                                          MONTH:     JULY
                                          YEAR:      2014
                                          LATITUDE:   36 58 N
                                          LONGITUDE:  86 26 W

  TEMPERATURE IN F:       :PCPN:    SNOW:  WIND      :SUNSHINE: SKY     :PK WND
================================================================================
1   2   3   4   5  6A  6B    7    8   9   10  11  12  13   14  15   16   17  18
                                     12Z  AVG MX 2MIN
DY MAX MIN AVG DEP HDD CDD  WTR  SNW DPTH SPD SPD DIR MIN PSBL S-S WX    SPD DR
================================================================================

 1  95  69  82   4   0  17 0.23  0.0    0 10.2 25 310   M    M   4 138    37 320
 2  88  69  79   1   0  14 0.01  0.0    0  4.9 14 220   M    M   5        19 320
 3  78  62  70  -8   0   5 0.00  0.0    0  5.3 14 320   M    M   3        20 300
 4  82  59  71  -7   0   6 0.00  0.0    0  4.5 15  40   M    M   0 8      19  40
 5  88  53  71  -7   0   6 0.00  0.0    0  3.0 13 110   M    M   0 18     18 110
 6  90  60  75  -3   0  10 0.00  0.0    0  6.9 20 200   M    M   1        24 220
 7  93  64  79   0   0  14 0.76  0.0    0 10.3 23 200   M    M   2 13     29 210
 8  89  73  81   2   0  16 0.00  0.0    0 11.4 22 260   M    M   3        34 250
 9  87  66  77  -2   0  12 0.25  0.0    0  4.6 14 280   M    M   4 13     18 270
10  88  62  75  -4   0  10 0.00  0.0    0  3.0 12 290   M    M   1        15  20
11  91  63  77  -2   0  12 0.00  0.0    0  1.4  9 330   M    M   1        13 350
12  93  65  79   0   0  14 0.00  0.0    0  1.8  9 150   M    M   1 18     14 170
13  95  71  83   4   0  18 0.00  0.0    0  7.8 17 250   M    M   2        25 220
14  90  72  81   2   0  16 1.03  0.0    0  9.6 18 230   M    M   5 13     25 240
15  79  59  69 -10   0   4 0.00  0.0    0  5.9 16 280   M    M   3        24 280
16  78  54  66 -13   0   1 0.00  0.0    0  2.8 10 320   M    M   2        15 320
17  82  55  69 -10   0   4 0.00  0.0    0  4.3 12  50   M    M   1 1      15  60
18  71  64  68 -11   0   3 0.02  0.0    0  3.7 10 110   M    M   9 1      13 100
19  72  64  68 -11   0   3 0.18  0.0    0  4.9 10  50   M    M  10 1      13  50
20  87  68  78  -1   0  13 0.00  0.0    0  1.8  8 280   M    M   6 1      11 280
21  91  65  78  -1   0  13 0.00  0.0    0  2.1 12  40   M    M   1 18     14  70
22  93  69  81   2   0  16 0.00  0.0    0  4.4 13 180   M    M   2        16 190
23  93  73  83   4   0  18 0.00  0.0    0  5.8 15 220   M    M   1 3      21 240
24  85  61  73  -6   0   8 0.00  0.0    0  5.5 13  40   M    M   5        17  20
25  86  54  70  -9   0   5 0.00  0.0    0  2.3 10 140   M    M   0        16 340
26  95  63  79   0   0  14 0.05  0.0    0  8.9 20 220   M    M   1 13     25  20
27  96  73  85   6   0  20    T  0.0    0 10.4 24 270   M    M   4 3      32 270
28  82  65  74  -5   0   9 0.00  0.0    0  7.0 16 300   M    M   2        23 290
29  79  57  68 -11   0   3 0.00  0.0    0  5.4 13  40   M    M   2        18  20
================================================================================
SM 2516 1852         0 304  2.53     0.0 159.9          M       81
================================================================================
AV 86.8 63.9                               5.5 FASTST   M    M   3    MAX(MPH)
                                 MISC ---->  # 25 310               # 37  320
================================================================================
NOTES:
# LAST OF SEVERAL OCCURRENCES

COLUMN 17 PEAK WIND IN M.P.H.

PRELIMINARY LOCAL CLIMATOLOGICAL DATA (WS FORM: F-6) , PAGE 2

                                          STATION:  BOWLING GREEN KY
                                          MONTH:    JULY
                                          YEAR:     2014
                                          LATITUDE:   36 58 N
                                          LONGITUDE:  86 26 W

[TEMPERATURE DATA]      [PRECIPITATION DATA]       SYMBOLS USED IN COLUMN 16

AVERAGE MONTHLY: 75.3   TOTAL FOR MONTH:   2.53    1 = FOG OR MIST
DPTR FM NORMAL:  -3.5   DPTR FM NORMAL:   -1.36    2 = FOG REDUCING VISIBILITY
HIGHEST:    96 ON 27    GRTST 24HR  1.03 ON 14-14      TO 1/4 MILE OR LESS
LOWEST:     53 ON  5                               3 = THUNDER
                        SNOW, ICE PELLETS, HAIL    4 = ICE PELLETS
                        TOTAL MONTH:   0.0 INCH    5 = HAIL
                        GRTST 24HR     0.0         6 = FREEZING RAIN OR DRIZZLE
                        GRTST DEPTH:   0           7 = DUSTSTORM OR SANDSTORM:
                                                       VSBY 1/2 MILE OR LESS
                                                   8 = SMOKE OR HAZE
[NO. OF DAYS WITH]      [WEATHER - DAYS WITH]      9 = BLOWING SNOW
                                                   X = TORNADO
MAX 32 OR BELOW:   0    0.01 INCH OR MORE:   8
MAX 90 OR ABOVE:  12    0.10 INCH OR MORE:   5
MIN 32 OR BELOW:   0    0.50 INCH OR MORE:   2
MIN  0 OR BELOW:   0    1.00 INCH OR MORE:   1

[HDD (BASE 65) ]
TOTAL THIS MO.     0    CLEAR  (SCALE 0-3)  19
DPTR FM NORMAL     0    PTCLDY (SCALE 4-7)   8
TOTAL FM JUL 1     0    CLOUDY (SCALE 8-10)  2
DPTR FM NORMAL     0

[CDD (BASE 65) ]
TOTAL THIS MO.   304
DPTR FM NORMAL   -97    [PRESSURE DATA]
TOTAL FM JAN 1   850    HIGHEST SLP M ON M
DPTR FM NORMAL    -9    LOWEST  SLP 29.72 ON 27

[REMARKS]
