000
CXUS53 KLMK 250800
CF6BWG
PRELIMINARY LOCAL CLIMATOLOGICAL DATA (WS FORM: F-6)

                                          STATION:   BOWLING GREEN KY
                                          MONTH:     JUNE
                                          YEAR:      2017
                                          LATITUDE:   36 58 N
                                          LONGITUDE:  86 26 W

  TEMPERATURE IN F:       :PCPN:    SNOW:  WIND      :SUNSHINE: SKY     :PK WND
================================================================================
1   2   3   4   5  6A  6B    7    8   9   10  11  12  13   14  15   16   17  18
                                     12Z  AVG MX 2MIN
DY MAX MIN AVG DEP HDD CDD  WTR  SNW DPTH SPD SPD DIR MIN PSBL S-S WX    SPD DR
================================================================================

 1  83  61  72   1   0   7 0.04  0.0    0  2.1  8 290   M    M   2 1      11 340
 2  86  63  75   4   0  10 0.00  0.0    0  2.3 10 100   M    M   1        14 120
 3  87  60  74   2   0   9 0.00  0.0    0  4.0 14  70   M    M   0        20  90
 4  85  63  74   2   0   9 2.52  0.0    0  3.2 17 180   M    M   7 138    23 170
 5  78  68  73   1   0   8 1.21  0.0    0  2.4  9 190   M    M   6 13     11 210
 6  81  60  71  -2   0   6 0.00  0.0    0  5.8 15  40   M    M   5 12     21  30
 7  76  56  66  -7   0   1 0.00  0.0    0  6.5 17  40   M    M   4        22  50
 8  75  56  66  -7   0   1 0.00  0.0    0  3.2  9 280   M    M   3        13 280
 9  81  52  67  -7   0   2 0.00  0.0    0  2.7 10 150   M    M   0 1      20 330
10  85  57  71  -3   0   6 0.00  0.0    0  6.1 17 230   M    M   1 1      22 190
11  89  62  76   2   0  11 0.00  0.0    0  5.8 18 180   M    M   1        24 170
12  91  69  80   6   0  15 0.00  0.0    0  6.1 15 160   M    M   3 3      20 200
13  91  72  82   7   0  17 0.47  0.0    0  4.9 21 100   M    M   3 3      25 110
14  91  68  80   5   0  15 0.00  0.0    0  6.3 13 220   M    M   0 1      19 220
15  79  68  74  -1   0   9 1.34  0.0    0  5.1 31 280   M    M   4 13     40 270
16  86  69  78   3   0  13 0.00  0.0    0  3.8 10 210   M    M   5 1      14 130
17  89  67  78   2   0  13 0.00  0.0    0  6.9 16 200   M    M   1 1      22 160
18  89  72  81   5   0  16 0.17  0.0    0  7.1 25 270   M    M   3 138    30 260
19  85  68  77   1   0  12 0.00  0.0    0  5.7 16 280   M    M   3        21 280
20  88  63  76   0   0  11 0.00  0.0    0  3.9 13 280   M    M   0        15 260
21  88  67  78   2   0  13 0.00  0.0    0  7.0 15 180   M    M   0        17 170
22  80  71  76  -1   0  11 1.18  0.0    0  8.9 17 160   M    M   6 1      24 120
23  84  73  79   2   0  14 0.97  0.0    0 10.9 23 170   M    M   5 1      32 170
24  81  64  73  -4   0   8 0.00  0.0    0  5.0 15 280   M    M   1 1      21 280
================================================================================
SM 2028 1549         0 237  7.90     0.0 125.7          M       64
================================================================================
AV 84.5 64.5                               5.2 FASTST   M    M   3    MAX(MPH)
                                 MISC ---->  # 31 280               # 40  270
================================================================================
NOTES:
# LAST OF SEVERAL OCCURRENCES

COLUMN 17 PEAK WIND IN M.P.H.

PRELIMINARY LOCAL CLIMATOLOGICAL DATA (WS FORM: F-6) , PAGE 2

                                          STATION:  BOWLING GREEN KY
                                          MONTH:    JUNE
                                          YEAR:     2017
                                          LATITUDE:   36 58 N
                                          LONGITUDE:  86 26 W

[TEMPERATURE DATA]      [PRECIPITATION DATA]       SYMBOLS USED IN COLUMN 16

AVERAGE MONTHLY: 74.5   TOTAL FOR MONTH:   7.90    1 = FOG OR MIST
DPTR FM NORMAL:   0.2   DPTR FM NORMAL:    4.49    2 = FOG REDUCING VISIBILITY
HIGHEST:    91 ON 14,13 GRTST 24HR  2.52 ON  4- 4      TO 1/4 MILE OR LESS
LOWEST:     52 ON  9                               3 = THUNDER
                        SNOW, ICE PELLETS, HAIL    4 = ICE PELLETS
                        TOTAL MONTH:   0.0 INCH    5 = HAIL
                        GRTST 24HR     0.0         6 = FREEZING RAIN OR DRIZZLE
                        GRTST DEPTH:   0           7 = DUSTSTORM OR SANDSTORM:
                                                       VSBY 1/2 MILE OR LESS
                                                   8 = SMOKE OR HAZE
[NO. OF DAYS WITH]      [WEATHER - DAYS WITH]      9 = BLOWING SNOW
                                                   X = TORNADO
MAX 32 OR BELOW:   0    0.01 INCH OR MORE:   8
MAX 90 OR ABOVE:   3    0.10 INCH OR MORE:   7
MIN 32 OR BELOW:   0    0.50 INCH OR MORE:   5
MIN  0 OR BELOW:   0    1.00 INCH OR MORE:   4

[HDD (BASE 65) ]
TOTAL THIS MO.     0    CLEAR  (SCALE 0-3)  15
DPTR FM NORMAL    -3    PTCLDY (SCALE 4-7)   9
TOTAL FM JUL 1  2989    CLOUDY (SCALE 8-10)  0
DPTR FM NORMAL -1057

[CDD (BASE 65) ]
TOTAL THIS MO.   237
DPTR FM NORMAL     8    [PRESSURE DATA]
TOTAL FM JAN 1   486    HIGHEST SLP M ON M
DPTR FM NORMAL   104    LOWEST  SLP 29.60 ON 23

[REMARKS]
