000
CXUS51 KLWX 310620
CF6BWI
PRELIMINARY LOCAL CLIMATOLOGICAL DATA (WS FORM: F-6)

                                          STATION:   BALTIMORE MD
                                          MONTH:     AUGUST
                                          YEAR:      2016
                                          LATITUDE:   39 10 N
                                          LONGITUDE:  76 40 W

  TEMPERATURE IN F:       :PCPN:    SNOW:  WIND      :SUNSHINE: SKY     :PK WND
================================================================================
1   2   3   4   5  6A  6B    7    8   9   10  11  12  13   14  15   16   17  18
                                     12Z  AVG MX 2MIN
DY MAX MIN AVG DEP HDD CDD  WTR  SNW DPTH SPD SPD DIR MIN PSBL S-S WX    SPD DR
================================================================================

 1  89  71  80   3   0  15 0.06  0.0    0  2.6 15  50   M    M   8 18     21  30
 2  87  73  80   4   0  15    T  0.0    0  8.2 18 120   M    M   7 1      24 110
 3  82  69  76   0   0  11 0.00  0.0    0  6.8 14  60   M    M   5        19 100
 4  83  64  74  -2   0   9 0.00  0.0    0  4.4 12  50   M    M   4        17  40
 5  83  67  75  -1   0  10 0.00  0.0    0  4.1 15 210   M    M   7        19 200
 6  90  73  82   6   0  17 0.00  0.0    0  6.0 15 260   M    M   7        18 310
 7  89  67  78   2   0  13 0.00  0.0    0  3.8 13 290   M    M   2        19 340
 8  89  65  77   1   0  12 0.00  0.0    0  3.0 12 250   M    M   6        15 200
 9  81  62  72  -4   0   7    T  0.0    0  2.5  9 170   M    M   7 18     13 190
10  93  75  84   8   0  19 0.00  0.0    0  6.6 17 220   M    M   8        22 220
11  96  77  87  11   0  22 0.00  0.0    0  7.0 16 220   M    M   5        24 220
12  96  79  88  12   0  23 0.32  0.0    0  4.6 25 280   M    M   4 13     31 270
13  98  77  88  12   0  23 0.00  0.0    0  4.8 14 210   M    M   3        19 200
14  98  73  86  10   0  21 0.20  0.0    0  8.1 30 290   M    M   4 13     41 290
15  93  72  83   7   0  18 1.64  0.0    0  3.3 20 240   M    M   6 138    25 240
16  94  72  83   8   0  18 0.00  0.0    0  5.2 14 260   M    M   6 1      22 200
17  91  72  82   7   0  17 1.36  0.0    0  7.3 22 270   M    M   7 13     35 280
18  89  73  81   6   0  16 0.00  0.0    0  5.0 13 280   M    M   6        22 340
19  88  69  79   4   0  14 0.00  0.0    0  3.4  9 310   M    M   5        18 360
20  88  68  78   3   0  13 0.00  0.0    0  3.5 13 110   M    M   2        15 110
21  84  67  76   1   0  11 0.38  0.0    0  4.4 20 310   M    M   7 138    27 300
22  82  63  73  -2   0   8 0.00  0.0    0  5.8 17 330   M    M   2        25 330
23  82  59  71  -3   0   6 0.00  0.0    0  1.3  9 140   M    M   2        14  50
24  85  60  73  -1   0   8 0.00  0.0    0  3.9 13 130   M    M   4        16 140
25  88  66  77   3   0  12 0.00  0.0    0  4.2 10 210   M    M   6        14 180
26  93  74  84  10   0  19 0.00  0.0    0  3.5 15 280   M    M   5        23 340
27  90  69  80   6   0  15 0.00  0.0    0  4.6 13 100   M    M   3        18  30
28  88  68  78   4   0  13 0.00  0.0    0  4.4 12 130   M    M   3 1      15 130
29  93  68  81   8   0  16 0.00  0.0    0  3.9 15  50   M    M   5        20  30
30  90  67  79   6   0  14 0.00  0.0    0  4.0 12  60   M    M   2        15  50
================================================================================
SM 2672 2079         0 435  3.96     0.0 140.2          M      148
================================================================================
AV 89.1 69.3                               4.7 FASTST   M    M   5    MAX(MPH)
                                 MISC ---->  # 30 290               # 41  290
================================================================================
NOTES:
# LAST OF SEVERAL OCCURRENCES

COLUMN 17 PEAK WIND IN M.P.H.

PRELIMINARY LOCAL CLIMATOLOGICAL DATA (WS FORM: F-6) , PAGE 2

                                          STATION:  BALTIMORE MD
                                          MONTH:    AUGUST
                                          YEAR:     2016
                                          LATITUDE:   39 10 N
                                          LONGITUDE:  76 40 W

[TEMPERATURE DATA]      [PRECIPITATION DATA]       SYMBOLS USED IN COLUMN 16

AVERAGE MONTHLY: 79.2   TOTAL FOR MONTH:   3.96    1 = FOG OR MIST
DPTR FM NORMAL:   4.0   DPTR FM NORMAL:    0.77    2 = FOG REDUCING VISIBILITY
HIGHEST:    98 ON 14,13 GRTST 24HR  1.64 ON 15-15      TO 1/4 MILE OR LESS
LOWEST:     59 ON 23                               3 = THUNDER
                        SNOW, ICE PELLETS, HAIL    4 = ICE PELLETS
                        TOTAL MONTH:   0.0 INCH    5 = HAIL
                        GRTST 24HR     0.0         6 = FREEZING RAIN OR DRIZZLE
                        GRTST DEPTH:   0           7 = DUSTSTORM OR SANDSTORM:
                                                       VSBY 1/2 MILE OR LESS
                                                   8 = SMOKE OR HAZE
[NO. OF DAYS WITH]      [WEATHER - DAYS WITH]      9 = BLOWING SNOW
                                                   X = TORNADO
MAX 32 OR BELOW:   0    0.01 INCH OR MORE:   6
MAX 90 OR ABOVE:  13    0.10 INCH OR MORE:   5
MIN 32 OR BELOW:   0    0.50 INCH OR MORE:   2
MIN  0 OR BELOW:   0    1.00 INCH OR MORE:   2

[HDD (BASE 65) ]
TOTAL THIS MO.     0    CLEAR  (SCALE 0-3)   8
DPTR FM NORMAL     0    PTCLDY (SCALE 4-7)  22
TOTAL FM JUL 1     0    CLOUDY (SCALE 8-10)  0
DPTR FM NORMAL     0

[CDD (BASE 65) ]
TOTAL THIS MO.   435
DPTR FM NORMAL   127    [PRESSURE DATA]
TOTAL FM JAN 1  1254    HIGHEST SLP M ON M
DPTR FM NORMAL   252    LOWEST  SLP 29.74 ON 21

[REMARKS]
