000
CXUS55 KGJT 301000
CF6CAG
PRELIMINARY LOCAL CLIMATOLOGICAL DATA (WS FORM: F-6)

                                          STATION:   CRAIG CO
                                          MONTH:     JUNE
                                          YEAR:      2015
                                          LATITUDE:   40 30 N
                                          LONGITUDE: 107 32 W

  TEMPERATURE IN F:       :PCPN:    SNOW:  WIND      :SUNSHINE: SKY     :PK WND
================================================================================
1   2   3   4   5  6A  6B    7    8   9   10  11  12  13   14  15   16   17  18
                                     12Z  AVG MX 2MIN
DY MAX MIN AVG DEP HDD CDD  WTR  SNW DPTH SPD SPD DIR MIN PSBL S-S WX    SPD DR
================================================================================

 1  82  46  64   9   1   0 0.01    M    M  7.3 26 250   M    M   1 3      33 250
 2  79  41  60   4   5   0 0.00    M    M  7.7 25 260   M    M   0        34 260
 3  81  36  59   3   6   0 0.00    M    M  5.7 20 240   M    M   0        25 210
 4  83  38  61   5   4   0 0.00    M    M  4.1 12  60   M    M   0        16  20
 5  76  40  58   2   7   0    T    M    M  6.8 28 180   M    M   3        33 180
 6  70  42  56  -1   9   0    T    M    M  6.7 20 240   M    M   4        26 240
 7  74  37  56  -1   9   0 0.01    M    M  5.7 28 300   M    M   1 3      34 290
 8  79  36  58   1   7   0 0.00    M    M  2.2 13 310   M    M   0        15 310
 9  84  39  62   4   3   0 0.00    M    M  3.1 13 340   M    M   1        22 290
10  67  50  59   1   6   0    T    M    M  4.6 20 240   M    M   8 3      25 250
11  66  46  56  -2   9   0 0.12    M    M  3.2 15 160   M    M   8 13     17 160
12  78  49  64   6   1   0 0.00    M    M  3.1 14 270   M    M   4        17 280
13  84  44  64   5   1   0 0.00    M    M  3.5 23 210   M    M   1        29 210
14  84  40  62   3   3   0    T    M    M  2.9 17 350   M    M   1        23 340
15  85  41  63   4   2   0 0.02    M    M  6.5 26 210   M    M   1 3      32 350
16  86  52  69   9   0   4 0.06    M    M  6.3 23 210   M    M   4 3      30 220
17  89  44  67   7   0   2 0.00    M    M  5.7 23 230   M    M   0        31 270
18  90  41  66   6   0   1    T    M    M  3.5 20 210   M    M   0        24 220
19  93  39  66   6   0   1 0.00    M    M  9.2 24 200   M    M   0        31 220
20  90  40  65   4   0   0 0.00    M    M  5.4 24 260   M    M   0        36 250
21  94  42  68   7   0   3 0.00    M    M 11.1 33 230   M    M   0        42 210
22  93  42  68   7   0   3 0.00    M    M  5.8 24 230   M    M   0        33 230
23  93  42  68   6   0   3 0.00    M    M  4.8 23 220   M    M   0        35 260
24  91  50  71   9   0   6    T    M    M  9.2 41 210   M    M   0        60 210
25  93  46  70   8   0   5    T    M    M  6.0 28 260   M    M   1        33 260
26  90  46  68   5   0   3 0.00    M    M  4.0 14 330   M    M   0        18 340
27  95  43  69   6   0   4 0.00    M    M  4.0 14 350   M    M   0        18 350
28  96  45  71   8   0   6    T    M    M  6.3 25 340   M    M   0 3      33 330
29  94  51  73  10   0   8 0.00    M    M  4.4 15 330   M    M   0        22 320
================================================================================
SM 2459 1248        73  49  0.22    M    158.8          M       38
================================================================================
AV 84.8 43.0                               5.5 FASTST   M    M   1    MAX(MPH)
                                 MISC ---->  # 41 210               # 60  210
================================================================================
NOTES:
# LAST OF SEVERAL OCCURRENCES

COLUMN 17 PEAK WIND IN M.P.H.

PRELIMINARY LOCAL CLIMATOLOGICAL DATA (WS FORM: F-6) , PAGE 2

                                          STATION:  CRAIG CO
                                          MONTH:    JUNE
                                          YEAR:     2015
                                          LATITUDE:   40 30 N
                                          LONGITUDE: 107 32 W

[TEMPERATURE DATA]      [PRECIPITATION DATA]       SYMBOLS USED IN COLUMN 16

AVERAGE MONTHLY: 63.9   TOTAL FOR MONTH:   0.22    1 = FOG OR MIST
DPTR FM NORMAL:   4.6   DPTR FM NORMAL:   -1.07    2 = FOG REDUCING VISIBILITY
HIGHEST:    96 ON 28    GRTST 24HR  0.12 ON 10-11      TO 1/4 MILE OR LESS
LOWEST:     36 ON  8, 3                            3 = THUNDER
                        SNOW, ICE PELLETS, HAIL    4 = ICE PELLETS
                        TOTAL MONTH:    M          5 = HAIL
                        GRTST 24HR    M  ON   M    6 = FREEZING RAIN OR DRIZZLE
                        GRTST DEPTH:  M  ON   M    7 = DUSTSTORM OR SANDSTORM:
                                                       VSBY 1/2 MILE OR LESS
                                                   8 = SMOKE OR HAZE
[NO. OF DAYS WITH]      [WEATHER - DAYS WITH]      9 = BLOWING SNOW
                                                   X = TORNADO
MAX 32 OR BELOW:   0    0.01 INCH OR MORE:   5
MAX 90 OR ABOVE:  12    0.10 INCH OR MORE:   1
MIN 32 OR BELOW:   0    0.50 INCH OR MORE:   0
MIN  0 OR BELOW:   0    1.00 INCH OR MORE:   0

[HDD (BASE 65) ]
TOTAL THIS MO.    73    CLEAR  (SCALE 0-3)  24
DPTR FM NORMAL  -102    PTCLDY (SCALE 4-7)   4
TOTAL FM JUL 1  7419    CLOUDY (SCALE 8-10)  1
DPTR FM NORMAL -1215

[CDD (BASE 65) ]
TOTAL THIS MO.    49
DPTR FM NORMAL    43    [PRESSURE DATA]
TOTAL FM JAN 1    49    HIGHEST SLP M ON M
DPTR FM NORMAL    43    LOWEST  SLP 29.63 ON  3

[REMARKS]
