000
CXUS55 KGJT 011000
CF6CAG
PRELIMINARY LOCAL CLIMATOLOGICAL DATA (WS FORM: F-6)

                                          STATION:   CRAIG CO
                                          MONTH:     JULY
                                          YEAR:      2014
                                          LATITUDE:   40 30 N
                                          LONGITUDE: 107 32 W

  TEMPERATURE IN F:       :PCPN:    SNOW:  WIND      :SUNSHINE: SKY     :PK WND
================================================================================
1   2   3   4   5  6A  6B    7    8   9   10  11  12  13   14  15   16   17  18
                                     12Z  AVG MX 2MIN
DY MAX MIN AVG DEP HDD CDD  WTR  SNW DPTH SPD SPD DIR MIN PSBL S-S WX    SPD DR
================================================================================

 1  83  34  59  -5   6   0 0.00    M    M  2.8 13 350   M    M   0        18 240
 2  86  38  62  -2   3   0 0.00    M    M  3.1 12 190   M    M   0        18 190
 3  92  37  65   1   0   0    T    M    M  5.4 23 180   M    M   0        34 210
 4  91  51  71   6   0   6 0.01    M    M  6.6 22 360   M    M   3        29  20
 5  89  43  66   1   0   1    T    M    M  5.1 23 270   M    M   0        35 270
 6  94  38  66   1   0   1 0.00    M    M  2.2 10  60   M    M   0        14 110
 7  96  38  67   1   0   2 0.00    M    M  4.6 21 310   M    M   0        25 300
 8  89  44  67   1   0   2 0.00    M    M  3.1 13 280   M    M   0        19 330
 9  88  44  66   0   0   1    T    M    M  6.4 40 190   M    M   1        54 190
10  82  43  63  -3   2   0    T    M    M  6.4 21 210   M    M   1        25 230
11  81  55  68   2   0   3 0.35    M    M  7.4 31 240   M    M   3 13     41 250
12  81  54  68   1   0   3 0.08    M    M  4.0 15 360   M    M   3 13     20 100
13  86  47  67   0   0   2 0.00    M    M  3.5 14  20   M    M   1        20 360
14  87  47  67   0   0   2    T    M    M  4.9 16 340   M    M   2        22 340
15  83  47  65  -2   0   0 0.04    M    M  4.2 30 260   M    M   2 13     47 240
16  81  44  63  -4   2   0    T    M    M  7.1 22 300   M    M   2 3      35 360
17  78  38  58  -9   7   0 0.00    M    M  2.3 13 160   M    M   0        15 160
18  85  39  62  -6   3   0    T    M    M  4.6 18 260   M    M   2        24 240
19  93  37  65  -3   0   0 0.00    M    M  5.7 21 280   M    M   0        26 280
20  91  37  64  -4   1   0    T    M    M  5.8 32 200   M    M   1        40 210
21  92  40  66  -2   0   1    T    M    M  6.5 37 290   M    M   1 3      55 280
22  96  35  66  -2   0   1 0.00    M    M  3.0 14 210   M    M   0        19 220
23  92  41  67  -1   0   2    T    M    M  6.5 24 170   M    M   0 3      31 170
24  80  49  65  -3   0   0 0.11    M    M  8.1 35 230   M    M   1 3      49 220
25  84  52  68   0   0   3 0.07    M    M  8.9 32 210   M    M   0 13     41 210
26  89  52  71   3   0   6    T    M    M  8.6 36 200   M    M   2 3      46 180
27  83  44  64  -4   1   0 0.00    M    M  1.9 18 190   M    M   0        21 180
28  83  41  62  -6   3   0    T    M    M  4.8 20 260   M    M   1        26 230
29  67  51  59  -9   6   0 0.77    M    M  4.5 26 290   M    M   7 13     32 280
30  69  50  60  -8   5   0 0.24    M    M  6.0 13  20   M    M   9 13     16  20
31  73  47  60  -8   5   0 0.00    M    M  3.3 14  60   M    M   6        16  70
================================================================================
SM 2644 1357        44  36  1.67    M    157.3          M       48
================================================================================
AV 85.3 43.8                               5.1 FASTST   M    M   2    MAX(MPH)
                                 MISC ---->  # 40 190               # 55  280
================================================================================
NOTES:
# LAST OF SEVERAL OCCURRENCES

COLUMN 17 PEAK WIND IN M.P.H.

PRELIMINARY LOCAL CLIMATOLOGICAL DATA (WS FORM: F-6) , PAGE 2

                                          STATION:  CRAIG CO
                                          MONTH:    JULY
                                          YEAR:     2014
                                          LATITUDE:   40 30 N
                                          LONGITUDE: 107 32 W

[TEMPERATURE DATA]      [PRECIPITATION DATA]       SYMBOLS USED IN COLUMN 16

AVERAGE MONTHLY: 64.5   TOTAL FOR MONTH:   1.67    1 = FOG OR MIST
DPTR FM NORMAL:  -2.3   DPTR FM NORMAL:    0.51    2 = FOG REDUCING VISIBILITY
HIGHEST:    96 ON 22, 7 GRTST 24HR  0.94 ON 29-30      TO 1/4 MILE OR LESS
LOWEST:     34 ON  1                               3 = THUNDER
                        SNOW, ICE PELLETS, HAIL    4 = ICE PELLETS
                        TOTAL MONTH:    M          5 = HAIL
                        GRTST 24HR    M  ON   M    6 = FREEZING RAIN OR DRIZZLE
                        GRTST DEPTH:  M  ON   M    7 = DUSTSTORM OR SANDSTORM:
                                                       VSBY 1/2 MILE OR LESS
                                                   8 = SMOKE OR HAZE
[NO. OF DAYS WITH]      [WEATHER - DAYS WITH]      9 = BLOWING SNOW
                                                   X = TORNADO
MAX 32 OR BELOW:   0    0.01 INCH OR MORE:   8
MAX 90 OR ABOVE:   9    0.10 INCH OR MORE:   4
MIN 32 OR BELOW:   0    0.50 INCH OR MORE:   1
MIN  0 OR BELOW:   0    1.00 INCH OR MORE:   0

[HDD (BASE 65) ]
TOTAL THIS MO.    44    CLEAR  (SCALE 0-3)  26
DPTR FM NORMAL    19    PTCLDY (SCALE 4-7)   4
TOTAL FM JUL 1    44    CLOUDY (SCALE 8-10)  1
DPTR FM NORMAL    19

[CDD (BASE 65) ]
TOTAL THIS MO.    36
DPTR FM NORMAL   -43    [PRESSURE DATA]
TOTAL FM JAN 1    41    HIGHEST SLP 30.26 ON 27
DPTR FM NORMAL   -48    LOWEST  SLP 29.82 ON 16

[REMARKS]
#FINAL-07-14#
