000
CXUS51 KCLE 251004
CF6CAK
PRELIMINARY LOCAL CLIMATOLOGICAL DATA (WS FORM: F-6)

                                          STATION:   AKRON CANTON OH
                                          MONTH:     OCTOBER
                                          YEAR:      2014
                                          LATITUDE:   40 55 N
                                          LONGITUDE:  81 26 W

  TEMPERATURE IN F:       :PCPN:    SNOW:  WIND      :SUNSHINE: SKY     :PK WND
================================================================================
1   2   3   4   5  6A  6B    7    8   9   10  11  12  13   14  15   16   17  18
                                     12Z  AVG MX 2MIN
DY MAX MIN AVG DEP HDD CDD  WTR  SNW DPTH SPD SPD DIR MIN PSBL S-S WX    SPD DR
================================================================================

 1  67  51  59   2   6   0 0.00  0.0    0  3.7 10  20   M    M   7 128    13  30
 2  78  49  64   7   1   0 0.00  0.0    0  6.4 14 160   M    M   5 128    17 170
 3  71  54  63   7   2   0 0.56  0.0    0 13.3 24 180   M    M   8 18     30 180
 4  54  41  48  -8  17   0 0.07  0.0    0 12.7 23 250   M    M   9 18     30 280
 5  53  40  47  -8  18   0 0.01  0.0    0 11.8 21 230   M    M   9        25 220
 6  59  46  53  -2  12   0 0.17  0.0    0 12.7 23 210   M    M   7 1      29 210
 7  63  49  56   1   9   0 0.22  0.0    0 11.1 25 200   M    M   8 1      32 200
 8  64  42  53  -1  12   0 0.00  0.0    0 10.8 24 260   M    M   4 1      35 270
 9  60  42  51  -3  14   0 0.00  0.0    0  5.8 13 250   M    M   4 1      16 250
10  62  41  52  -2  13   0 0.01  0.0    0  4.0 13  20   M    M   8 128    18  20
11  57  38  48  -5  17   0 0.00  0.0    0  8.3 16  20   M    M   6        22  10
12  66  35  51  -2  14   0 0.00  0.0    0  9.7 21 160   M    M   5 8      25 160
13  74  57  66  13   0   1    T  0.0    0 11.2 18 170   M    M   8        23 170
14  78  58  68  16   0   3 0.47  0.0    0 15.4 31 170   M    M   9 1      38 170
15  66  53  60   8   5   0 0.41  0.0    0  5.9 18 240   M    M   9 18     22 250
16  62  53  58   6   7   0    T  0.0    0  5.4 14 260   M    M  10 18     16 260
17  68  53  61  10   4   0    T  0.0    0 13.2 26 200   M    M   9        35 220
18  54  44  49  -2  16   0 0.14  0.0    0 13.2 25 300   M    M  10 18     31 300
19  54  40  47  -4  18   0 0.00  0.0    0  6.1  9 220   M    M   8        16 220
20  57  45  51   1  14   0 0.15  0.0    0  9.7 16 190   M    M  10 1      22 180
21  52  47  50   0  15   0 1.00  0.0    0  9.4 20 330   M    M  10 1      26 340
22  51  41  46  -4  19   0 0.02  0.0    0  9.9 16  10   M    M   9 18     23  20
23  59  38  49   0  16   0 0.00  0.0    0  6.8 15 320   M    M   5 1      20 310
24  62  37  50   1  15   0 0.00  0.0    0  3.8 14 280   M    M   3 18     14 260
================================================================================
SM 1491 1094       264   4  3.23     0.0 220.3          M      180
================================================================================
AV 62.1 45.6                               9.2 FASTST   M    M   8    MAX(MPH)
                                 MISC ---->  # 31 170               # 38  170
================================================================================
NOTES:
# LAST OF SEVERAL OCCURRENCES

COLUMN 17 PEAK WIND IN M.P.H.

PRELIMINARY LOCAL CLIMATOLOGICAL DATA (WS FORM: F-6) , PAGE 2

                                          STATION:  AKRON CANTON OH
                                          MONTH:    OCTOBER
                                          YEAR:     2014
                                          LATITUDE:   40 55 N
                                          LONGITUDE:  81 26 W

[TEMPERATURE DATA]      [PRECIPITATION DATA]       SYMBOLS USED IN COLUMN 16

AVERAGE MONTHLY: 53.9   TOTAL FOR MONTH:   3.23    1 = FOG OR MIST
DPTR FM NORMAL:   1.0   DPTR FM NORMAL:    1.05    2 = FOG REDUCING VISIBILITY
HIGHEST:    78 ON 14, 2 GRTST 24HR  1.10 ON 20-21      TO 1/4 MILE OR LESS
LOWEST:     35 ON 12                               3 = THUNDER
                        SNOW, ICE PELLETS, HAIL    4 = ICE PELLETS
                        TOTAL MONTH:   0.0 INCH    5 = HAIL
                        GRTST 24HR     0.0         6 = FREEZING RAIN OR DRIZZLE
                        GRTST DEPTH:   0           7 = DUSTSTORM OR SANDSTORM:
                                                       VSBY 1/2 MILE OR LESS
                                                   8 = SMOKE OR HAZE
[NO. OF DAYS WITH]      [WEATHER - DAYS WITH]      9 = BLOWING SNOW
                                                   X = TORNADO
MAX 32 OR BELOW:   0    0.01 INCH OR MORE:  12
MAX 90 OR ABOVE:   0    0.10 INCH OR MORE:   8
MIN 32 OR BELOW:   0    0.50 INCH OR MORE:   2
MIN  0 OR BELOW:   0    1.00 INCH OR MORE:   1

[HDD (BASE 65) ]
TOTAL THIS MO.   264    CLEAR  (SCALE 0-3)   0
DPTR FM NORMAL   -33    PTCLDY (SCALE 4-7)  13
TOTAL FM JUL 1   367    CLOUDY (SCALE 8-10) 11
DPTR FM NORMAL   -69

[CDD (BASE 65) ]
TOTAL THIS MO.     4
DPTR FM NORMAL     1    [PRESSURE DATA]
TOTAL FM JAN 1   719    HIGHEST SLP M ON M
DPTR FM NORMAL    70    LOWEST  SLP 29.56 ON 17

[REMARKS]
