000
CXUS51 KCAR 280600
CF6CAR
PRELIMINARY LOCAL CLIMATOLOGICAL DATA (WS FORM: F-6)

                                          STATION:   CARIBOU ME
                                          MONTH:     APRIL
                                          YEAR:      2017
                                          LATITUDE:   46 52 N
                                          LONGITUDE:  68  1 W

  TEMPERATURE IN F:       :PCPN:    SNOW:  WIND      :SUNSHINE: SKY     :PK WND
================================================================================
1   2   3   4   5  6A  6B    7    8   9   10  11  12  13   14  15   16   17  18
                                     12Z  AVG MX 2MIN
DY MAX MIN AVG DEP HDD CDD  WTR  SNW DPTH SPD SPD DIR MIN PSBL S-S WX    SPD DR
================================================================================

 1  40  27  34   2  31   0 0.00  0.0   24  3.1  8  50   M    M   4        11  40
 2  47  28  38   6  27   0 0.00  0.0   24  6.2 22 330   M    M   6        28 340
 3  41  25  33   1  32   0 0.00  0.0   23  8.5 17 330   M    M   0        23 350
 4  44  18  31  -2  34   0 0.01  0.2   23  6.7 16 220   M    M   5 1      24 220
 5  34  29  32  -1  33   0 0.18  1.2   22  6.2 15  80   M    M  10 12     20  70
 6  44  33  39   5  26   0 0.50  0.0   22  6.6 14  80   M    M  10 128    19  70
 7  48  38  43   9  22   0 0.21  0.0   19  8.4 18 160   M    M   9 1      23 160
 8  43  34  39   4  26   0 0.11    T   17  8.5 16 310   M    M  10 1      23 290
 9  51  35  43   8  22   0 0.00  0.0   15  7.8 17 330   M    M   5        22 340
10  65  38  52  16  13   0    T  0.0   13  8.1 16 170   M    M   5        22 180
11  50  38  44   8  21   0 0.07  0.0    7  5.7 14 340   M    M   9 1      22 300
12  47  38  43   6  22   0 0.52  0.0    7  4.1 10 240   M    M  10 12     14 230
13  43  37  40   2  25   0    T  0.0    5  8.9 18 330   M    M   8        24 330
14  53  31  42   4  23   0 0.00  0.0    4  7.1 17 330   M    M   2        22 330
15  61  34  48  10  17   0 0.00  0.0    T  6.0 16 240   M    M   3        23 240
16  54  38  46   7  19   0 0.37  0.0    T  7.0 14  10   M    M  10 1      16  10
17  39  32  36  -4  29   0 0.27  0.2    T  5.5 10 100   M    M   9 1      14 110
18  38  30  34  -6  31   0 0.04  0.3    T  3.0  8  30   M    M  10 128    10  30
19  45  30  38  -2  27   0 0.18  1.5    T 12.5 24 160   M    M   8 1      32 170
20  41  32  37  -4  28   0 0.06  1.2    2  4.6 14 170   M    M   9 1      18 160
21  44  31  38  -3  27   0 0.37  4.1    T  7.9 16 120   M    M   9 12     23 120
22  35  32  34  -8  31   0 0.23  1.1    4  5.0 14 150   M    M  10 18     17 150
23  51  33  42   0  23   0 0.03  0.0    3  5.6 16 330   M    M   7 1      20 330
24  47  28  38  -5  27   0 0.00  0.0    T  9.0 17 340   M    M   2        22 330
25  55  25  40  -3  25   0 0.08  0.0    T  6.3 15 160   M    M   2 1      19 170
26  56  41  49   5  16   0 0.60  0.0    T  6.8 16 170   M    M  10 12     21 170
27  67  52  60  16   5   0 0.03  0.0    0  7.0 14 140   M    M  10 12     19 140
================================================================================
SM 1283  887       662   0  3.86     9.8 182.1          M      192
================================================================================
AV 47.5 32.9                               6.7 FASTST   M    M   7    MAX(MPH)
                                 MISC ---->  # 24 160               # 32  170
================================================================================
NOTES:
# LAST OF SEVERAL OCCURRENCES

COLUMN 17 PEAK WIND IN M.P.H.

PRELIMINARY LOCAL CLIMATOLOGICAL DATA (WS FORM: F-6) , PAGE 2

                                          STATION:  CARIBOU ME
                                          MONTH:    APRIL
                                          YEAR:     2017
                                          LATITUDE:   46 52 N
                                          LONGITUDE:  68  1 W

[TEMPERATURE DATA]      [PRECIPITATION DATA]       SYMBOLS USED IN COLUMN 16

AVERAGE MONTHLY: 40.2   TOTAL FOR MONTH:   3.86    1 = FOG OR MIST
DPTR FM NORMAL:   2.3   DPTR FM NORMAL:    1.48    2 = FOG REDUCING VISIBILITY
HIGHEST:    67 ON 27    GRTST 24HR  0.60 ON 26-26      TO 1/4 MILE OR LESS
LOWEST:     18 ON  4                               3 = THUNDER
                        SNOW, ICE PELLETS, HAIL    4 = ICE PELLETS
                        TOTAL MONTH:   9.8 INCHES  5 = HAIL
                        GRTST 24HR   4.1 ON 21-21  6 = FREEZING RAIN OR DRIZZLE
                        GRTST DEPTH:  24 ON  2, 1  7 = DUSTSTORM OR SANDSTORM:
                                                       VSBY 1/2 MILE OR LESS
                                                   8 = SMOKE OR HAZE
[NO. OF DAYS WITH]      [WEATHER - DAYS WITH]      9 = BLOWING SNOW
                                                   X = TORNADO
MAX 32 OR BELOW:   0    0.01 INCH OR MORE:  18
MAX 90 OR ABOVE:   0    0.10 INCH OR MORE:  11
MIN 32 OR BELOW:  14    0.50 INCH OR MORE:   3
MIN  0 OR BELOW:   0    1.00 INCH OR MORE:   0

[HDD (BASE 65) ]
TOTAL THIS MO.   662    CLEAR  (SCALE 0-3)   5
DPTR FM NORMAL   -74    PTCLDY (SCALE 4-7)   8
TOTAL FM JUL 1  8026    CLOUDY (SCALE 8-10) 14
DPTR FM NORMAL  -685

[CDD (BASE 65) ]
TOTAL THIS MO.     0
DPTR FM NORMAL     0    [PRESSURE DATA]
TOTAL FM JAN 1     0    HIGHEST SLP M ON M
DPTR FM NORMAL     0    LOWEST  SLP 29.21 ON  7

[REMARKS]
