000
CXUS51 KCAR 010600
CF6CAR
PRELIMINARY LOCAL CLIMATOLOGICAL DATA (WS FORM: F-6)

                                          STATION:   CARIBOU ME
                                          MONTH:     JULY
                                          YEAR:      2015
                                          LATITUDE:   46 52 N
                                          LONGITUDE:  68  1 W

  TEMPERATURE IN F:       :PCPN:    SNOW:  WIND      :SUNSHINE: SKY     :PK WND
================================================================================
1   2   3   4   5  6A  6B    7    8   9   10  11  12  13   14  15   16   17  18
                                     12Z  AVG MX 2MIN
DY MAX MIN AVG DEP HDD CDD  WTR  SNW DPTH SPD SPD DIR MIN PSBL S-S WX    SPD DR
================================================================================

 1  70  59  65   1   0   0 0.52  0.0    0  6.5 15 160   M    M   7 1      20 160
 2  67  53  60  -4   5   0    T  0.0    0 10.7 22 250   M    M   8 1      31 250
 3  75  49  62  -3   3   0 0.00  0.0    0  7.3 20 300   M    M   2        27 310
 4  78  50  64  -1   1   0 0.00  0.0    0  3.3 10 250   M    M   0 1      16 190
 5  78  52  65   0   0   0    T  0.0    0  3.9 13 330   M    M   3 1      18 330
 6  81  54  68   3   0   3 0.00  0.0    0  3.3 14 160   M    M   1 1      17 150
 7  84  62  73   8   0   8    T  0.0    0 10.0 18 180   M    M   5        26 200
 8  73  50  62  -3   3   0 0.09  0.0    0 10.1 20 320   M    M   6 1      28 320
 9  76  46  61  -4   4   0 0.00  0.0    0  2.9  8 160   M    M   0 1      10 140
10  82  55  69   3   0   4 0.00  0.0    0  4.1 14  20   M    M   0 18     18 360
11  81  52  67   1   0   2 0.01  0.0    0  3.1 14 230   M    M   3 138    19 220
12  83  58  71   5   0   6 0.00  0.0    0  7.6 15 330   M    M   2        23 340
13  79  52  66   0   0   1 0.00  0.0    0  3.8  9 140   M    M   0        13 170
14  84  60  72   6   0   7 0.00  0.0    0 10.9 20 180   M    M   1        27 170
15  69  49  59  -7   6   0 0.64  0.0    0 10.3 18 350   M    M   6 1      29 360
16  70  46  58  -8   7   0 0.00  0.0    0  7.9 16 330   M    M   0        25 330
17  77  45  61  -5   4   0 0.00  0.0    0  2.3  9 170   M    M   0        15 210
18  66  57  62  -4   3   0 0.43  0.0    0  7.7 13 170   M    M   7 18     20 150
19  64  56  60  -6   5   0 0.10  0.0    0  4.5  9  80   M    M  10 1      11 100
20  68  59  64  -2   1   0 0.70  0.0    0  4.8 10 120   M    M  10 1      13 100
21  70  60  65  -1   0   0 0.12  0.0    0  7.2 14 150   M    M   9 1      21 150
22  76  58  67   1   0   2 0.02  0.0    0  5.6 13 340   M    M   8 1      18 330
23  70  53  62  -4   3   0 0.08  0.0    0  4.9 15 330   M    M   7        19 340
24  60  54  57  -9   8   0 0.29  0.0    0  6.3 13  80   M    M   9 1      16 100
25  65  52  59  -7   6   0    T  0.0    0  3.0  8 140   M    M   8        12 130
26  64  53  59  -7   6   0 0.06  0.0    0  7.3 15 170   M    M   9 1      19 160
27  76  60  68   2   0   3 0.09  0.0    0  6.6 14 230   M    M   6 13     21 220
28  84  59  72   6   0   7    T  0.0    0  5.3 15 250   M    M   1 1      19 260
29  80  54  67   1   0   2 0.00  0.0    0  4.0 15 360   M    M   1        20 360
30  85  53  69   3   0   4 0.04  0.0    0  6.5 16 160   M    M   2 12     20 160
31  82  61  72   6   0   7 0.00  0.0    0  6.9 21 250   M    M   6 12     27 250
================================================================================
SM 2317 1681        65  56  3.19     0.0 188.6          M      137
================================================================================
AV 74.7 54.2                               6.1 FASTST   M    M   4    MAX(MPH)
                                 MISC ---->  # 22 250               # 31  250
================================================================================
NOTES:
# LAST OF SEVERAL OCCURRENCES

COLUMN 17 PEAK WIND IN M.P.H.

PRELIMINARY LOCAL CLIMATOLOGICAL DATA (WS FORM: F-6) , PAGE 2

                                          STATION:  CARIBOU ME
                                          MONTH:    JULY
                                          YEAR:     2015
                                          LATITUDE:   46 52 N
                                          LONGITUDE:  68  1 W

[TEMPERATURE DATA]      [PRECIPITATION DATA]       SYMBOLS USED IN COLUMN 16

AVERAGE MONTHLY: 64.5   TOTAL FOR MONTH:   3.19    1 = FOG OR MIST
DPTR FM NORMAL:  -1.1   DPTR FM NORMAL:   -0.89    2 = FOG REDUCING VISIBILITY
HIGHEST:    85 ON 30    GRTST 24HR  0.74 ON 20-21      TO 1/4 MILE OR LESS
LOWEST:     45 ON 17                               3 = THUNDER
                        SNOW, ICE PELLETS, HAIL    4 = ICE PELLETS
                        TOTAL MONTH:   0.0 INCH    5 = HAIL
                        GRTST 24HR     0.0         6 = FREEZING RAIN OR DRIZZLE
                        GRTST DEPTH:   0           7 = DUSTSTORM OR SANDSTORM:
                                                       VSBY 1/2 MILE OR LESS
                                                   8 = SMOKE OR HAZE
[NO. OF DAYS WITH]      [WEATHER - DAYS WITH]      9 = BLOWING SNOW
                                                   X = TORNADO
MAX 32 OR BELOW:   0    0.01 INCH OR MORE:  14
MAX 90 OR ABOVE:   0    0.10 INCH OR MORE:   7
MIN 32 OR BELOW:   0    0.50 INCH OR MORE:   3
MIN  0 OR BELOW:   0    1.00 INCH OR MORE:   0

[HDD (BASE 65) ]
TOTAL THIS MO.    65    CLEAR  (SCALE 0-3)  14
DPTR FM NORMAL     7    PTCLDY (SCALE 4-7)  12
TOTAL FM JUL 1    65    CLOUDY (SCALE 8-10)  5
DPTR FM NORMAL     7

[CDD (BASE 65) ]
TOTAL THIS MO.    56
DPTR FM NORMAL   -21    [PRESSURE DATA]
TOTAL FM JAN 1    83    HIGHEST SLP 30.15 ON  6
DPTR FM NORMAL   -33    LOWEST  SLP 29.53 ON 22

[REMARKS]
#FINAL-07-15#
