000
CXUS56 KSLC 181228
CF6CDC
PRELIMINARY LOCAL CLIMATOLOGICAL DATA (WS FORM: F-6)

                                          STATION:   CEDAR CITY UT
                                          MONTH:     AUGUST
                                          YEAR:      2017
                                          LATITUDE:   37 42 N
                                          LONGITUDE: 113  6 W

  TEMPERATURE IN F:       :PCPN:    SNOW:  WIND      :SUNSHINE: SKY     :PK WND
================================================================================
1   2   3   4   5  6A  6B    7    8   9   10  11  12  13   14  15   16   17  18
                                     12Z  AVG MX 2MIN
DY MAX MIN AVG DEP HDD CDD  WTR  SNW DPTH SPD SPD DIR MIN PSBL S-S WX    SPD DR
================================================================================

 1  96  56  76   2   0  11 0.00  0.0    0  5.5 29 130   M    M   0        36 130
 2  93  68  81   8   0  16 0.00  0.0    0  7.4 31 130   M    M   0 38     40 120
 3  94  60  77   4   0  12    T  0.0    0  8.7 33 130   M    M   1 3      41 130
 4  86  59  73   0   0   8 0.18  0.0    0 10.4 22 220   M    M   2 13     28 210
 5  83  58  71  -2   0   6 0.14  0.0    0 13.2 29 190   M    M   3 13     39 190
 6  84  58  71  -2   0   6 0.31  0.0    0  8.4 32 280   M    M   4 13     42 280
 7  82  56  69  -4   0   4 0.23  0.0    0  6.3 20 350   M    M   3 13     34 280
 8  89  53  71  -2   0   6 0.00  0.0    0  5.3 14 220   M    M   1        18 190
 9  90  54  72  -1   0   7 0.00  0.0    0  6.9 21 230   M    M   1        27 230
10  90  55  73   1   0   8 0.00  0.0    0  6.1 18 220   M    M   1        26 220
11  89  62  76   4   0  11    T  0.0    0  7.6 22 310   M    M   1 3      30 200
12  87  54  71  -1   0   6 0.03  0.0    0 11.1 30 110   M    M   1 3      41 120
13  87  57  72   0   0   7 0.00  0.0    0  9.5 22 180   M    M   0        27 210
14  86  61  74   2   0   9 0.00  0.0    0 11.8 28 220   M    M   0        36 230
15  83  56  70  -2   0   5 0.00  0.0    0  6.8 18 240   M    M   1        25 240
16  87  49  68  -3   0   3 0.00  0.0    0  4.6 16  40   M    M   1        22  40
17  88  50  69  -2   0   4 0.00  0.0    0  4.2 12 220   M    M   0        16 300
================================================================================
SM 1494  966         0 129  0.89     0.0 133.8          M       20
================================================================================
AV 87.9 56.8                               7.9 FASTST   M    M   1    MAX(MPH)
                                 MISC ---->  # 33 130               # 42  280
================================================================================
NOTES:
# LAST OF SEVERAL OCCURRENCES

COLUMN 17 PEAK WIND IN M.P.H.

PRELIMINARY LOCAL CLIMATOLOGICAL DATA (WS FORM: F-6) , PAGE 2

                                          STATION:  CEDAR CITY UT
                                          MONTH:    AUGUST
                                          YEAR:     2017
                                          LATITUDE:   37 42 N
                                          LONGITUDE: 113  6 W

[TEMPERATURE DATA]      [PRECIPITATION DATA]       SYMBOLS USED IN COLUMN 16

AVERAGE MONTHLY: 72.4   TOTAL FOR MONTH:   0.89    1 = FOG OR MIST
DPTR FM NORMAL:  -0.1   DPTR FM NORMAL:    0.22    2 = FOG REDUCING VISIBILITY
HIGHEST:    96 ON  1    GRTST 24HR  0.31 ON  6- 6      TO 1/4 MILE OR LESS
LOWEST:     49 ON 16                               3 = THUNDER
                        SNOW, ICE PELLETS, HAIL    4 = ICE PELLETS
                        TOTAL MONTH:   0.0 INCH    5 = HAIL
                        GRTST 24HR     0.0         6 = FREEZING RAIN OR DRIZZLE
                        GRTST DEPTH:   0           7 = DUSTSTORM OR SANDSTORM:
                                                       VSBY 1/2 MILE OR LESS
                                                   8 = SMOKE OR HAZE
[NO. OF DAYS WITH]      [WEATHER - DAYS WITH]      9 = BLOWING SNOW
                                                   X = TORNADO
MAX 32 OR BELOW:   0    0.01 INCH OR MORE:   5
MAX 90 OR ABOVE:   5    0.10 INCH OR MORE:   4
MIN 32 OR BELOW:   0    0.50 INCH OR MORE:   0
MIN  0 OR BELOW:   0    1.00 INCH OR MORE:   0

[HDD (BASE 65) ]
TOTAL THIS MO.     0    CLEAR  (SCALE 0-3)  16
DPTR FM NORMAL     0    PTCLDY (SCALE 4-7)   1
TOTAL FM JUL 1     0    CLOUDY (SCALE 8-10)  0
DPTR FM NORMAL    -3

[CDD (BASE 65) ]
TOTAL THIS MO.   129
DPTR FM NORMAL     3    [PRESSURE DATA]
TOTAL FM JAN 1   681    HIGHEST SLP M ON M
DPTR FM NORMAL   202    LOWEST  SLP 29.68 ON M

[REMARKS]
