000
CXUS55 KEAX 250736
CF6CDJ
PRELIMINARY LOCAL CLIMATOLOGICAL DATA (WS FORM: F-6)

                                          STATION:   CHILLICOTHE
                                          MONTH:     MARCH
                                          YEAR:      2017
                                          LATITUDE:   39 49 N
                                          LONGITUDE:  93 35 W

  TEMPERATURE IN F:       :PCPN:    SNOW:  WIND      :SUNSHINE: SKY     :PK WND
================================================================================
1   2   3   4   5  6A  6B    7    8   9   10  11  12  13   14  15   16   17  18
                                     12Z  AVG MX 2MIN
DY MAX MIN AVG DEP HDD CDD  WTR  SNW DPTH SPD SPD DIR MIN PSBL S-S WX    SPD DR
================================================================================

 1  48  28  38   2  27   0 0.00    M    M 10.8 22 300   M    M   0        32 310
 2  52  19  36  -1  29   0 0.00    M    M  3.9 13 330   M    M   0        20 360
 3  49  17  33  -4  32   0 0.00    M    M  7.1 18 140   M    M   0        27 140
 4  72  31  52  14  13   0 0.00    M    M  9.4 21 180   M    M   0        29 160
 5  61  56  59  21   6   0 0.00    M    M 14.3 24 180   M    M   0        36 180
 6  75  51  63  25   2   0 0.32    M    M 17.6 32 190   M    M   0        47 190
 7  58  36  47   8  18   0 0.00    M    M  7.4 20 280   M    M   0        31 270
 8  63  36  50  11  15   0 0.00    M    M  3.9  9 320   M    M   0        13 320
 9  58  33  46   6  19   0 0.00    M    M  7.8 20  10   M    M   0        31  10
10  39  25  32  -8  33   0 0.00    M    M  7.7 15  30   M    M   0        24 360
11  35  25  30 -11  35   0 0.00    M    M  6.0 13  40   M    M   0        18  80
12  42  24  33  -8  32   0 0.00    M    M  6.6 18 150   M    M   0        26 170
13  41  27  34  -8  31   0 0.02    M    M  8.3 17 300   M    M   0        26  10
14  36  20  28 -14  37   0 0.00    M    M  6.9 13  20   M    M   0        17  40
15  40  12  26 -16  39   0 0.00    M    M  3.1 10 190   M    M   0        14 200
16  64  27  46   3  19   0 0.00    M    M  9.2 21 140   M    M   0        28 130
17  74  49  62  19   3   0 0.00    M    M  7.7 16 340   M    M   0        25 350
18  64  35  50   6  15   0 0.00    M    M  5.1 15 350   M    M   0        24 350
19  67  45  56  12   9   0 0.00    M    M 10.5 20 160   M    M   0        27 160
20  77  54  66  22   0   1 0.00    M    M  8.3 16  30   M    M   0        22 360
21  60  40  50   5  15   0 0.00    M    M  9.5 24  30   M    M   0        30  20
22  51  35  43  -2  22   0 0.00    M    M  9.5 17 110   M    M   0        24 120
23  80  43  62  16   3   0 0.03    M    M 12.7 23 150   M    M   0        35 160
24  69  53  61  15   4   0 0.99    M    M  5.8 18 200   M    M   0        24 200
================================================================================
SM 1375  821       458   1  1.36    M    199.1          M        0
================================================================================
AV 57.3 34.2                               8.3 FASTST   M    M   0    MAX(MPH)
                                 MISC ---->  # 32 190               # 47  190
================================================================================
NOTES:
# LAST OF SEVERAL OCCURRENCES

COLUMN 17 PEAK WIND IN M.P.H.

PRELIMINARY LOCAL CLIMATOLOGICAL DATA (WS FORM: F-6) , PAGE 2

                                          STATION:  CHILLICOTHE
                                          MONTH:    MARCH
                                          YEAR:     2017
                                          LATITUDE:   39 49 N
                                          LONGITUDE:  93 35 W

[TEMPERATURE DATA]      [PRECIPITATION DATA]       SYMBOLS USED IN COLUMN 16

AVERAGE MONTHLY: 45.8   TOTAL FOR MONTH:   1.36    1 = FOG OR MIST
DPTR FM NORMAL:   4.5   DPTR FM NORMAL:   -0.72    2 = FOG REDUCING VISIBILITY
HIGHEST:    80 ON 23    GRTST 24HR  0.99 ON 24-24      TO 1/4 MILE OR LESS
LOWEST:     12 ON 15                               3 = THUNDER
                        SNOW, ICE PELLETS, HAIL    4 = ICE PELLETS
                        TOTAL MONTH:    M          5 = HAIL
                        GRTST 24HR    M  ON   M    6 = FREEZING RAIN OR DRIZZLE
                        GRTST DEPTH:  M  ON   M    7 = DUSTSTORM OR SANDSTORM:
                                                       VSBY 1/2 MILE OR LESS
                                                   8 = SMOKE OR HAZE
[NO. OF DAYS WITH]      [WEATHER - DAYS WITH]      9 = BLOWING SNOW
                                                   X = TORNADO
MAX 32 OR BELOW:   0    0.01 INCH OR MORE:   4
MAX 90 OR ABOVE:   0    0.10 INCH OR MORE:   2
MIN 32 OR BELOW:  11    0.50 INCH OR MORE:   1
MIN  0 OR BELOW:   0    1.00 INCH OR MORE:   0

[HDD (BASE 65) ]
TOTAL THIS MO.   458    CLEAR  (SCALE 0-3)  24
DPTR FM NORMAL  -113    PTCLDY (SCALE 4-7)   0
TOTAL FM JUL 1  3788    CLOUDY (SCALE 8-10)  0
DPTR FM NORMAL -1110

[CDD (BASE 65) ]
TOTAL THIS MO.     1
DPTR FM NORMAL     1    [PRESSURE DATA]
TOTAL FM JAN 1     1    HIGHEST SLP  0.00 ON M
DPTR FM NORMAL     1    LOWEST  SLP  0.00 ON M

[REMARKS]
