000
CXUS55 KEAX 210736
CF6CDJ
PRELIMINARY LOCAL CLIMATOLOGICAL DATA (WS FORM: F-6)

                                          STATION:   CHILLICOTHE
                                          MONTH:     JANUARY
                                          YEAR:      2018
                                          LATITUDE:   39 49 N
                                          LONGITUDE:  93 35 W

  TEMPERATURE IN F:       :PCPN:    SNOW:  WIND      :SUNSHINE: SKY     :PK WND
================================================================================
1   2   3   4   5  6A  6B    7    8   9   10  11  12  13   14  15   16   17  18
                                     12Z  AVG MX 2MIN
DY MAX MIN AVG DEP HDD CDD  WTR  SNW DPTH SPD SPD DIR MIN PSBL S-S WX    SPD DR
================================================================================

 1   9 -12  -1 -28  66   0 0.00    M    M  3.1  8 310   M    M   0        13 350
 2  21 -11   5 -22  60   0 0.00    M    M  4.8 15 200   M    M   0        19 200
 3  23   6  15 -12  50   0 0.00    M    M  7.2 17 310   M    M   0        25 300
 4  16   0   8 -19  57   0 0.00    M    M  1.4  8 350   M    M   0        12 340
 5  24  12  18  -9  47   0 0.00    M    M  6.0 12  60   M    M   0        16  50
 6  26   7  17 -10  48   0 0.00    M    M  8.2 15 110   M    M   0        20 120
 7  36  24  30   3  35   0 0.16    M    M  5.2 13 180   M    M   0        17 170
 8  38  27  33   6  32   0 0.00    M    M  3.5  8 310   M    M   0        12 310
 9  39  26  33   6  32   0 0.00    M    M  7.4 14 160   M    M   0        21 150
10  56  37  47  20  18   0 0.00    M    M 11.2 21 200   M    M   0        29 210
11  51  13  32   5  33   0 0.29    M    M 10.2 20 320   M    M   0        31 310
12  20   5  13 -14  52   0 0.00    M    M 10.0 17 350   M    M   0        27 330
13  18  10  14 -13  51   0 0.00    M    M  4.1 13  10   M    M   0        20 350
14  31  16  24  -3  41   0 0.08    M    M  7.0 13 310   M    M   0        17 180
15  31  -1  15 -12  50   0 0.00    M    M 11.5 21 310   M    M   0        36 330
16  13  -4   5 -22  60   0 0.00    M    M  6.5 13 310   M    M   0        19 310
17  26  -5  11 -16  54   0 0.00    M    M  4.9 13 200   M    M   0        16 240
18  39  11  25  -2  40   0 0.00    M    M  8.7 16 200   M    M   0        21 200
19  50  29  40  13  25   0 0.00    M    M 10.3 20 190   M    M   0        28 180
20  54  34  44  17  21   0 0.00    M    M  5.8 14 190   M    M   0        19 200
================================================================================
SM  621  224       872   0  0.53    M    137.0          M        0
================================================================================
AV 31.1 11.2                               6.8 FASTST   M    M   0    MAX(MPH)
                                 MISC ---->  # 21 200               # 36  330
================================================================================
NOTES:
# LAST OF SEVERAL OCCURRENCES

COLUMN 17 PEAK WIND IN M.P.H.

PRELIMINARY LOCAL CLIMATOLOGICAL DATA (WS FORM: F-6) , PAGE 2

                                          STATION:  CHILLICOTHE
                                          MONTH:    JANUARY
                                          YEAR:     2018
                                          LATITUDE:   39 49 N
                                          LONGITUDE:  93 35 W

[TEMPERATURE DATA]      [PRECIPITATION DATA]       SYMBOLS USED IN COLUMN 16

AVERAGE MONTHLY: 21.1   TOTAL FOR MONTH:   0.53    1 = FOG OR MIST
DPTR FM NORMAL:  -5.9   DPTR FM NORMAL:   -0.07    2 = FOG REDUCING VISIBILITY
HIGHEST:    56 ON 10    GRTST 24HR  0.29 ON 11-11      TO 1/4 MILE OR LESS
LOWEST:    -12 ON  1                               3 = THUNDER
                        SNOW, ICE PELLETS, HAIL    4 = ICE PELLETS
                        TOTAL MONTH:    M          5 = HAIL
                        GRTST 24HR    M  ON   M    6 = FREEZING RAIN OR DRIZZLE
                        GRTST DEPTH:  M  ON   M    7 = DUSTSTORM OR SANDSTORM:
                                                       VSBY 1/2 MILE OR LESS
                                                   8 = SMOKE OR HAZE
[NO. OF DAYS WITH]      [WEATHER - DAYS WITH]      9 = BLOWING SNOW
                                                   X = TORNADO
MAX 32 OR BELOW:  12    0.01 INCH OR MORE:   3
MAX 90 OR ABOVE:   0    0.10 INCH OR MORE:   2
MIN 32 OR BELOW:  18    0.50 INCH OR MORE:   0
MIN  0 OR BELOW:   6    1.00 INCH OR MORE:   0

[HDD (BASE 65) ]
TOTAL THIS MO.   872    CLEAR  (SCALE 0-3)  20
DPTR FM NORMAL   112    PTCLDY (SCALE 4-7)   0
TOTAL FM JUL 1  2862    CLOUDY (SCALE 8-10)  0
DPTR FM NORMAL  -113

[CDD (BASE 65) ]
TOTAL THIS MO.     0
DPTR FM NORMAL     0    [PRESSURE DATA]
TOTAL FM JAN 1     0    HIGHEST SLP  0.00 ON M
DPTR FM NORMAL     0    LOWEST  SLP  0.00 ON M

[REMARKS]
