000
CXUS55 KCYS 220800
CF6CDR
PRELIMINARY LOCAL CLIMATOLOGICAL DATA (WS FORM: F-6)

                                          STATION:   CHADRON NEBRASKA AIRPORT
                                          MONTH:     DECEMBER
                                          YEAR:      2014
                                          LATITUDE:   42 50 N
                                          LONGITUDE: 103  6 W

  TEMPERATURE IN F:       :PCPN:    SNOW:  WIND      :SUNSHINE: SKY     :PK WND
================================================================================
1   2   3   4   5  6A  6B    7    8   9   10  11  12  13   14  15   16   17  18
                                     12Z  AVG MX 2MIN
DY MAX MIN AVG DEP HDD CDD  WTR  SNW DPTH SPD SPD DIR MIN PSBL S-S WX    SPD DR
================================================================================

 1  41   8  25  -2  40   0 0.00    M    M 11.7 27 190   M    M   0        37 200
 2  44  15  30   3  35   0 0.00    M    M  8.0 20 230   M    M   2        23  10
 3  42  11  27   1  38   0 0.00    M    M 11.5 28 200   M    M   2        38 210
 4  62  20  41  15  24   0 0.00    M    M  6.9 20 240   M    M   0        24 240
 5  51  21  36  10  29   0 0.00    M    M  3.0 10 250   M    M   1 8      11 240
 6  53  19  36  11  29   0 0.00    M    M 13.5 30 190   M    M   1        37 180
 7  57  22  40  15  25   0 0.00    M    M  7.7 23 300   M    M   2        30 330
 8  52  17  35  10  30   0 0.00    M    M  4.2 12 320   M    M   0        14 310
 9  59  21  40  15  25   0 0.00    M    M  4.8 15 290   M    M   0        18 270
10  62  20  41  16  24   0 0.00    M    M  4.3 12 260   M    M   0        15 230
11  67  20  44  20  21   0 0.00    M    M  5.1 16 230   M    M   0        19 230
12  72  25  49  25  16   0 0.00    M    M  8.1 22 180   M    M   0        27 180
13  56  23  40  16  25   0 0.00    M    M  6.1 18 180   M    M   0        22 180
14  38  27  33   9  32   0    T    M    0  7.2 16 360   M    M   7 18     22  30
15  31  22  27   3  38   0    T    M    M  8.7 25  10   M    M  10 18     33  10
16  23   6  15  -9  50   0 0.00    M    M  4.4 12 150   M    M   8 1      13 150
17  28   3  16  -8  49   0 0.00    M    M  3.9  9 160   M    M   4 128    11 180
18  37   2  20  -4  45   0 0.00    M    M  6.9 13 240   M    M   2 12     14 290
19  44   5  25   1  40   0 0.00    M    M  5.9 14 270   M    M   0        17 260
20  48  12  30   6  35   0 0.00    M    M  5.6 12 230   M    M   2        12 260
21  46  20  33   9  32   0    T    M    M  7.9 23 290   M    M   3        29 290
================================================================================
SM 1013  339       682   0    T     M    145.4          M       44
================================================================================
AV 48.2 16.1                               6.9 FASTST   M    M   2    MAX(MPH)
                                 MISC ---->  # 30 190               # 38  210
================================================================================
NOTES:
# LAST OF SEVERAL OCCURRENCES

COLUMN 17 PEAK WIND IN M.P.H.

PRELIMINARY LOCAL CLIMATOLOGICAL DATA (WS FORM: F-6) , PAGE 2

                                          STATION:  CHADRON NEBRASKA AIRPORT
                                          MONTH:    DECEMBER
                                          YEAR:     2014
                                          LATITUDE:   42 50 N
                                          LONGITUDE: 103  6 W

[TEMPERATURE DATA]      [PRECIPITATION DATA]       SYMBOLS USED IN COLUMN 16

AVERAGE MONTHLY: 32.2   TOTAL FOR MONTH:      T    1 = FOG OR MIST
DPTR FM NORMAL:   7.4   DPTR FM NORMAL:   -0.36    2 = FOG REDUCING VISIBILITY
HIGHEST:    72 ON 12    GRTST 24HR    T  ON 21-21      TO 1/4 MILE OR LESS
LOWEST:      2 ON 18                               3 = THUNDER
                        SNOW, ICE PELLETS, HAIL    4 = ICE PELLETS
                        TOTAL MONTH:    M          5 = HAIL
                        GRTST 24HR    M  ON   M    6 = FREEZING RAIN OR DRIZZLE
                        GRTST DEPTH:   0           7 = DUSTSTORM OR SANDSTORM:
                                                       VSBY 1/2 MILE OR LESS
                                                   8 = SMOKE OR HAZE
[NO. OF DAYS WITH]      [WEATHER - DAYS WITH]      9 = BLOWING SNOW
                                                   X = TORNADO
MAX 32 OR BELOW:   3    0.01 INCH OR MORE:   0
MAX 90 OR ABOVE:   0    0.10 INCH OR MORE:   0
MIN 32 OR BELOW:  21    0.50 INCH OR MORE:   0
MIN  0 OR BELOW:   0    1.00 INCH OR MORE:   0

[HDD (BASE 65) ]
TOTAL THIS MO.   682    CLEAR  (SCALE 0-3)  16
DPTR FM NORMAL  -162    PTCLDY (SCALE 4-7)   4
TOTAL FM JUL 1  2287    CLOUDY (SCALE 8-10)  1
DPTR FM NORMAL  -241

[CDD (BASE 65) ]
TOTAL THIS MO.     0
DPTR FM NORMAL     0    [PRESSURE DATA]
TOTAL FM JAN 1   647    HIGHEST SLP  0.00 ON 21
DPTR FM NORMAL   -65    LOWEST  SLP 29.42 ON 21

[REMARKS]
