000
CXUS56 KEKA 291230
CF6CEC
PRELIMINARY LOCAL CLIMATOLOGICAL DATA (WS FORM: F-6)

                                          STATION:   CRESCENT CITY CA
                                          MONTH:     MAY
                                          YEAR:      2015
                                          LATITUDE:   41 46 N
                                          LONGITUDE: 124 14 W

  TEMPERATURE IN F:       :PCPN:    SNOW:  WIND      :SUNSHINE: SKY     :PK WND
================================================================================
1   2   3   4   5  6A  6B    7    8   9   10  11  12  13   14  15   16   17  18
                                     12Z  AVG MX 2MIN
DY MAX MIN AVG DEP HDD CDD  WTR  SNW DPTH SPD SPD DIR MIN PSBL S-S WX    SPD DR
================================================================================

 1  57  40  49  -2  16   0 0.00  0.0    0  7.7 21 180   M    M   3 28     26 180
 2  55  47  51   0  14   0 0.00  0.0    0  7.1 21 180   M    M   8 18     27 180
 3  54  47  51   0  14   0 0.00  0.0    0  5.9 15 150   M    M  10 18     19 140
 4  57  46  52   1  13   0 0.00  0.0    0  7.9 15 320   M    M   5 1      20 310
 5  57  41  49  -2  16   0 0.00  0.0    0 13.7 28 330   M    M   0 18     37 330
 6  56  40  48  -3  17   0 0.00  0.0    0 17.0 33 330   M    M   0 1      46 330
 7  56  47  52   1  13   0 0.00  0.0    0 17.3 30 340   M    M   0 18     39 340
 8  57  46  52   0  13   0 0.00  0.0    0 11.3 22 340   M    M   3 18     29 310
 9  54  49  52   0  13   0 0.00  0.0    0  5.4 18 160   M    M  10 1      23 160
10  57  50  54   2  11   0 0.00  0.0    0  9.7 22 320   M    M   8 1      29 310
11  57  47  52   0  13   0 0.00  0.0    0 17.5 28 330   M    M   7 1      38 330
12  57  40  49  -3  16   0    T    M    0  5.1 14 280   M    M   5        17 290
13  56  42  49  -3  16   0 0.00  0.0    0  3.4  9 280   M    M   2 1       M  M
14  59  44  52   0  13   0 0.00  0.0    0  6.0 13 170   M    M   2 28     17 160
15  58  49  54   2  11   0 0.00  0.0    0  5.4 17 340   M    M   6 1      24 340
16  58  48  53   1  12   0 0.00  0.0    0  6.6 16 180   M    M   6        20 180
17  57  51  54   2  11   0 0.00  0.0    0  5.8 15 160   M    M  10        18 150
18  59  50  55   2  10   0 0.00  0.0    0  6.3 13 320   M    M   8 1      16 310
19  58  51  55   2  10   0 0.00  0.0    0  6.6 14 160   M    M   9 1      18 160
20  57  52  55   2  10   0    T  0.0    0  4.7 15 160   M    M  10 1      19 160
21  58  53  56   3   9   0 0.00  0.0    0  5.2  9 200   M    M  10 1      12 210
22  61  49  55   2  10   0 0.00  0.0    0  8.8 17 340   M    M   7 1      24 330
23  59  50  55   2  10   0 0.00  0.0    0 10.5 23 340   M    M   4 1      32 330
24  57  51  54   1  11   0 0.00  0.0    0  7.6 20 170   M    M   7 1      25 180
25  56  50  53   0  12   0 0.00  0.0    0  9.0 23 180   M    M   7 1      28 170
26  57  50  54   1  11   0 0.00  0.0    0  8.1 18 160   M    M   8 1      24 160
27  55  51  53   0  12   0 0.00  0.0    0  6.0 17 160   M    M  10 1      21 170
28  56  50  53  -1  12   0 0.00  0.0    0  6.6 13 150   M    M  10 1      15 150
================================================================================
SM 1595 1331       349   0    T      0.0 232.2          M      175
================================================================================
AV 57.0 47.5                               8.3 FASTST   M    M   6    MAX(MPH)
                                 MISC ---->  # 33 330               # 46  330
================================================================================
NOTES:
# LAST OF SEVERAL OCCURRENCES

COLUMN 17 PEAK WIND IN M.P.H.

PRELIMINARY LOCAL CLIMATOLOGICAL DATA (WS FORM: F-6) , PAGE 2

                                          STATION:  CRESCENT CITY CA
                                          MONTH:    MAY
                                          YEAR:     2015
                                          LATITUDE:   41 46 N
                                          LONGITUDE: 124 14 W

[TEMPERATURE DATA]      [PRECIPITATION DATA]       SYMBOLS USED IN COLUMN 16

AVERAGE MONTHLY: 52.2   TOTAL FOR MONTH:      T    1 = FOG OR MIST
DPTR FM NORMAL:   0.1   DPTR FM NORMAL:   -2.69    2 = FOG REDUCING VISIBILITY
HIGHEST:    61 ON 22    GRTST 24HR    T  ON 20-20      TO 1/4 MILE OR LESS
LOWEST:     40 ON 12, 6                            3 = THUNDER
                        SNOW, ICE PELLETS, HAIL    4 = ICE PELLETS
                        TOTAL MONTH:   0.0 INCH    5 = HAIL
                        GRTST 24HR     0.0         6 = FREEZING RAIN OR DRIZZLE
                        GRTST DEPTH:   0           7 = DUSTSTORM OR SANDSTORM:
                                                       VSBY 1/2 MILE OR LESS
                                                   8 = SMOKE OR HAZE
[NO. OF DAYS WITH]      [WEATHER - DAYS WITH]      9 = BLOWING SNOW
                                                   X = TORNADO
MAX 32 OR BELOW:   0    0.01 INCH OR MORE:   0
MAX 90 OR ABOVE:   0    0.10 INCH OR MORE:   0
MIN 32 OR BELOW:   0    0.50 INCH OR MORE:   0
MIN  0 OR BELOW:   0    1.00 INCH OR MORE:   0

[HDD (BASE 65) ]
TOTAL THIS MO.   349    CLEAR  (SCALE 0-3)   7
DPTR FM NORMAL   -11    PTCLDY (SCALE 4-7)  13
TOTAL FM JUL 1  3446    CLOUDY (SCALE 8-10)  8
DPTR FM NORMAL -1071

[CDD (BASE 65) ]
TOTAL THIS MO.     0
DPTR FM NORMAL     0    [PRESSURE DATA]
TOTAL FM JAN 1     0    HIGHEST SLP M ON M
DPTR FM NORMAL     0    LOWEST  SLP 29.83 ON 14

[REMARKS]
