000
CXUS55 KOHX 271010
CF6CKV
PRELIMINARY LOCAL CLIMATOLOGICAL DATA (WS FORM: F-6)

                                          STATION:   CLARKSVILLE
                                          MONTH:     AUGUST
                                          YEAR:      2016
                                          LATITUDE:   36 37 N
                                          LONGITUDE:  87 25 W

  TEMPERATURE IN F:       :PCPN:    SNOW:  WIND      :SUNSHINE: SKY     :PK WND
================================================================================
1   2   3   4   5  6A  6B    7    8   9   10  11  12  13   14  15   16   17  18
                                     12Z  AVG MX 2MIN
DY MAX MIN AVG DEP HDD CDD  WTR  SNW DPTH SPD SPD DIR MIN PSBL S-S WX    SPD DR
================================================================================

 1  88  73  81   3   0  16 0.15    M    M  3.6 20 310   M    M   2 13     25 290
 2  89  72  81   3   0  16 0.09    M    M  1.9 23  10   M    M   4 13     29  20
 3  90  71  81   3   0  16 1.13    M    M  3.0 39 320   M    M   2 13     47 330
 4  90  71  81   3   0  16 0.73    M    M  4.1 14  20   M    M   5 12     19  40
 5  94  70  82   4   0  17 0.43    M    M  4.6 23 320   M    M   1 123    27 320
 6  89  73  81   3   0  16 0.10    M    M  2.3 17 340   M    M   4 13     21 340
 7  88  71  80   2   0  15 0.00    M    M  5.8 14  20   M    M   3 1      18  20
 8  89  69  79   1   0  14 0.00    M    M  4.6 10  70   M    M   0        13  30
 9  93  72  83   5   0  18 0.01    M    M  1.9 17 140   M    M   3 3      24 140
10  90  75  83   5   0  18 0.00    M    M  4.1 12 120   M    M   5        16 190
11  87  75  81   3   0  16    T    M    M  5.1 16 160   M    M   5        24 160
12  85  75  80   2   0  15 0.00    M    M  6.8 15 190   M    M   8        20 180
13  85  73  79   1   0  14 0.25    M    M  6.8 18 210   M    M   7 13     26 180
14  88  70  79   1   0  14 0.02    M    M  4.4 20 170   M    M   4 13     31 170
15  88  72  80   2   0  15 0.01    M    M  5.6 18 210   M    M   2 3      27 170
16  84  73  79   2   0  14 0.02    M    M  5.4 13 260   M    M   6 1      17 240
17  80  72  76  -1   0  11 0.31    M    M  3.6 12 280   M    M   5 13     15 220
18  81  73  77   0   0  12 0.99  0.0    0  3.9 13 260   M    M   6 18     17 260
19  81  73  77   0   0  12 0.09  0.0    0  4.6 13 140   M    M   6        16 190
20  84  72  78   1   0  13 0.57  0.0    0  8.1 17 230   M    M   6 13     23 210
21  82  61  72  -5   0   7 0.50    M    M  6.2 22 340   M    M   5 1      29 320
22  82  58  70  -7   0   5    T    M    M  2.6 10 180   M    M   1 1      13 190
23  84  57  71  -6   0   6    T    M    M  2.9  9 200   M    M   3 12     13 190
24  90  70  80   3   0  15 0.00    M    M  5.6 16 200   M    M   1 1      21 210
25  91  72  82   6   0  17 0.00  0.0    0  3.2 14 240   M    M   1 1      18 250
26  93  71  82   6   0  17 0.48    M    M  3.3 25 230   M    M   4 1238   37 240
================================================================================
SM 2265 1834         0 365  5.88     0.0 114.0          M       99
================================================================================
AV 87.1 70.5                               4.4 FASTST   M    M   4    MAX(MPH)
                                 MISC ---->  # 39 320               # 47  330
================================================================================
NOTES:
# LAST OF SEVERAL OCCURRENCES

COLUMN 17 PEAK WIND IN M.P.H.

PRELIMINARY LOCAL CLIMATOLOGICAL DATA (WS FORM: F-6) , PAGE 2

                                          STATION:  CLARKSVILLE
                                          MONTH:    AUGUST
                                          YEAR:     2016
                                          LATITUDE:   36 37 N
                                          LONGITUDE:  87 25 W

[TEMPERATURE DATA]      [PRECIPITATION DATA]       SYMBOLS USED IN COLUMN 16

AVERAGE MONTHLY: 78.8   TOTAL FOR MONTH:   5.88    1 = FOG OR MIST
DPTR FM NORMAL:   1.3   DPTR FM NORMAL:    3.29    2 = FOG REDUCING VISIBILITY
HIGHEST:    94 ON  5    GRTST 24HR  1.86 ON  3- 4      TO 1/4 MILE OR LESS
LOWEST:     57 ON 23                               3 = THUNDER
                        SNOW, ICE PELLETS, HAIL    4 = ICE PELLETS
                        TOTAL MONTH:   0.0 INCH    5 = HAIL
                        GRTST 24HR     0.0         6 = FREEZING RAIN OR DRIZZLE
                        GRTST DEPTH:   0           7 = DUSTSTORM OR SANDSTORM:
                                                       VSBY 1/2 MILE OR LESS
                                                   8 = SMOKE OR HAZE
[NO. OF DAYS WITH]      [WEATHER - DAYS WITH]      9 = BLOWING SNOW
                                                   X = TORNADO
MAX 32 OR BELOW:   0    0.01 INCH OR MORE:  17
MAX 90 OR ABOVE:   8    0.10 INCH OR MORE:  11
MIN 32 OR BELOW:   0    0.50 INCH OR MORE:   5
MIN  0 OR BELOW:   0    1.00 INCH OR MORE:   1

[HDD (BASE 65) ]
TOTAL THIS MO.     0    CLEAR  (SCALE 0-3)  10
DPTR FM NORMAL     0    PTCLDY (SCALE 4-7)  16
TOTAL FM JUL 1     0    CLOUDY (SCALE 8-10)  0
DPTR FM NORMAL     0

[CDD (BASE 65) ]
TOTAL THIS MO.   365
DPTR FM NORMAL    40    [PRESSURE DATA]
TOTAL FM JAN 1  1357    HIGHEST SLP M ON M
DPTR FM NORMAL   189    LOWEST  SLP 29.84 ON 20

[REMARKS]
