000
CXUS55 KOHX 231010
CF6CKV
PRELIMINARY LOCAL CLIMATOLOGICAL DATA (WS FORM: F-6)

                                          STATION:   CLARKSVILLE
                                          MONTH:     MAY
                                          YEAR:      2017
                                          LATITUDE:   36 37 N
                                          LONGITUDE:  87 25 W

  TEMPERATURE IN F:       :PCPN:    SNOW:  WIND      :SUNSHINE: SKY     :PK WND
================================================================================
1   2   3   4   5  6A  6B    7    8   9   10  11  12  13   14  15   16   17  18
                                     12Z  AVG MX 2MIN
DY MAX MIN AVG DEP HDD CDD  WTR  SNW DPTH SPD SPD DIR MIN PSBL S-S WX    SPD DR
================================================================================

 1  62  48  55  -7  10   0 0.01    M    M 12.0 29 210   M    M   7 1      38 210
 2  77  47  62   0   3   0 0.00    M    M  8.1 25 290   M    M   1        33 250
 3  73  51  62  -1   3   0 0.02    M    M  9.2 22 200   M    M   2 3      30 200
 4  67  51  59  -4   6   0 1.18    M    M 10.3 23 130   M    M   9 123    30 110
 5  63  46  55  -8  10   0 0.10    M    M 12.9 30 330   M    M   7 1      39 330
 6  70  40  55  -9  10   0 0.00    M    M  8.6 26  10   M    M   3        32  10
 7  71  39  55  -9  10   0 0.00    M    M  3.9 17 290   M    M   1 1      22 340
 8  79  46  63  -1   2   0 0.00    M    M  4.8 14 260   M    M   0 1      17 240
 9  84  63  74  10   0   9 0.00    M    M  8.6 18 260   M    M   0        26 250
10  83  63  73   8   0   8 0.00    M    M  8.6 16 220   M    M   1        23 210
11  85  67  76  11   0  11 0.17    M    M  7.9 18 260   M    M   2 13     25 270
12  67  57  62  -3   3   0 0.12    M    M  8.2 13  20   M    M   9 1       M  M
13  76  53  65  -1   0   0 0.00    M    M  7.3 17  60   M    M   0 1      23  50
14  82  51  67   1   0   2 0.00    M    M  1.9  9 200   M    M   0 12     12 200
15  84  54  69   3   0   4 0.00    M    M  2.2 10 200   M    M   0 12     14 200
16  85  57  71   5   0   6 0.00    M    M  6.7 17 190   M    M   0 12     24 190
17  87  63  75   8   0  10 0.00    M    M 10.7 26 200   M    M   0        37 180
18  87  72  80  13   0  15 0.00    M    M 10.2 18 190   M    M   1        26 210
19  84  67  76   9   0  11 0.07  0.0    0  4.5 15 200   M    M   3 3      20 210
20  87  68  78  10   0  13 0.55  0.0    0  7.5 28 270   M    M   5 13     34 280
21  81  62  72   4   0   7 0.00    M    M  7.8 16 270   M    M   6        22 260
22  73  54  64  -4   1   0 0.00    M    M  5.2 14  60   M    M   0        18  60
================================================================================
SM 1707 1219        58  96  2.22     0.0 167.1          M       57
================================================================================
AV 77.6 55.4                               7.6 FASTST   M    M   3    MAX(MPH)
                                 MISC ---->  # 30 330               # 39  330
================================================================================
NOTES:
# LAST OF SEVERAL OCCURRENCES

COLUMN 17 PEAK WIND IN M.P.H.

PRELIMINARY LOCAL CLIMATOLOGICAL DATA (WS FORM: F-6) , PAGE 2

                                          STATION:  CLARKSVILLE
                                          MONTH:    MAY
                                          YEAR:     2017
                                          LATITUDE:   36 37 N
                                          LONGITUDE:  87 25 W

[TEMPERATURE DATA]      [PRECIPITATION DATA]       SYMBOLS USED IN COLUMN 16

AVERAGE MONTHLY: 66.5   TOTAL FOR MONTH:   2.22    1 = FOG OR MIST
DPTR FM NORMAL:   1.4   DPTR FM NORMAL:   -2.16    2 = FOG REDUCING VISIBILITY
HIGHEST:    87 ON 20,18 GRTST 24HR  1.18 ON  4- 4      TO 1/4 MILE OR LESS
LOWEST:     39 ON  7                               3 = THUNDER
                        SNOW, ICE PELLETS, HAIL    4 = ICE PELLETS
                        TOTAL MONTH:   0.0 INCH    5 = HAIL
                        GRTST 24HR     0.0         6 = FREEZING RAIN OR DRIZZLE
                        GRTST DEPTH:   0           7 = DUSTSTORM OR SANDSTORM:
                                                       VSBY 1/2 MILE OR LESS
                                                   8 = SMOKE OR HAZE
[NO. OF DAYS WITH]      [WEATHER - DAYS WITH]      9 = BLOWING SNOW
                                                   X = TORNADO
MAX 32 OR BELOW:   0    0.01 INCH OR MORE:   8
MAX 90 OR ABOVE:   0    0.10 INCH OR MORE:   5
MIN 32 OR BELOW:   0    0.50 INCH OR MORE:   2
MIN  0 OR BELOW:   0    1.00 INCH OR MORE:   1

[HDD (BASE 65) ]
TOTAL THIS MO.    58    CLEAR  (SCALE 0-3)  16
DPTR FM NORMAL    -2    PTCLDY (SCALE 4-7)   4
TOTAL FM JUL 1  3011    CLOUDY (SCALE 8-10)  2
DPTR FM NORMAL  -994

[CDD (BASE 65) ]
TOTAL THIS MO.    96
DPTR FM NORMAL    33    [PRESSURE DATA]
TOTAL FM JAN 1   173    HIGHEST SLP  0.00 ON  7
DPTR FM NORMAL    74    LOWEST  SLP 29.44 ON  5

[REMARKS]
