000
CXUS55 KOHX 281010
CF6CKV
PRELIMINARY LOCAL CLIMATOLOGICAL DATA (WS FORM: F-6)

                                          STATION:   CLARKSVILLE
                                          MONTH:     MAY
                                          YEAR:      2016
                                          LATITUDE:   36 37 N
                                          LONGITUDE:  87 25 W

  TEMPERATURE IN F:       :PCPN:    SNOW:  WIND      :SUNSHINE: SKY     :PK WND
================================================================================
1   2   3   4   5  6A  6B    7    8   9   10  11  12  13   14  15   16   17  18
                                     12Z  AVG MX 2MIN
DY MAX MIN AVG DEP HDD CDD  WTR  SNW DPTH SPD SPD DIR MIN PSBL S-S WX    SPD DR
================================================================================

 1  81  59  70   8   0   5 0.06    M    M  4.3 17 220   M    M   5 123    23 210
 2  65  55  60  -2   5   0 0.57    M    M  6.1 15 360   M    M   9 138    19 360
 3  64  48  56  -7   9   0 0.00    M    M  7.1 16 320   M    M   8        18 320
 4  67  45  56  -7   9   0 0.06    M    M  9.1 26 320   M    M   4 3      33 340
 5  59  43  51 -12  14   0 0.00  0.0    0 10.7 24 330   M    M   4        30 340
 6  72  44  58  -6   7   0 0.00  0.0    0  6.2 15 310   M    M   1        20 300
 7  84  51  68   4   0   3 0.00  0.0    0  8.7 23 270   M    M   0        28 250
 8  83  56  70   6   0   5 0.00    M    M  7.1 17 210   M    M   0        22 210
 9  73  62  68   4   0   3 0.05  0.0    0  7.8 18 200   M    M   4        22 210
10  79  64  72   7   0   7 1.07  0.0    0 10.4 23 190   M    M   4 13     30  10
11  85  64  75  10   0  10 0.06  0.0    0  6.1 26 360   M    M   5 138    32 360
12  78  59  69   4   0   4 0.24  0.0    0  8.1 24 360   M    M   4 13     36  30
13  74  53  64  -2   1   0 0.00  0.0    0  6.9 15 310   M    M   0        20 320
14  60  43  52 -14  13   0 0.01    M    0  9.7 26 340   M    M   4 1      37 330
15  66  39  53 -13  12   0    T    M    0  4.6 15 290   M    M   0        20 310
16  64  48  56 -10   9   0 0.10    M    0  5.9 12 120   M    M   8 1      17 100
17  67  52  60  -7   5   0 0.10  0.0    0  7.1 15  30   M    M  10 1      19  20
18  62  49  56 -11   9   0 0.25    M    0  6.6 14  20   M    M   8 1      19  30
19  73  45  59  -8   6   0    T    M    0  6.1 16  30   M    M   1 1      21  30
20  69  56  63  -5   2   0 1.16  0.0    0  4.7 12 110   M    M   9 123    13 340
21  70  54  62  -6   3   0 0.00  0.0    0  6.9 17 350   M    M   7 128    21 320
22  79  48  64  -4   1   0 0.00  0.0    0  4.7 15  10   0    0   0 12     19  10
23  82  50  66  -2   0   1 0.00    M    M  3.2 10  20   M    M   0        13  90
24  83  54  69   0   0   4 0.00    M    M  4.3 13 210   M    M   2        17 200
25  81  63  72   3   0   7 1.21    M    M  5.7 20 330   M    M   5 13     25 330
26  86  61  74   5   0   9 0.34    M    M  6.3 21 310   M    M   4 13     28  30
27  84  64  74   5   0   9    T  0.0    0  7.9 21 210   M    M   0 1      27 190
================================================================================
SM 1990 1429       105  67  5.28     0.0 182.3            0    106
================================================================================
AV 73.7 52.9                               6.8 FASTST    0   0   4    MAX(MPH)
                                 MISC ---->  # 26 320               # 37  330
================================================================================
NOTES:
# LAST OF SEVERAL OCCURRENCES

COLUMN 17 PEAK WIND IN M.P.H.

PRELIMINARY LOCAL CLIMATOLOGICAL DATA (WS FORM: F-6) , PAGE 2

                                          STATION:  CLARKSVILLE
                                          MONTH:    MAY
                                          YEAR:     2016
                                          LATITUDE:   36 37 N
                                          LONGITUDE:  87 25 W

[TEMPERATURE DATA]      [PRECIPITATION DATA]       SYMBOLS USED IN COLUMN 16

AVERAGE MONTHLY: 63.3   TOTAL FOR MONTH:   5.28    1 = FOG OR MIST
DPTR FM NORMAL:  -2.5   DPTR FM NORMAL:    0.21    2 = FOG REDUCING VISIBILITY
HIGHEST:    86 ON 26    GRTST 24HR  1.23 ON 25-26      TO 1/4 MILE OR LESS
LOWEST:     39 ON 15                               3 = THUNDER
                        SNOW, ICE PELLETS, HAIL    4 = ICE PELLETS
                        TOTAL MONTH:   0.0 INCH    5 = HAIL
                        GRTST 24HR     0.0         6 = FREEZING RAIN OR DRIZZLE
                        GRTST DEPTH:   0           7 = DUSTSTORM OR SANDSTORM:
                                                       VSBY 1/2 MILE OR LESS
                                                   8 = SMOKE OR HAZE
[NO. OF DAYS WITH]      [WEATHER - DAYS WITH]      9 = BLOWING SNOW
                                                   X = TORNADO
MAX 32 OR BELOW:   0    0.01 INCH OR MORE:  14
MAX 90 OR ABOVE:   0    0.10 INCH OR MORE:   9
MIN 32 OR BELOW:   0    0.50 INCH OR MORE:   4
MIN  0 OR BELOW:   0    1.00 INCH OR MORE:   3

[HDD (BASE 65) ]
TOTAL THIS MO.   105    CLEAR  (SCALE 0-3)  10
DPTR FM NORMAL    40    PTCLDY (SCALE 4-7)  12
TOTAL FM JUL 1  3228    CLOUDY (SCALE 8-10)  5
DPTR FM NORMAL  -782

[CDD (BASE 65) ]
TOTAL THIS MO.    67
DPTR FM NORMAL   -21    [PRESSURE DATA]
TOTAL FM JAN 1    95    HIGHEST SLP  0.00 ON 22
DPTR FM NORMAL   -29    LOWEST  SLP 29.67 ON  4

[REMARKS]
