000
CXUS51 KCLE 190800
CF6CLE
PRELIMINARY LOCAL CLIMATOLOGICAL DATA (WS FORM: F-6)

                                          STATION:   CLEVELAND OH
                                          MONTH:     JANUARY
                                          YEAR:      2018
                                          LATITUDE:   41 24 N
                                          LONGITUDE:  81 51 W

  TEMPERATURE IN F:       :PCPN:    SNOW:  WIND      :SUNSHINE: SKY     :PK WND
================================================================================
1   2   3   4   5  6A  6B    7    8   9   10  11  12  13   14  15   16   17  18
                                     12Z  AVG MX 2MIN
DY MAX MIN AVG DEP HDD CDD  WTR  SNW DPTH SPD SPD DIR MIN PSBL S-S WX    SPD DR
================================================================================

 1  12   0   6 -23  59   0 0.01  0.9    4 10.5 20 290   M    M   7 1      23 280
 2  14   5  10 -18  55   0    T    T    4 13.2 23 230   M    M   7        30 240
 3  21   4  13 -15  52   0 0.01  0.1    4 11.6 18 200   M    M   7        23 200
 4  19   4  12 -16  53   0 0.01  0.3    4 15.6 23 300   M    M   8 19     29 320
 5  10  -2   4 -24  61   0 0.00  0.0    4 15.2 29 290   M    M   4 9      37 290
 6  12  -1   6 -22  59   0    T  0.1    4 11.2 22 280   M    M   6 18     28 300
 7  31  -5  13 -15  52   0    T    T    4 12.6 22 190   M    M   6        28 190
 8  37  31  34   6  31   0 0.25  1.9    4 15.2 22 230   M    M  10 1469   31 230
 9  35  25  30   2  35   0 0.00  0.0    4  5.7 12 240   M    M   7 18     14 240
10  54  25  40  12  25   0 0.01    T    3 11.8 20 180   M    M   8 1      28 170
11  62  53  58  30   7   0 0.16  0.0    0 15.0 24 170   M    M  10 1      32 170
12  60  20  40  12  25   0 0.76  2.3    0 18.2 33  10   M    M  10 1269   43  20
13  20  16  18 -10  47   0 0.07  2.0    3 16.4 33  20   M    M  10 89     41  20
14  19  10  15 -13  50   0    T    T    4  4.9 10 180   M    M   9        15 180
15  28   9  19  -9  46   0 0.03  0.5    4  8.2 16 160   M    M  10 18     21 170
16  26   3  15 -13  50   0    T    T    3 10.2 21 240   M    M   8        26 250
17  20   2  11 -17  54   0    T    T    3 10.3 16 200   M    M   5        22 250
18  31  14  23  -5  42   0 0.00  0.0    3 16.1 22 230   M    M   1        35 230
================================================================================
SM  511  213       803   0  1.31     8.1 221.9          M      133
================================================================================
AV 28.4 11.8                              12.3 FASTST   M    M   7    MAX(MPH)
                                 MISC ---->  # 33  10               # 43   20
================================================================================
NOTES:
# LAST OF SEVERAL OCCURRENCES

COLUMN 17 PEAK WIND IN M.P.H.

PRELIMINARY LOCAL CLIMATOLOGICAL DATA (WS FORM: F-6) , PAGE 2

                                          STATION:  CLEVELAND OH
                                          MONTH:    JANUARY
                                          YEAR:     2018
                                          LATITUDE:   41 24 N
                                          LONGITUDE:  81 51 W

[TEMPERATURE DATA]      [PRECIPITATION DATA]       SYMBOLS USED IN COLUMN 16

AVERAGE MONTHLY: 20.1   TOTAL FOR MONTH:   1.31    1 = FOG OR MIST
DPTR FM NORMAL:  -7.9   DPTR FM NORMAL:   -0.36    2 = FOG REDUCING VISIBILITY
HIGHEST:    62 ON 11    GRTST 24HR  0.76 ON 12-12      TO 1/4 MILE OR LESS
LOWEST:     -5 ON  7                               3 = THUNDER
                        SNOW, ICE PELLETS, HAIL    4 = ICE PELLETS
                        TOTAL MONTH:   8.1 INCHES  5 = HAIL
                        GRTST 24HR   2.3 ON 12-12  6 = FREEZING RAIN OR DRIZZLE
                        GRTST DEPTH:   4 ON 15,14  7 = DUSTSTORM OR SANDSTORM:
                                                       VSBY 1/2 MILE OR LESS
                                                   8 = SMOKE OR HAZE
[NO. OF DAYS WITH]      [WEATHER - DAYS WITH]      9 = BLOWING SNOW
                                                   X = TORNADO
MAX 32 OR BELOW:  13    0.01 INCH OR MORE:   9
MAX 90 OR ABOVE:   0    0.10 INCH OR MORE:   3
MIN 32 OR BELOW:  17    0.50 INCH OR MORE:   1
MIN  0 OR BELOW:   4    1.00 INCH OR MORE:   0

[HDD (BASE 65) ]
TOTAL THIS MO.   803    CLEAR  (SCALE 0-3)   1
DPTR FM NORMAL   138    PTCLDY (SCALE 4-7)   8
TOTAL FM JUL 1  2810    CLOUDY (SCALE 8-10)  9
DPTR FM NORMAL    38

[CDD (BASE 65) ]
TOTAL THIS MO.     0
DPTR FM NORMAL     0    [PRESSURE DATA]
TOTAL FM JAN 1     0    HIGHEST SLP M ON M
DPTR FM NORMAL     0    LOWEST  SLP 29.62 ON 12

[REMARKS]
