000
CXUS54 KHGX 231415
CF6CLL
PRELIMINARY LOCAL CLIMATOLOGICAL DATA (WS FORM: F-6)

                                          STATION:   COLLEGE STATION
                                          MONTH:     AUGUST
                                          YEAR:      2016
                                          LATITUDE:   30 34 N
                                          LONGITUDE:  96 22 W

  TEMPERATURE IN F:       :PCPN:    SNOW:  WIND      :SUNSHINE: SKY     :PK WND
================================================================================
1   2   3   4   5  6A  6B    7    8   9   10  11  12  13   14  15   16   17  18
                                     12Z  AVG MX 2MIN
DY MAX MIN AVG DEP HDD CDD  WTR  SNW DPTH SPD SPD DIR MIN PSBL S-S WX    SPD DR
================================================================================

 1  98  75  87   1   0  22 0.00  0.0    0  7.8 16 170   M    M   0 1      29 190
 2  98  75  87   1   0  22 0.00  0.0    0  6.4 13 180   M    M   1        20 190
 3  99  77  88   2   0  23 0.00  0.0    0  5.9 15 140   M    M   1        20 130
 4  99  76  88   2   0  23 0.00  0.0    0  6.9 15 180   M    M   1        21 180
 5  99  77  88   2   0  23    T  0.0    0  6.2 14 170   M    M   2        18 180
 6  99  76  88   2   0  23 0.00  0.0    0  6.1 14 250   M    M   1        18 240
 7 100  77  89   3   0  24 0.00  0.0    0  6.5 14 150   M    M   1        19 270
 8  99  76  88   2   0  23 0.00  0.0    0  6.3 13 140   M    M   1        17 160
 9 100  77  89   3   0  24 0.00  0.0    0  7.3 15 120   M    M   2        20 150
10 100  78  89   3   0  24 0.00  0.0    0  6.8 14 170   M    M   1        19 170
11 101  80  91   5   0  26 0.00  0.0    0  8.6 16 190   M    M   2        24 220
12 102  79  91   5   0  26 0.00  0.0    0  8.2 17 170   M    M   1        22 190
13  97  75  86   0   0  21 1.54  0.0    0  6.2 20 230   M    M   4 13     24 330
14  87  70  79  -7   0  14 0.30  0.0    0  5.1 23 180   M    M   9 1      28 170
15  85  71  78  -8   0  13 1.60  0.0    0  4.8 18 200   M    M   8 1      23 200
16  83  74  79  -7   0  14 0.12  0.0    0  7.6 20 160   M    M   6 1      23 170
17  86  73  80  -6   0  15 0.60  0.0    0  7.3 26 180   M    M   7 13     34 180
18  86  73  80  -6   0  15 0.07  0.0    0  4.9 17 270   M    M   4 13     21 260
19  90  75  83  -3   0  18 0.01  0.0    0  8.6 18 170   M    M   4 13     23 170
20  89  73  81  -5   0  16 2.01  0.0    0  6.7 17 150   M    M   4 13     22 240
21  83  73  78  -7   0  13 1.05  0.0    0  6.1 13 320   M    M   5 1      16 270
22  87  73  80  -5   0  15 0.82  0.0    0  7.1 15 200   M    M   5 13     23 200
================================================================================
SM 2067 1653         0 437  8.12     0.0 147.4          M       70
================================================================================
AV 94.0 75.1                               6.7 FASTST   M    M   3    MAX(MPH)
                                 MISC ---->  # 26 180               # 34  180
================================================================================
NOTES:
# LAST OF SEVERAL OCCURRENCES

COLUMN 17 PEAK WIND IN M.P.H.

PRELIMINARY LOCAL CLIMATOLOGICAL DATA (WS FORM: F-6) , PAGE 2

                                          STATION:  COLLEGE STATION
                                          MONTH:    AUGUST
                                          YEAR:     2016
                                          LATITUDE:   30 34 N
                                          LONGITUDE:  96 22 W

[TEMPERATURE DATA]      [PRECIPITATION DATA]       SYMBOLS USED IN COLUMN 16

AVERAGE MONTHLY: 84.5   TOTAL FOR MONTH:   8.12    1 = FOG OR MIST
DPTR FM NORMAL:  -1.4   DPTR FM NORMAL:    6.38    2 = FOG REDUCING VISIBILITY
HIGHEST:   102 ON 12    GRTST 24HR  3.00 ON 20-21      TO 1/4 MILE OR LESS
LOWEST:     70 ON 14                               3 = THUNDER
                        SNOW, ICE PELLETS, HAIL    4 = ICE PELLETS
                        TOTAL MONTH:   0.0 INCH    5 = HAIL
                        GRTST 24HR     0.0         6 = FREEZING RAIN OR DRIZZLE
                        GRTST DEPTH:   0           7 = DUSTSTORM OR SANDSTORM:
                                                       VSBY 1/2 MILE OR LESS
                                                   8 = SMOKE OR HAZE
[NO. OF DAYS WITH]      [WEATHER - DAYS WITH]      9 = BLOWING SNOW
                                                   X = TORNADO
MAX 32 OR BELOW:   0    0.01 INCH OR MORE:  10
MAX 90 OR ABOVE:  14    0.10 INCH OR MORE:   8
MIN 32 OR BELOW:   0    0.50 INCH OR MORE:   6
MIN  0 OR BELOW:   0    1.00 INCH OR MORE:   4

[HDD (BASE 65) ]
TOTAL THIS MO.     0    CLEAR  (SCALE 0-3)  12
DPTR FM NORMAL     0    PTCLDY (SCALE 4-7)   9
TOTAL FM JUL 1     0    CLOUDY (SCALE 8-10)  1
DPTR FM NORMAL     0

[CDD (BASE 65) ]
TOTAL THIS MO.   437
DPTR FM NORMAL   -21    [PRESSURE DATA]
TOTAL FM JAN 1  2207    HIGHEST SLP M ON M
DPTR FM NORMAL    34    LOWEST  SLP 29.69 ON 13

[REMARKS]
