000
CXUS52 KGSP 011331
CF6CLT

PRELIMINARY LOCAL CLIMATOLOGICAL DATA (WS FORM: F-6)

                                          STATION:   CHARLOTTE NC
                                          MONTH:     FEBRUARY
                                          YEAR:      2015
                                          LATITUDE:   35 12 N
                                          LONGITUDE:  80 57 W

  TEMPERATURE IN F:       :PCPN:    SNOW:  WIND      :SUNSHINE: SKY     :PK WND
================================================================================
1   2   3   4   5  6A  6B    7    8   9   10  11  12  13   14  15   16   17  18
                                     12Z  AVG MX 2MIN
DY MAX MIN AVG DEP HDD CDD  WTR  SNW DPTH SPD SPD DIR MIN PSBL S-S WX    SPD DR
================================================================================

 1  57  36  47   6  18   0 0.01  0.0    0  8.6 20 180   M    M  10        24 180
 2  57  26  42   0  23   0 0.39  0.0    0 15.0 30 310   M    M   6 1      40 300
 3  46  22  34  -8  31   0 0.00  0.0    0  3.8 10 180   M    M   2        14 230
 4  53  28  41  -1  24   0 0.00  0.0    0  4.8 13 200   M    M   9        16 190
 5  52  27  40  -2  25   0 0.00  0.0    0  9.6 25 360   M    M   6        36 360
 6  45  18  32 -10  33   0 0.00  0.0    0  4.9 12 200   M    M   3        15 140
 7  65  28  47   5  18   0 0.00  0.0    0  7.2 18 210   M    M   4        24 210
 8  70  47  59  17   6   0 0.00  0.0    0 13.9 25 210   M    M   2        31 220
 9  61  51  56  13   9   0 0.87  0.0    0  5.4 13 220   M    M  10 1      16 230
10  53  37  45   2  20   0 0.13  0.0    0 10.9 20  20   M    M   7 1      28  10
11  55  28  42  -1  23   0 0.00  0.0    0  4.8 12  30   M    M   0        17  60
12  57  26  42  -1  23   0 0.00  0.0    0  8.1 26 340   M    M   1        40 310
13  40  21  31 -12  34   0 0.00  0.0    0  4.7 15  30   M    M   4        18  20
14  56  23  40  -4  25   0 0.00  0.0    0 13.3 35 300   M    M   3        49 300
15  36  14  25 -19  40   0 0.00  0.0    0 10.6 25 360   M    M   1        38 360
16  33  24  29 -15  36   0 0.51  0.5    0  6.7 13  10   M    M  10 146    17  60
17  34  23  29 -15  36   0 0.15    T    T  4.3 16  10   M    M   9 146    20 360
18  42  21  32 -12  33   0    T    T    T  9.1 24 290   M    M   6 18     32 300
19  26  12  19 -26  46   0 0.00  0.0    0  9.0 17 330   M    M   1        25 290
20  31   7  19 -26  46   0 0.00  0.0    0  4.1 12 150   M    M   2        16 100
21  43  25  34 -11  31   0    T    T    0  5.4 10 170   M    M  10        13 170
22  57  36  47   2  18   0 0.18  0.0    0  2.4  9 310   M    M  10 18     12  30
23  52  35  44  -2  21   0 0.02  0.0    0  9.0 20  30   M    M   9 1      26  30
24  35  28  32 -14  33   0 0.07  0.7    1  5.2 12  60   M    M  10 1      21  80
25  42  29  36 -10  29   0 0.48  1.7    0  5.0 12 130   M    M  10 148    17 120
26  42  31  37  -9  28   0 0.21  0.2    2  7.0 17 360   M    M   9 14     23  20
27  50  26  38  -9  27   0 0.00  0.0    T  4.3 14  60   M    M   6 18     21  70
28  44  29  37 -10  28   0 0.00  0.0    0  8.6 14  50   M    M   8        23  50
================================================================================
SM 1334  758       764   0  3.02     3.1 205.7          M      168
================================================================================
AV 47.6 27.1                               7.3 FASTST   M    M   6    MAX(MPH)
                                 MISC ---->  # 35 300               # 49  300
================================================================================
NOTES:
# LAST OF SEVERAL OCCURRENCES

COLUMN 17 PEAK WIND IN M.P.H.

PRELIMINARY LOCAL CLIMATOLOGICAL DATA (WS FORM: F-6) , PAGE 2

                                          STATION:  CHARLOTTE NC
                                          MONTH:    FEBRUARY
                                          YEAR:     2015
                                          LATITUDE:   35 12 N
                                          LONGITUDE:  80 57 W

[TEMPERATURE DATA]      [PRECIPITATION DATA]       SYMBOLS USED IN COLUMN 16

AVERAGE MONTHLY: 37.4   TOTAL FOR MONTH:   3.02    1 = FOG OR MIST
DPTR FM NORMAL:  -6.5   DPTR FM NORMAL:   -0.30    2 = FOG REDUCING VISIBILITY
HIGHEST:    70 ON  8    GRTST 24HR  1.00 ON  9-10      TO 1/4 MILE OR LESS
LOWEST:      7 ON 20                               3 = THUNDER
                        SNOW, ICE PELLETS, HAIL    4 = ICE PELLETS
                        TOTAL MONTH:   3.1 INCHES  5 = HAIL
                        GRTST 24HR   1.9 ON 25-26  6 = FREEZING RAIN OR DRIZZLE
                        GRTST DEPTH:   2 ON 26     7 = DUSTSTORM OR SANDSTORM:
                                                       VSBY 1/2 MILE OR LESS
                                                   8 = SMOKE OR HAZE
[NO. OF DAYS WITH]      [WEATHER - DAYS WITH]      9 = BLOWING SNOW
                                                   X = TORNADO
MAX 32 OR BELOW:   2    0.01 INCH OR MORE:  11
MAX 90 OR ABOVE:   0    0.10 INCH OR MORE:   8
MIN 32 OR BELOW:  22    0.50 INCH OR MORE:   2
MIN  0 OR BELOW:   0    1.00 INCH OR MORE:   0

[HDD (BASE 65) ]
TOTAL THIS MO.   764    CLEAR  (SCALE 0-3)   9
DPTR FM NORMAL   172    PTCLDY (SCALE 4-7)   8
TOTAL FM JUL 1  2771    CLOUDY (SCALE 8-10) 11
DPTR FM NORMAL    72

[CDD (BASE 65) ]
TOTAL THIS MO.     0
DPTR FM NORMAL     0    [PRESSURE DATA]
TOTAL FM JAN 1     0    HIGHEST SLP 30.74 ON 28
DPTR FM NORMAL     0    LOWEST  SLP 29.55 ON  2

[REMARKS]
#FINAL-02-15#
