000
CXUS52 KGSP 300817
CF6CLT
PRELIMINARY LOCAL CLIMATOLOGICAL DATA (WS FORM: F-6)

                                          STATION:   CHARLOTTE NC
                                          MONTH:     SEPTEMBER
                                          YEAR:      2014
                                          LATITUDE:   35 12 N
                                          LONGITUDE:  80 57 W

  TEMPERATURE IN F:       :PCPN:    SNOW:  WIND      :SUNSHINE: SKY     :PK WND
================================================================================
1   2   3   4   5  6A  6B    7    8   9   10  11  12  13   14  15   16   17  18
                                     12Z  AVG MX 2MIN
DY MAX MIN AVG DEP HDD CDD  WTR  SNW DPTH SPD SPD DIR MIN PSBL S-S WX    SPD DR
================================================================================

 1  93  71  82   7   0  17 0.00  0.0    0  3.8 10 210   M    M   6        14 220
 2  94  69  82   7   0  17    T  0.0    0  4.6 21 170   M    M   3        25 180
 3  93  68  81   6   0  16 0.63  0.0    0  4.2 23 150   M    M   7 13     25 140
 4  85  69  77   3   0  12 0.82  0.0    0  3.2 17 120   M    M   8 138    21 120
 5  89  69  79   5   0  14 0.01  0.0    0  2.0 16 150   M    M   7 138    18 150
 6  90  70  80   6   0  15 0.00  0.0    0  3.3 10 350   M    M   6        13 360
 7  88  70  79   5   0  14 0.09  0.0    0  8.4 20 110   M    M   7 18     29 110
 8  73  67  70  -3   0   5    T  0.0    0 10.0 16  10   M    M  10 1      22  20
 9  77  66  72  -1   0   7 0.00  0.0    0  4.9 14  10   M    M  10 1      17  10
10  79  65  72  -1   0   7 0.00  0.0    0  3.7 13 110   M    M   8 1      15 110
11  89  64  77   5   0  12 0.09  0.0    0  4.4 17 300   M    M   5 1      24 300
12  90  72  81   9   0  16 0.08  0.0    0  4.3 22 120   M    M   7 13     26 130
13  86  66  76   4   0  11 1.56  0.0    0  6.2 16  40   M    M   9 13     21  40
14  69  62  66  -6   0   1    T  0.0    0  6.1 13  50   M    M   9        21  70
15  75  66  71   0   0   6 0.01  0.0    0  1.4  7 180   M    M  10 18      9 180
16  86  65  76   5   0  11 0.37  0.0    0  3.2 20 360   M    M   8 13     25 360
17  74  63  69  -1   0   4 0.00  0.0    0  5.5 13  10   M    M   7 18     18  30
18  80  62  71   1   0   6 0.00  0.0    0  4.3 10 160   M    M   8 18     14 160
19  79  67  73   3   0   8 0.02  0.0    0  8.1 15 110   M    M   8 1      20  70
20  82  59  71   1   0   6 0.00  0.0    0  6.8 13  20   M    M   4 1      21 350
21  85  57  71   2   0   6 0.00  0.0    0  5.0 12 260   M    M   4 1      18 280
22  76  61  69   0   0   4 0.00  0.0    0  6.1 14  20   M    M   7        24  30
23  65  53  59  -9   6   0 0.02  0.0    0  8.8 15  10   M    M  10        22  50
24  64  53  59  -9   6   0 0.19  0.0    0 10.3 17  10   M    M   9 1      23  10
25  70  61  66  -2   0   1 0.01  0.0    0  7.7 13  10   M    M   8 1      17  70
26  71  62  67   0   0   2    T  0.0    0  7.7 13  40   M    M   9 18     22  50
27  78  59  69   2   0   4 0.00  0.0    0  6.4 14  20   M    M   5        20  90
28  76  60  68   2   0   3 0.00  0.0    0  4.3  9 100   M    M  10 8      18 100
29  70  64  67   1   0   2 0.09  0.0    0  2.5  7  10   M    M  10        10 360
================================================================================
SM 2326 1860        12 227  3.99     0.0 157.2          M      219
================================================================================
AV 80.2 64.1                               5.4 FASTST   M    M   8    MAX(MPH)
                                 MISC ---->  # 23 150               # 29  110
================================================================================
NOTES:
# LAST OF SEVERAL OCCURRENCES

COLUMN 17 PEAK WIND IN M.P.H.

PRELIMINARY LOCAL CLIMATOLOGICAL DATA (WS FORM: F-6) , PAGE 2

                                          STATION:  CHARLOTTE NC
                                          MONTH:    SEPTEMBER
                                          YEAR:     2014
                                          LATITUDE:   35 12 N
                                          LONGITUDE:  80 57 W

[TEMPERATURE DATA]      [PRECIPITATION DATA]       SYMBOLS USED IN COLUMN 16

AVERAGE MONTHLY: 72.2   TOTAL FOR MONTH:   3.99    1 = FOG OR MIST
DPTR FM NORMAL:   1.2   DPTR FM NORMAL:    0.87    2 = FOG REDUCING VISIBILITY
HIGHEST:    94 ON  2    GRTST 24HR  1.63 ON 12-13      TO 1/4 MILE OR LESS
LOWEST:     53 ON 24,23                            3 = THUNDER
                        SNOW, ICE PELLETS, HAIL    4 = ICE PELLETS
                        TOTAL MONTH:   0.0 INCH    5 = HAIL
                        GRTST 24HR     0.0         6 = FREEZING RAIN OR DRIZZLE
                        GRTST DEPTH:   0           7 = DUSTSTORM OR SANDSTORM:
                                                       VSBY 1/2 MILE OR LESS
                                                   8 = SMOKE OR HAZE
[NO. OF DAYS WITH]      [WEATHER - DAYS WITH]      9 = BLOWING SNOW
                                                   X = TORNADO
MAX 32 OR BELOW:   0    0.01 INCH OR MORE:  14
MAX 90 OR ABOVE:   5    0.10 INCH OR MORE:   5
MIN 32 OR BELOW:   0    0.50 INCH OR MORE:   3
MIN  0 OR BELOW:   0    1.00 INCH OR MORE:   1

[HDD (BASE 65) ]
TOTAL THIS MO.    12    CLEAR  (SCALE 0-3)   0
DPTR FM NORMAL    -7    PTCLDY (SCALE 4-7)  16
TOTAL FM JUL 1    12    CLOUDY (SCALE 8-10) 13
DPTR FM NORMAL    -7

[CDD (BASE 65) ]
TOTAL THIS MO.   227
DPTR FM NORMAL    31    [PRESSURE DATA]
TOTAL FM JAN 1  1582    HIGHEST SLP M ON M
DPTR FM NORMAL   109    LOWEST  SLP 29.82 ON 21

[REMARKS]
