000
CXUS53 KTOP 290800
CF6CNK
PRELIMINARY LOCAL CLIMATOLOGICAL DATA (WS FORM: F-6)

                                          STATION:   Concordia KS
                                          MONTH:     APRIL
                                          YEAR:      2017
                                          LATITUDE:   39 32 N
                                          LONGITUDE:  97 39 W

  TEMPERATURE IN F:       :PCPN:    SNOW:  WIND      :SUNSHINE: SKY     :PK WND
================================================================================
1   2   3   4   5  6A  6B    7    8   9   10  11  12  13   14  15   16   17  18
                                     12Z  AVG MX 2MIN
DY MAX MIN AVG DEP HDD CDD  WTR  SNW DPTH SPD SPD DIR MIN PSBL S-S WX    SPD DR
================================================================================

 1  46  42  44  -4  21   0 0.67  0.0    0  7.2 20  70   M    M  10 1      26  70
 2  53  42  48  -1  17   0 0.01  0.0    0  4.3 10 360   M    M  10 1      12 320
 3  67  45  56   7   9   0 0.02  0.0    0 10.2 25 320   M    M   6 12     33 320
 4  51  41  46  -3  19   0 0.11  0.0    0  9.4 20  40   M    M  10 1      29 330
 5  60  38  49  -1  16   0    T  0.0    0 13.6 30 330   M    M   3        39 320
 6  60  33  47  -3  18   0 0.00  0.0    0  7.3 16 340   M    M   0        21 340
 7  67  36  52   2  13   0 0.00  0.0    0 14.2 29 170   M    M   0        35 180
 8  74  54  64  13   1   0 0.00  0.0    0 15.4 24 190   M    M   0        33 180
 9  79  52  66  15   0   1 0.00  0.0    0 15.0 24 340   M    M   0        32 180
10  57  35  46  -5  19   0 0.00  0.0    0 14.8 30 300   M    M   1        37 300
11  66  27  47  -5  18   0 0.00  0.0    0  6.0 16 150   M    M   1 8      21 150
12  66  49  58   6   7   0 0.98  0.0    0 14.4 23 140   M    M   3 138    29 190
13  75  57  66  14   0   1    T  0.0    0  9.4 21 190   M    M   1        25 190
14  75  58  67  14   0   2 0.00  0.0    0 19.4 32 190   M    M   7 1      44 180
15  80  61  71  18   0   6 0.15  0.0    0 15.0 30 210   M    M   2 13     39 210
16  63  45  54   1  11   0    T  0.0    0  8.4 17 130   M    M   6        24  20
17  72  42  57   3   8   0 0.00  0.0    0  8.0 18 170   M    M   1        22 140
18  78  56  67  13   0   2 0.02  0.0    0 10.7 22 180   M    M   5 13     28 180
19  81  54  68  14   0   3 0.97  0.0    0 13.6 30 190   M    M   3 13     41 190
20  70  50  60   5   5   0    T  0.0    0 10.4 22 340   M    M   0        28 340
21  54  45  50  -5  15   0 0.02  0.0    0  9.9 20  40   M    M   6        33  30
22  64  44  54  -1  11   0    T  0.0    0  7.7 17  20   M    M   2        23  30
23  67  36  52  -4  13   0 0.00  0.0    0  8.9 21 170   M    M   0        29 170
24  75  49  62   6   3   0 0.00  0.0    0 19.4 39 180   M    M   0        48 170
25  63  41  52  -4  13   0    T  0.0    0 13.3 22 360   M    M   8        30  10
26  50  35  43 -14  22   0 0.00  0.0    0 14.9 25 330   M    M   8        33 330
27  58  29  44 -13  21   0 0.29  0.0    0  6.9 16 170   M    M   4 1      20 160
28  51  41  46 -11  19   0 0.60  0.0    0 12.0 21  30   M    M  10 1      26  30
================================================================================
SM 1822 1237       299  15  3.84     0.0 319.7          M      107
================================================================================
AV 65.1 44.2                              11.4 FASTST   M    M   4    MAX(MPH)
                                 MISC ---->  # 39 180               # 48  170
================================================================================
NOTES:
# LAST OF SEVERAL OCCURRENCES

COLUMN 17 PEAK WIND IN M.P.H.

PRELIMINARY LOCAL CLIMATOLOGICAL DATA (WS FORM: F-6) , PAGE 2

                                          STATION:  Concordia KS
                                          MONTH:    APRIL
                                          YEAR:     2017
                                          LATITUDE:   39 32 N
                                          LONGITUDE:  97 39 W

[TEMPERATURE DATA]      [PRECIPITATION DATA]       SYMBOLS USED IN COLUMN 16

AVERAGE MONTHLY: 54.6   TOTAL FOR MONTH:   3.84    1 = FOG OR MIST
DPTR FM NORMAL:   1.8   DPTR FM NORMAL:    1.59    2 = FOG REDUCING VISIBILITY
HIGHEST:    81 ON 19    GRTST 24HR  0.98 ON 12-12      TO 1/4 MILE OR LESS
LOWEST:     27 ON 11                               3 = THUNDER
                        SNOW, ICE PELLETS, HAIL    4 = ICE PELLETS
                        TOTAL MONTH:   0.0 INCH    5 = HAIL
                        GRTST 24HR     0.0         6 = FREEZING RAIN OR DRIZZLE
                        GRTST DEPTH:   0           7 = DUSTSTORM OR SANDSTORM:
                                                       VSBY 1/2 MILE OR LESS
                                                   8 = SMOKE OR HAZE
[NO. OF DAYS WITH]      [WEATHER - DAYS WITH]      9 = BLOWING SNOW
                                                   X = TORNADO
MAX 32 OR BELOW:   0    0.01 INCH OR MORE:  11
MAX 90 OR ABOVE:   0    0.10 INCH OR MORE:   7
MIN 32 OR BELOW:   2    0.50 INCH OR MORE:   4
MIN  0 OR BELOW:   0    1.00 INCH OR MORE:   0

[HDD (BASE 65) ]
TOTAL THIS MO.   299    CLEAR  (SCALE 0-3)  14
DPTR FM NORMAL   -58    PTCLDY (SCALE 4-7)  10
TOTAL FM JUL 1  4369    CLOUDY (SCALE 8-10)  4
DPTR FM NORMAL  -879

[CDD (BASE 65) ]
TOTAL THIS MO.    15
DPTR FM NORMAL     2    [PRESSURE DATA]
TOTAL FM JAN 1    19    HIGHEST SLP M ON M
DPTR FM NORMAL     5    LOWEST  SLP 29.37 ON 25

[REMARKS]
