000
CXUS53 KTOP 230800
CF6CNK
PRELIMINARY LOCAL CLIMATOLOGICAL DATA (WS FORM: F-6)

                                          STATION:   Concordia KS
                                          MONTH:     JANUARY
                                          YEAR:      2018
                                          LATITUDE:   39 32 N
                                          LONGITUDE:  97 39 W

  TEMPERATURE IN F:       :PCPN:    SNOW:  WIND      :SUNSHINE: SKY     :PK WND
================================================================================
1   2   3   4   5  6A  6B    7    8   9   10  11  12  13   14  15   16   17  18
                                     12Z  AVG MX 2MIN
DY MAX MIN AVG DEP HDD CDD  WTR  SNW DPTH SPD SPD DIR MIN PSBL S-S WX    SPD DR
================================================================================

 1  11 -10   1 -27  64   0 0.00  0.0    T  3.2  8  80   M    M   1        10  80
 2  26  -3  12 -16  53   0 0.00  0.0    T  9.3 18 250   M    M   1        23 250
 3  30  13  22  -6  43   0 0.00  0.0    0  8.3 20 350   M    M   3        27 330
 4  40   7  24  -4  41   0 0.00  0.0    T  6.3 16 190   M    M   0 1      19 200
 5  28   8  18 -10  47   0 0.00  0.0    0  8.4 14  30   M    M   0        17 360
 6  33   6  20  -8  45   0 0.00  0.0    0  8.5 16 160   M    M   0        20 150
 7  47  27  37   9  28   0 0.00  0.0    0  6.0 15 320   M    M   4        18 340
 8  54  24  39  11  26   0 0.00  0.0    0 10.5 23 190   M    M   0        29 200
 9  57  37  47  19  18   0 0.00  0.0    0 15.9 25 200   M    M   0        31 190
10  58  35  47  19  18   0 0.00  0.0    0 12.3 26 350   M    M   2 1      34 350
11  41   7  24  -4  41   0 0.17  1.7    1 19.3 37 350   M    M   5 169    46 340
12  16   2   9 -19  56   0    T    T    T  8.9 15 330   M    M   4        19 320
13  17  10  14 -14  51   0 0.03  0.2    T  6.5 12 140   M    M  10 1      16  10
14  41  15  28   0  37   0 0.17  1.5    2  8.2 22 360   M    M   8 1      27 360
15  34   1  18 -10  47   0 0.00  0.0    1 16.7 26 350   M    M   4        34 340
16  14  -3   6 -22  59   0 0.00  0.0    1  7.9 18 330   M    M   1        23 340
17  30   3  17 -12  48   0 0.00  0.0    1 11.3 20 200   M    M   0 8      24 190
18  46  16  31   2  34   0 0.00  0.0    1 12.6 21 190   M    M   0        26 190
19  49  30  40  11  25   0 0.00  0.0    T 12.8 24 200   M    M   0        29 190
20  55  25  40  11  25   0 0.00  0.0    0  4.8 13 170   M    M   3 12     17 110
21  51  32  42  13  23   0 0.00  0.0    0  6.2 18 220   M    M   9 12     24 220
22  38  27  33   4  32   0 0.05  0.2    T 18.4 35 330   M    M   9 12     50 330
================================================================================
SM  816  309       861   0  0.42     3.6 222.3          M       64
================================================================================
AV 37.1 14.1                              10.1 FASTST   M    M   3    MAX(MPH)
                                 MISC ---->  # 37 350               # 50  330
================================================================================
NOTES:
# LAST OF SEVERAL OCCURRENCES

COLUMN 17 PEAK WIND IN M.P.H.

PRELIMINARY LOCAL CLIMATOLOGICAL DATA (WS FORM: F-6) , PAGE 2

                                          STATION:  Concordia KS
                                          MONTH:    JANUARY
                                          YEAR:     2018
                                          LATITUDE:   39 32 N
                                          LONGITUDE:  97 39 W

[TEMPERATURE DATA]      [PRECIPITATION DATA]       SYMBOLS USED IN COLUMN 16

AVERAGE MONTHLY: 25.6   TOTAL FOR MONTH:   0.42    1 = FOG OR MIST
DPTR FM NORMAL:  -2.7   DPTR FM NORMAL:    0.05    2 = FOG REDUCING VISIBILITY
HIGHEST:    58 ON 10    GRTST 24HR  0.17 ON 14-14      TO 1/4 MILE OR LESS
LOWEST:    -10 ON  1                               3 = THUNDER
                        SNOW, ICE PELLETS, HAIL    4 = ICE PELLETS
                        TOTAL MONTH:   3.6 INCHES  5 = HAIL
                        GRTST 24HR   1.7 ON 11-11  6 = FREEZING RAIN OR DRIZZLE
                        GRTST DEPTH:   2 ON 14     7 = DUSTSTORM OR SANDSTORM:
                                                       VSBY 1/2 MILE OR LESS
                                                   8 = SMOKE OR HAZE
[NO. OF DAYS WITH]      [WEATHER - DAYS WITH]      9 = BLOWING SNOW
                                                   X = TORNADO
MAX 32 OR BELOW:   8    0.01 INCH OR MORE:   4
MAX 90 OR ABOVE:   0    0.10 INCH OR MORE:   2
MIN 32 OR BELOW:  20    0.50 INCH OR MORE:   0
MIN  0 OR BELOW:   3    1.00 INCH OR MORE:   0

[HDD (BASE 65) ]
TOTAL THIS MO.   861    CLEAR  (SCALE 0-3)  12
DPTR FM NORMAL    55    PTCLDY (SCALE 4-7)   7
TOTAL FM JUL 1  2834    CLOUDY (SCALE 8-10)  3
DPTR FM NORMAL  -149

[CDD (BASE 65) ]
TOTAL THIS MO.     0
DPTR FM NORMAL     0    [PRESSURE DATA]
TOTAL FM JAN 1     0    HIGHEST SLP M ON M
DPTR FM NORMAL     0    LOWEST  SLP 29.44 ON 22

[REMARKS]
