000
CXUS53 KTOP 260800
CF6CNK
PRELIMINARY LOCAL CLIMATOLOGICAL DATA (WS FORM: F-6)

                                          STATION:   Concordia KS
                                          MONTH:     MARCH
                                          YEAR:      2017
                                          LATITUDE:   39 32 N
                                          LONGITUDE:  97 39 W

  TEMPERATURE IN F:       :PCPN:    SNOW:  WIND      :SUNSHINE: SKY     :PK WND
================================================================================
1   2   3   4   5  6A  6B    7    8   9   10  11  12  13   14  15   16   17  18
                                     12Z  AVG MX 2MIN
DY MAX MIN AVG DEP HDD CDD  WTR  SNW DPTH SPD SPD DIR MIN PSBL S-S WX    SPD DR
================================================================================

 1  51  25  38   0  27   0 0.00  0.0    0 12.1 29 330   M    M   0        37 330
 2  53  24  39   1  26   0 0.00  0.0    0 10.2 23 330   M    M   0        27 320
 3  65  21  43   5  22   0 0.00  0.0    0 13.9 26 210   M    M   1        36 220
 4  71  40  56  17   9   0 0.00  0.0    0 20.0 37 180   M    M   0        44 180
 5  72  51  62  23   3   0 0.00  0.0    0 22.8 40 180   M    M   3        55 190
 6  82  40  61  22   4   0 0.00  0.0    0 29.1 41 300   M    M   4        56 290
 7  59  30  45   5  20   0 0.00  0.0    0 17.3 40 280   M    M   1        53 280
 8  68  29  49   9  16   0 0.00  0.0    0  6.0 18 190   M    M   0        22 180
 9  63  32  48   7  17   0 0.00  0.0    0 11.0 24  30   M    M   0        29  30
10  39  21  30 -11  35   0 0.00  0.0    0 11.5 22  20   M    M   4        27  20
11  34  25  30 -11  35   0 0.07  0.8    0  5.9 16  70   M    M  10 1      21  70
12  42  26  34  -8  31   0 0.00  0.0    0 12.8 14 190   M    M   7 1      17 210
13  37  20  29 -13  36   0 0.00  0.0    0 17.4 31 340   M    M   4        42 350
14  35  21  28 -14  37   0    T    T    0  7.8 14  70   M    M   9        17  70
15  51  25  38  -5  27   0    T    T    0 12.2 23 180   M    M   4        29 170
16  71  34  53  10  12   0 0.00  0.0    0 14.8 23 200   M    M   0        31 200
17  71  46  59  15   6   0 0.00  0.0    0  9.7 21 220   M    M   0        27 210
18  66  34  50   6  15   0 0.00  0.0    0  7.9 18 140   M    M   0 8      25 140
19  89  48  69  25   0   4 0.00  0.0    0 11.3 25 220   M    M   0        31 190
20  72  47  60  16   5   0 0.00  0.0    0 11.5 21  40   M    M   0        26  40
21  58  39  49   4  16   0 0.00  0.0    0 16.1 29  40   M    M   2        36  50
22  55  35  45   0  20   0 0.00  0.0    0 13.8 23 130   M    M   8        28 140
23  74  48  61  15   4   0    T  0.0    0 19.0 33 180   M    M   7 13     43 180
24  72  42  57  11   8   0    T  0.0    0 15.8 28  20   M    M   7        35 170
25  42  39  41  -5  24   0 0.37  0.0    0 12.4 22 360   M    M  10 1      29 360
================================================================================
SM 1492  842       455   4  0.44     0.8 342.3          M       81
================================================================================
AV 59.7 33.7                              13.7 FASTST   M    M   3    MAX(MPH)
                                 MISC ---->  # 41 300               # 56  290
================================================================================
NOTES:
# LAST OF SEVERAL OCCURRENCES

COLUMN 17 PEAK WIND IN M.P.H.

PRELIMINARY LOCAL CLIMATOLOGICAL DATA (WS FORM: F-6) , PAGE 2

                                          STATION:  Concordia KS
                                          MONTH:    MARCH
                                          YEAR:     2017
                                          LATITUDE:   39 32 N
                                          LONGITUDE:  97 39 W

[TEMPERATURE DATA]      [PRECIPITATION DATA]       SYMBOLS USED IN COLUMN 16

AVERAGE MONTHLY: 46.7   TOTAL FOR MONTH:   0.44    1 = FOG OR MIST
DPTR FM NORMAL:   4.7   DPTR FM NORMAL:   -1.08    2 = FOG REDUCING VISIBILITY
HIGHEST:    89 ON 19    GRTST 24HR  0.37 ON 25-25      TO 1/4 MILE OR LESS
LOWEST:     20 ON 13                               3 = THUNDER
                        SNOW, ICE PELLETS, HAIL    4 = ICE PELLETS
                        TOTAL MONTH:   0.8 INCH    5 = HAIL
                        GRTST 24HR   0.8 ON   M    6 = FREEZING RAIN OR DRIZZLE
                        GRTST DEPTH:   0           7 = DUSTSTORM OR SANDSTORM:
                                                       VSBY 1/2 MILE OR LESS
                                                   8 = SMOKE OR HAZE
[NO. OF DAYS WITH]      [WEATHER - DAYS WITH]      9 = BLOWING SNOW
                                                   X = TORNADO
MAX 32 OR BELOW:   0    0.01 INCH OR MORE:   2
MAX 90 OR ABOVE:   0    0.10 INCH OR MORE:   1
MIN 32 OR BELOW:  12    0.50 INCH OR MORE:   0
MIN  0 OR BELOW:   0    1.00 INCH OR MORE:   0

[HDD (BASE 65) ]
TOTAL THIS MO.   455    CLEAR  (SCALE 0-3)  14
DPTR FM NORMAL  -122    PTCLDY (SCALE 4-7)   8
TOTAL FM JUL 1  3956    CLOUDY (SCALE 8-10)  3
DPTR FM NORMAL  -828

[CDD (BASE 65) ]
TOTAL THIS MO.     4
DPTR FM NORMAL     4    [PRESSURE DATA]
TOTAL FM JAN 1     4    HIGHEST SLP M ON M
DPTR FM NORMAL     4    LOWEST  SLP 29.33 ON  6

[REMARKS]
