000
CXUS53 KICT 170800
CF6CNU
PRELIMINARY LOCAL CLIMATOLOGICAL DATA (WS FORM: F-6)

                                          STATION:   CHANUTE KS
                                          MONTH:     AUGUST
                                          YEAR:      2017
                                          LATITUDE:   37 40 N
                                          LONGITUDE:  95 29 W

  TEMPERATURE IN F:       :PCPN:    SNOW:  WIND      :SUNSHINE: SKY     :PK WND
================================================================================
1   2   3   4   5  6A  6B    7    8   9   10  11  12  13   14  15   16   17  18
                                     12Z  AVG MX 2MIN
DY MAX MIN AVG DEP HDD CDD  WTR  SNW DPTH SPD SPD DIR MIN PSBL S-S WX    SPD DR
================================================================================

 1  82  68  75  -5   0  10 0.12    M    M  4.1 10 170   M    M   8 1      16 160
 2  91  64  78  -2   0  13 0.00    M    M  3.5  9  80   M    M   2 1      12 130
 3  92  65  79  -1   0  14 0.80    M    M  6.7 25 330   M    M   2 13     34 330
 4  80  61  71  -9   0   6 0.00    M    M  6.9 15  60   M    M   2        20  40
 5  82  60  71  -9   0   6 3.44    M    M 11.9 26 210   M    M   5 13     36 200
 6  83  66  75  -5   0  10 0.21    M    M  7.0 18 130   M    M   8 1      23 120
 7  82  66  74  -6   0   9    T    M    M  7.5 13  30   M    M   4 1      18 360
 8  84  63  74  -6   0   9 0.00    M    M  7.0 13  50   M    M   1        19  50
 9  86  66  76  -4   0  11 0.49    M    M  6.3 18 210   M    M   4 13     23 210
10  88  66  77  -3   0  12 2.48    M    M  4.4 28 360   M    M   2 1238   41 350
11  85  68  77  -3   0  12 1.64    M    M  6.6 16 350   M    M   6 13X    22 360
12  79  64  72  -8   0   7 0.00    M    M  4.8 13 100   M    M   3        17  70
13  81  65  73  -7   0   8 0.00    M    M  7.0 14 120   M    M   3        25 150
14  87  68  78  -2   0  13 0.00    M    M  5.6 12 180   M    M   5 12     16 180
15  87  68  78  -1   0  13    T    M    M  6.0 13 100   M    M   4 12     16 100
16  88  68  78  -1   0  13 1.94    M    M  9.6 23 300   M    M   5 13     31 330
================================================================================
SM 1357 1046         0 166 11.12    M    104.9          M       64
================================================================================
AV 84.8 65.4                               6.6 FASTST   M    M   4    MAX(MPH)
                                 MISC ---->  # 28 360               # 41  350
================================================================================
NOTES:
# LAST OF SEVERAL OCCURRENCES

COLUMN 17 PEAK WIND IN M.P.H.

PRELIMINARY LOCAL CLIMATOLOGICAL DATA (WS FORM: F-6) , PAGE 2

                                          STATION:  CHANUTE KS
                                          MONTH:    AUGUST
                                          YEAR:     2017
                                          LATITUDE:   37 40 N
                                          LONGITUDE:  95 29 W

[TEMPERATURE DATA]      [PRECIPITATION DATA]       SYMBOLS USED IN COLUMN 16

AVERAGE MONTHLY: 75.1   TOTAL FOR MONTH:  11.12    1 = FOG OR MIST
DPTR FM NORMAL:  -4.8   DPTR FM NORMAL:    9.19    2 = FOG REDUCING VISIBILITY
HIGHEST:    92 ON  3    GRTST 24HR  3.44 ON  5- 5      TO 1/4 MILE OR LESS
LOWEST:     60 ON  5                               3 = THUNDER
                        SNOW, ICE PELLETS, HAIL    4 = ICE PELLETS
                        TOTAL MONTH:    M          5 = HAIL
                        GRTST 24HR    M  ON   M    6 = FREEZING RAIN OR DRIZZLE
                        GRTST DEPTH:  M  ON   M    7 = DUSTSTORM OR SANDSTORM:
                                                       VSBY 1/2 MILE OR LESS
                                                   8 = SMOKE OR HAZE
[NO. OF DAYS WITH]      [WEATHER - DAYS WITH]      9 = BLOWING SNOW
                                                   X = TORNADO
MAX 32 OR BELOW:   0    0.01 INCH OR MORE:   8
MAX 90 OR ABOVE:   2    0.10 INCH OR MORE:   8
MIN 32 OR BELOW:   0    0.50 INCH OR MORE:   5
MIN  0 OR BELOW:   0    1.00 INCH OR MORE:   4

[HDD (BASE 65) ]
TOTAL THIS MO.     0    CLEAR  (SCALE 0-3)   7
DPTR FM NORMAL     0    PTCLDY (SCALE 4-7)   9
TOTAL FM JUL 1     0    CLOUDY (SCALE 8-10)  0
DPTR FM NORMAL     0

[CDD (BASE 65) ]
TOTAL THIS MO.   166
DPTR FM NORMAL   -71    [PRESSURE DATA]
TOTAL FM JAN 1  1154    HIGHEST SLP M ON M
DPTR FM NORMAL    43    LOWEST  SLP 29.67 ON  5

[REMARKS]
