000
CXUS53 KICT 310800
CF6CNU
PRELIMINARY LOCAL CLIMATOLOGICAL DATA (WS FORM: F-6)

                                          STATION:   CHANUTE KS
                                          MONTH:     MAY
                                          YEAR:      2016
                                          LATITUDE:   37 40 N
                                          LONGITUDE:  95 29 W

  TEMPERATURE IN F:       :PCPN:    SNOW:  WIND      :SUNSHINE: SKY     :PK WND
================================================================================
1   2   3   4   5  6A  6B    7    8   9   10  11  12  13   14  15   16   17  18
                                     12Z  AVG MX 2MIN
DY MAX MIN AVG DEP HDD CDD  WTR  SNW DPTH SPD SPD DIR MIN PSBL S-S WX    SPD DR
================================================================================

 1  63  44  54  -8  11   0 0.00  0.0    M  9.7 17 310   M    M   4        23 290
 2  58  41  50 -12  15   0    T  0.0    M  4.6 12 310   M    M   9 1      15 330
 3  70  38  54  -8  11   0 0.00  0.0    M  3.5 13 260   M    M   3 12     17 280
 4  74  47  61  -2   4   0 0.00  0.0    M  9.5 24 350   M    M   0        28 350
 5  78  42  60  -3   5   0 0.00    M    M  4.9 14 320   M    M   0        19 320
 6  80  46  63   0   2   0 0.00    M    M  7.4 14 180   M    M   0        19 200
 7  84  52  68   5   0   3 0.00    M    M 10.5 20 220   M    M   0        28 110
 8  75  60  68   4   0   3 0.06    M    M 10.8 20 150   M    M   5 138    26 180
 9  79  58  69   5   0   4 0.01    M    M 15.8 30 270   M    M   4 3      38 290
10  85  50  68   4   0   3 0.00    M    M  5.3 20 170   M    M   1 3      24 170
11  80  61  71   7   0   6 0.11    M    M 11.2 21 180   M    M   5 13     26 210
12  75  52  64  -1   1   0 0.00    M    M  8.3 20 320   M    M   1        26 320
13  83  48  66   1   0   1 0.09    M    M 11.8 26 210   M    M   1 3      35 200
14  62  44  53 -12  12   0 0.00    M    M  9.6 21 350   M    M   3        29 350
15  65  42  54 -12  11   0    T    M    M  6.5 15 120   M    M   5        19 120
16  57  52  55 -11  10   0 1.31    M    M  8.9 16 130   M    M  10 13     22 140
17  61  48  55 -11  10   0 0.82    M    M 12.2 20  30   M    M   9 13     28  40
18  69  44  57  -9   8   0 0.00    M    M  5.8 13  80   M    M   2        18  60
19  65  43  54 -13  11   0 0.05    M    M  4.6 12 130   M    M   5        15 140
20  68  51  60  -7   5   0 0.03    M    M  4.7 10  80   M    M   9 1      14 110
21  75  48  62  -5   3   0 0.00    M    M  6.6 14 120   M    M   4 12     19 140
22  82  58  70   2   0   5 0.00    M    M  9.8 18 150   M    M   2        29 120
23  75  63  69   1   0   4 0.14    M    M 10.6 28 110   M    M   4 13     33 120
24  81  65  73   5   0   8 0.05    M    M  7.9 20 170   M    M   6 13     24 180
25  82  64  73   5   0   8 0.17    M    M 13.8 26 320   M    M   4 13     33 330
26  86  66  76   7   0  11    T  0.0    0 13.2 25 170   M    M   5 18     33 160
27  76  59  68  -1   0   3 0.98    M    M  8.3 38 310   M    M   6 138    50 320
28  80  60  70   1   0   5 0.00    M    M 10.3 21 210   M    M   3        27 210
29  84  60  72   2   0   7 0.00    M    M  3.0 10 210   M    M   0 1      17 260
30  79  64  72   2   0   7 0.00    M    M  7.8 16 150   M    M   2 1      22 200
================================================================================
SM 2231 1570       119  78  3.82     0.0 256.9          M      112
================================================================================
AV 74.4 52.3                               8.6 FASTST   M    M   4    MAX(MPH)
                                 MISC ---->  # 38 310               # 50  320
================================================================================
NOTES:
# LAST OF SEVERAL OCCURRENCES

COLUMN 17 PEAK WIND IN M.P.H.

PRELIMINARY LOCAL CLIMATOLOGICAL DATA (WS FORM: F-6) , PAGE 2

                                          STATION:  CHANUTE KS
                                          MONTH:    MAY
                                          YEAR:     2016
                                          LATITUDE:   37 40 N
                                          LONGITUDE:  95 29 W

[TEMPERATURE DATA]      [PRECIPITATION DATA]       SYMBOLS USED IN COLUMN 16

AVERAGE MONTHLY: 63.3   TOTAL FOR MONTH:   3.82    1 = FOG OR MIST
DPTR FM NORMAL:  -2.4   DPTR FM NORMAL:   -1.77    2 = FOG REDUCING VISIBILITY
HIGHEST:    86 ON 26    GRTST 24HR  1.92 ON 16-17      TO 1/4 MILE OR LESS
LOWEST:     38 ON  3                               3 = THUNDER
                        SNOW, ICE PELLETS, HAIL    4 = ICE PELLETS
                        TOTAL MONTH:   0.0 INCH    5 = HAIL
                        GRTST 24HR     0.0         6 = FREEZING RAIN OR DRIZZLE
                        GRTST DEPTH:   0           7 = DUSTSTORM OR SANDSTORM:
                                                       VSBY 1/2 MILE OR LESS
                                                   8 = SMOKE OR HAZE
[NO. OF DAYS WITH]      [WEATHER - DAYS WITH]      9 = BLOWING SNOW
                                                   X = TORNADO
MAX 32 OR BELOW:   0    0.01 INCH OR MORE:  12
MAX 90 OR ABOVE:   0    0.10 INCH OR MORE:   6
MIN 32 OR BELOW:   0    0.50 INCH OR MORE:   3
MIN  0 OR BELOW:   0    1.00 INCH OR MORE:   1

[HDD (BASE 65) ]
TOTAL THIS MO.   119    CLEAR  (SCALE 0-3)  14
DPTR FM NORMAL    44    PTCLDY (SCALE 4-7)  12
TOTAL FM JUL 1  3647    CLOUDY (SCALE 8-10)  4
DPTR FM NORMAL  -830

[CDD (BASE 65) ]
TOTAL THIS MO.    78
DPTR FM NORMAL   -18    [PRESSURE DATA]
TOTAL FM JAN 1   102    HIGHEST SLP  0.00 ON 19
DPTR FM NORMAL   -25    LOWEST  SLP 29.45 ON  9

[REMARKS]
