000
CXUS55 KGJT 281000
CF6CNY
PRELIMINARY LOCAL CLIMATOLOGICAL DATA (WS FORM: F-6)

                                          STATION:   CANYONLANDS AIRPORT UT
                                          MONTH:     JULY
                                          YEAR:      2015
                                          LATITUDE:   38 46 N
                                          LONGITUDE: 109 45 W

  TEMPERATURE IN F:       :PCPN:    SNOW:  WIND      :SUNSHINE: SKY     :PK WND
================================================================================
1   2   3   4   5  6A  6B    7    8   9   10  11  12  13   14  15   16   17  18
                                     12Z  AVG MX 2MIN
DY MAX MIN AVG DEP HDD CDD  WTR  SNW DPTH SPD SPD DIR MIN PSBL S-S WX    SPD DR
================================================================================

 1 101  72  87   9   0  22 0.00    M    M  5.7 20 300   M    M   0        24 300
 2  98  73  86   8   0  21    T    M    M  4.5 12 320   M    M   0        15 140
 3 101  73  87   9   0  22    T    M    M  8.8 24 170   M    M   0        39 160
 4  98  68  83   4   0  18 0.07    M    M  8.6 29 230   M    M   2 3      35 220
 5  88  66  77  -2   0  12 0.06    M    M  5.9 23  30   M    M   3 3      27  30
 6  91  65  78  -1   0  13 0.07    M    M  6.8 24 250   M    M   3 3      37 260
 7  84  65  75  -5   0  10    T    M    M  6.5 24 300   M    M   8        29 310
 8  87  64  76  -4   0  11 0.13    M    M  8.5 35 260   M    M   4 3      40 260
 9  84  57  71  -9   0   6 0.15    M    M  8.7 41 200   M    M   3 13     54 200
10  82  54  68 -12   0   3 0.01    M    M  5.9 20 210   M    M   1        27 210
11  86  60  73  -7   0   8 0.01    M    M  6.9 35 240   M    M   2        48 230
12  93  63  78  -2   0  13 0.00    M    M 10.2 31 140   M    M   0        40 140
13  94  70  82   1   0  17    T    M    M  9.6 29 330   M    M   1 3      38 150
14  90  66  78  -3   0  13 0.00    M    M  8.9 29 300   M    M   2 3      36 310
15  92  63  78  -3   0  13 0.22    M    M  6.6 44 300   M    M   1 3      51 300
16  92  58  75  -6   0  10 0.00    M    M  6.2 18 240   M    M   0        23 270
17  97  62  80  -1   0  15 0.00    M    M 10.3 32 200   M    M   0        40 200
18  89  68  79  -2   0  14    T    M    M  8.4 39 320   M    M   4 3      47 320
19  85  67  76  -5   0  11 0.00    M    M  2.9 12 180   M    M   5        14 170
20  89  62  76  -5   0  11    T    M    M  7.6 30 260   M    M   2        37 260
21  84  63  74  -7   0   9 0.31    M    M  4.9 30 300   M    M   8 138    53 320
22  92  60  76  -5   0  11    T    M    M  7.7 22 250   M    M   1 3      26 250
23  94  61  78  -3   0  13 0.00    M    M  7.8 22 230   M    M   0        30 230
24  95  61  78  -3   0  13 0.00    M    M  9.1 26 140   M    M   0        32 150
25  95  63  79  -2   0  14 0.00    M    M  6.4 18 230   M    M   0        26 130
26  96  58  77  -4   0  12 0.00    M    M  9.2 23 130   M    M   1        35 150
27  96  70  83   2   0  18 0.00    M    M 14.1 28 240   M    M   0        47 230
================================================================================
SM 2473 1732         0 353  1.03    M    206.7          M       51
================================================================================
AV 91.6 64.1                               7.7 FASTST   M    M   2    MAX(MPH)
                                 MISC ---->  # 44 300               # 54  200
================================================================================
NOTES:
# LAST OF SEVERAL OCCURRENCES

COLUMN 17 PEAK WIND IN M.P.H.

PRELIMINARY LOCAL CLIMATOLOGICAL DATA (WS FORM: F-6) , PAGE 2

                                          STATION:  CANYONLANDS AIRPORT UT
                                          MONTH:    JULY
                                          YEAR:     2015
                                          LATITUDE:   38 46 N
                                          LONGITUDE: 109 45 W

[TEMPERATURE DATA]      [PRECIPITATION DATA]       SYMBOLS USED IN COLUMN 16

AVERAGE MONTHLY: 77.9   TOTAL FOR MONTH:   1.03    1 = FOG OR MIST
DPTR FM NORMAL:  -2.4   DPTR FM NORMAL:    0.32    2 = FOG REDUCING VISIBILITY
HIGHEST:   101 ON  3, 1 GRTST 24HR  0.31 ON 21-21      TO 1/4 MILE OR LESS
LOWEST:     54 ON 10                               3 = THUNDER
                        SNOW, ICE PELLETS, HAIL    4 = ICE PELLETS
                        TOTAL MONTH:    M          5 = HAIL
                        GRTST 24HR    M  ON   M    6 = FREEZING RAIN OR DRIZZLE
                        GRTST DEPTH:  M  ON   M    7 = DUSTSTORM OR SANDSTORM:
                                                       VSBY 1/2 MILE OR LESS
                                                   8 = SMOKE OR HAZE
[NO. OF DAYS WITH]      [WEATHER - DAYS WITH]      9 = BLOWING SNOW
                                                   X = TORNADO
MAX 32 OR BELOW:   0    0.01 INCH OR MORE:   9
MAX 90 OR ABOVE:  17    0.10 INCH OR MORE:   4
MIN 32 OR BELOW:   0    0.50 INCH OR MORE:   0
MIN  0 OR BELOW:   0    1.00 INCH OR MORE:   0

[HDD (BASE 65) ]
TOTAL THIS MO.     0    CLEAR  (SCALE 0-3)  22
DPTR FM NORMAL     0    PTCLDY (SCALE 4-7)   4
TOTAL FM JUL 1     0    CLOUDY (SCALE 8-10)  1
DPTR FM NORMAL     0

[CDD (BASE 65) ]
TOTAL THIS MO.   353
DPTR FM NORMAL   -58    [PRESSURE DATA]
TOTAL FM JAN 1   750    HIGHEST SLP M ON M
DPTR FM NORMAL    20    LOWEST  SLP 29.69 ON 27

[REMARKS]
