000
CXUS55 KGJT 281000
CF6CNY
PRELIMINARY LOCAL CLIMATOLOGICAL DATA (WS FORM: F-6)

                                          STATION:   CANYONLANDS AIRPORT UT
                                          MONTH:     JULY
                                          YEAR:      2017
                                          LATITUDE:   38 46 N
                                          LONGITUDE: 109 45 W

  TEMPERATURE IN F:       :PCPN:    SNOW:  WIND      :SUNSHINE: SKY     :PK WND
================================================================================
1   2   3   4   5  6A  6B    7    8   9   10  11  12  13   14  15   16   17  18
                                     12Z  AVG MX 2MIN
DY MAX MIN AVG DEP HDD CDD  WTR  SNW DPTH SPD SPD DIR MIN PSBL S-S WX    SPD DR
================================================================================

 1  99  56  78   0   0  13 0.00    M    M  4.0 15 310   M    M   0        22 200
 2  94  65  80   2   0  15 0.00    M    M  8.4 36 180   M    M   0 8      48 180
 3 101  64  83   5   0  18 0.00    M    M  5.2 21 270   M    M   0        27 270
 4 103  65  84   5   0  19 0.00    M    M  5.9 21 350   M    M   0        24 340
 5 106  66  86   7   0  21 0.00    M    M  6.9 20 190   M    M   0        27 190
 6 107  68  88   9   0  23    T    M    M  5.1 23 100   M    M   0 3      39 160
 7 106  70  88   8   0  23 0.00    M    M  8.2 29 350   M    M   0        35 340
 8 105  71  88   8   0  23 0.00    M    M  7.2 32  30   M    M   0        40  20
 9 104  70  87   7   0  22 0.00    M    M  7.9 29 260   M    M   0        35 260
10 100  69  85   5   0  20 0.00    M    M  5.6 30 290   M    M   0        35 330
11  97  68  83   3   0  18 0.09    M    M  6.2 25  80   M    M   4 3      32  80
12  90  66  78  -2   0  13    T    M    M  4.9 26 100   M    M   4 3      33  80
13  95  64  80  -1   0  15 0.00    M    M  6.9 31  50   M    M   1 3      35  40
14 100  68  84   3   0  19 0.00    M    M  7.5 17 310   M    M   0        22 310
15 102  72  87   6   0  22 0.20    M    M  7.4 28  50   M    M   0 3      35  40
16 102  63  83   2   0  18 0.00    M    M  4.3 26 300   M    M   0        32 300
17 101  70  86   5   0  21    T    M    M  5.8 32 180   M    M   0        41 180
18 103  75  89   8   0  24 0.00    M    M  4.8 15 150   M    M   1        18 150
19 100  74  87   6   0  22 0.16    M    M  8.8 29 210   M    M   2 3      47 200
20  99  67  83   2   0  18 0.13    M    M  7.5 30 310   M    M   2 3      38 310
21  95  68  82   1   0  17 0.00    M    M  3.5 26  40   M    M   0 3      33  40
22  98  63  81   0   0  16 0.00    M    M  5.3 16  90   M    M   0        22  80
23 100  69  85   4   0  20 0.00    M    M  6.3 24 150   M    M   0        29 150
24  95  67  81   0   0  16 0.39    M    M  6.0 23 210   M    M   1 13     29 210
25  80  65  73  -8   0   8 0.45    M    M  3.2 16 130   M    M   7 1      18 130
26  90  67  79  -2   0  14 0.00    M    M  2.8 13 300   M    M   3        17 230
27  97  67  82   1   0  17 0.00    M    M  3.9 13 280   M    M   0        18 310
================================================================================
SM 2669 1817         0 495  1.42    M    159.5          M       25
================================================================================
AV 98.9 67.3                               5.9 FASTST   M    M   1    MAX(MPH)
                                 MISC ---->  # 36 180               # 48  180
================================================================================
NOTES:
# LAST OF SEVERAL OCCURRENCES

COLUMN 17 PEAK WIND IN M.P.H.

PRELIMINARY LOCAL CLIMATOLOGICAL DATA (WS FORM: F-6) , PAGE 2

                                          STATION:  CANYONLANDS AIRPORT UT
                                          MONTH:    JULY
                                          YEAR:     2017
                                          LATITUDE:   38 46 N
                                          LONGITUDE: 109 45 W

[TEMPERATURE DATA]      [PRECIPITATION DATA]       SYMBOLS USED IN COLUMN 16

AVERAGE MONTHLY: 83.1   TOTAL FOR MONTH:   1.42    1 = FOG OR MIST
DPTR FM NORMAL:   2.9   DPTR FM NORMAL:    0.71    2 = FOG REDUCING VISIBILITY
HIGHEST:   107 ON  6    GRTST 24HR  0.45 ON 25-25      TO 1/4 MILE OR LESS
LOWEST:     56 ON  1                               3 = THUNDER
                        SNOW, ICE PELLETS, HAIL    4 = ICE PELLETS
                        TOTAL MONTH:    M          5 = HAIL
                        GRTST 24HR    M  ON   M    6 = FREEZING RAIN OR DRIZZLE
                        GRTST DEPTH:  M  ON   M    7 = DUSTSTORM OR SANDSTORM:
                                                       VSBY 1/2 MILE OR LESS
                                                   8 = SMOKE OR HAZE
[NO. OF DAYS WITH]      [WEATHER - DAYS WITH]      9 = BLOWING SNOW
                                                   X = TORNADO
MAX 32 OR BELOW:   0    0.01 INCH OR MORE:   6
MAX 90 OR ABOVE:  26    0.10 INCH OR MORE:   5
MIN 32 OR BELOW:   0    0.50 INCH OR MORE:   0
MIN  0 OR BELOW:   0    1.00 INCH OR MORE:   0

[HDD (BASE 65) ]
TOTAL THIS MO.     0    CLEAR  (SCALE 0-3)  24
DPTR FM NORMAL     0    PTCLDY (SCALE 4-7)   3
TOTAL FM JUL 1     0    CLOUDY (SCALE 8-10)  0
DPTR FM NORMAL     0

[CDD (BASE 65) ]
TOTAL THIS MO.   495
DPTR FM NORMAL    84    [PRESSURE DATA]
TOTAL FM JAN 1   998    HIGHEST SLP M ON M
DPTR FM NORMAL   268    LOWEST  SLP 29.75 ON 10

[REMARKS]
