000
CXUS55 KRIW 280945
CF6COD
PRELIMINARY LOCAL CLIMATOLOGICAL DATA (WS FORM: F-6)

                                          STATION:   CODY WY
                                          MONTH:     MAY
                                          YEAR:      2016
                                          LATITUDE:   44 31 N
                                          LONGITUDE: 109  1 W

  TEMPERATURE IN F:       :PCPN:    SNOW:  WIND      :SUNSHINE: SKY     :PK WND
================================================================================
1   2   3   4   5  6A  6B    7    8   9   10  11  12  13   14  15   16   17  18
                                     12Z  AVG MX 2MIN
DY MAX MIN AVG DEP HDD CDD  WTR  SNW DPTH SPD SPD DIR MIN PSBL S-S WX    SPD DR
================================================================================

 1  55  37  46  -3  19   0 0.00  0.0    M  4.5 10  20   M    M   3        16  40
 2  64  37  51   1  14   0    M    M    M  6.4 13  30   M    M   0        17  10
 3  72  43  58   8   7   0 0.00  0.0    M  5.2  8 110   M    M   0         M  M
 4  79  50  65  15   0   0 0.00  0.0    M  7.9 15 210   M    M   0        22 220
 5  81  55  68  17   0   3 0.00  0.0    M  8.0 21 220   M    M   0        29 220
 6  66  48  57   6   8   0    M    M    M 18.3 27 350   M    M   5        35 350
 7  54  46  50  -1  15   0 0.17    M    M  5.7 10 220   M    M  10        16 330
 8  72  41  57   5   8   0 0.00  0.0    M  7.5 16 350   M    M   1        22 350
 9  54  36  45  -7  20   0 0.12    M    M 10.5 20 350   M    M  10        27 350
10  41  34  38 -14  27   0 0.00  0.0    M  9.0 15  10   M    M   9        21  10
11  54  34  44  -8  21   0 0.00  0.0    M  4.3 14 360   M    M   6         M  M
12  70  32  51  -2  14   0 0.00  0.0    M  9.9 17 250   M    M   1        29 250
13  45  34  40 -13  25   0 0.00  0.0    M 12.5 24 360   M    M  10        31 360
14  46  36  41 -12  24   0 0.00  0.0    M  4.7 10 340   M    M  10         M  M
15  48  43  46  -8  19   0 0.22    M    M  4.4 10 350   M    M  10         M  M
16  48  39  44 -10  21   0 0.24    M    M  6.8 12  10   M    M   9         M  M
17  63  39  51  -3  14   0    M    M    M  7.4 17 140   M    M   4        20 110
18  70  43  57   3   8   0    M    M    M  4.4 10 220   M    M   4        21 220
19  75  54  65  10   0   0 0.09    M    M 10.9 18 130   M    M   5        28 290
20  64  48  56   1   9   0 0.93    M    M  4.4 14 220   M    M   4 3       M  M
21  70  45  58   3   7   0 0.02    M    M  9.8 28 240   M    M   3        41 240
22  61  43  52  -3  13   0 0.00  0.0    M 11.7 21 260   M    M   1        36 250
23  61  41  51  -5  14   0 0.00  0.0    M  9.8 22 250   M    M   0        33 240
24  59  36  48  -8  17   0 0.07    M    M  3.5  9  10   M    M   5         M  M
25  61  45  53  -3  12   0 0.01    M    M  5.0 14 340   M    M   7 3      18 290
26  59  41  50  -7  15   0 0.04    M    M  4.5 20  10   M    M   4        24  10
27  66  39  53  -4  12   0 0.22    M    M  6.5 17 210   M    M   3 3      17 280
================================================================================
SM 1658 1119       363   3  2.13     0.0 203.5          M      124
================================================================================
AV 61.4 41.4                               7.5 FASTST   M    M   5    MAX(MPH)
                                 MISC ---->    28   M                 41    M
================================================================================
NOTES:
# LAST OF SEVERAL OCCURRENCES

COLUMN 17 PEAK WIND IN M.P.H.

PRELIMINARY LOCAL CLIMATOLOGICAL DATA (WS FORM: F-6) , PAGE 2

                                          STATION:  CODY WY
                                          MONTH:    MAY
                                          YEAR:     2016
                                          LATITUDE:   44 31 N
                                          LONGITUDE: 109  1 W

[TEMPERATURE DATA]      [PRECIPITATION DATA]       SYMBOLS USED IN COLUMN 16

AVERAGE MONTHLY: 51.4   TOTAL FOR MONTH:   2.13    1 = FOG OR MIST
DPTR FM NORMAL:  -1.8   DPTR FM NORMAL:    0.57    2 = FOG REDUCING VISIBILITY
HIGHEST:    81 ON  5    GRTST 24HR  0.93 ON 20-20      TO 1/4 MILE OR LESS
LOWEST:     32 ON 12                               3 = THUNDER
                        SNOW, ICE PELLETS, HAIL    4 = ICE PELLETS
                        TOTAL MONTH:   0.0 INCH    5 = HAIL
                        GRTST 24HR     0.0         6 = FREEZING RAIN OR DRIZZLE
                        GRTST DEPTH:  M  ON   M    7 = DUSTSTORM OR SANDSTORM:
                                                       VSBY 1/2 MILE OR LESS
                                                   8 = SMOKE OR HAZE
[NO. OF DAYS WITH]      [WEATHER - DAYS WITH]      9 = BLOWING SNOW
                                                   X = TORNADO
MAX 32 OR BELOW:   0    0.01 INCH OR MORE:  11
MAX 90 OR ABOVE:   0    0.10 INCH OR MORE:   6
MIN 32 OR BELOW:   1    0.50 INCH OR MORE:   1
MIN  0 OR BELOW:   0    1.00 INCH OR MORE:   0

[HDD (BASE 65) ]
TOTAL THIS MO.   363    CLEAR  (SCALE 0-3)  10
DPTR FM NORMAL     M    PTCLDY (SCALE 4-7)  10
TOTAL FM JUL 1  6446    CLOUDY (SCALE 8-10)  7
DPTR FM NORMAL     M

[CDD (BASE 65) ]
TOTAL THIS MO.     3
DPTR FM NORMAL     3    [PRESSURE DATA]
TOTAL FM JAN 1     3    HIGHEST SLP M ON M
DPTR FM NORMAL     3    LOWEST  SLP M ON M

[REMARKS]
