000
CXUS55 KPUB 261159
CF6COS
PRELIMINARY LOCAL CLIMATOLOGICAL DATA (WS FORM: F-6)

                                          STATION:   COLORADO SPRINGS CO
                                          MONTH:     FEBRUARY
                                          YEAR:      2015
                                          LATITUDE:   38 49 N
                                          LONGITUDE: 104 43 W

  TEMPERATURE IN F:       :PCPN:    SNOW:  WIND      :SUNSHINE: SKY     :PK WND
================================================================================
1   2   3   4   5  6A  6B    7    8   9   10  11  12  13   14  15   16   17  18
                                     12Z  AVG MX 2MIN
DY MAX MIN AVG DEP HDD CDD  WTR  SNW DPTH SPD SPD DIR MIN PSBL S-S WX    SPD DR
================================================================================

 1  31  19  25  -5  40   0    T    T    T 11.1 24 350   M    M   6        30 360
 2  55  17  36   5  29   0 0.00  0.0    0  7.8 17 130   M    M   5        22 140
 3  60  28  44  13  21   0 0.00  0.0    0  7.4 21 200   M    M   6        26 140
 4  48  22  35   4  30   0    T    T    0 12.1 36  10   M    M   9 1268   42 360
 5  66  22  44  13  21   0    T    T    0  6.4 17 290   M    M   8 12     21 290
 6  72  35  54  23  11   0 0.00  0.0    0  7.5 17  80   M    M   5        22 180
 7  74  42  58  27   7   0 0.00  0.0    0 12.0 26 280   M    M   3        34 300
 8  66  34  50  19  15   0 0.00  0.0    0  8.2 26 320   M    M   1        35 330
 9  64  30  47  16  18   0 0.00  0.0    0  8.5 22 290   M    M   0        27 290
10  61  36  49  18  16   0 0.29    T    0 12.5 38 350   M    M   5 1      44 350
11  44  28  36   5  29   0 0.11  0.5    1  8.2 22  20   M    M   5 1      27 340
12  54  23  39   8  26   0 0.00  0.0    0  5.4 10  10   M    M   6        11  20
13  58  32  45  13  20   0 0.00  0.0    0  5.9 15 160   M    M   3        19 160
14  66  30  48  16  17   0 0.00  0.0    0  6.7 15 160   M    M   5        17 150
15  43  27  35   3  30   0 0.13  2.0    0 12.0 37 350   M    M   8 1      44 360
16  29  18  24  -8  41   0 0.12  1.7    3  7.3 20  20   M    M   9 18     23  20
17  30  11  21 -11  44   0 0.00  0.0    4  6.5 14 200   M    M   4        16 200
18  43  16  30  -2  35   0 0.00  0.0    1  4.9 15 170   M    M   2        18 190
19  65  23  44  11  21   0 0.00  0.0    1  8.6 31 330   M    M   5        40 300
20  61  29  45  12  20   0    T    T    0 14.2 38 360   M    M   5 3      45 350
21  31  16  24  -9  41   0 0.31  5.0    0 11.4 31 330   M    M   9 15     39 330
22  16   5  11 -22  54   0 0.24  2.5    6 10.4 17 350   M    M  10 1      20 350
23  24   4  14 -20  51   0 0.05  1.5    7  6.4 14 150   M    M   7 1      16 160
24  35  12  24 -10  41   0 0.00  0.0    7  7.0 16 360   M    M   1        19 310
25  43  17  30  -4  35   0 0.01  0.1    3 13.2 28  20   M    M   8 1      34  20
================================================================================
SM 1239  576       713   0  1.26    13.3 221.6          M      135
================================================================================
AV 49.6 23.0                               8.9 FASTST   M    M   5    MAX(MPH)
                                 MISC ---->  # 38 350               # 45  350
================================================================================
NOTES:
# LAST OF SEVERAL OCCURRENCES

COLUMN 17 PEAK WIND IN M.P.H.

PRELIMINARY LOCAL CLIMATOLOGICAL DATA (WS FORM: F-6) , PAGE 2

                                          STATION:  COLORADO SPRINGS CO
                                          MONTH:    FEBRUARY
                                          YEAR:     2015
                                          LATITUDE:   38 49 N
                                          LONGITUDE: 104 43 W

[TEMPERATURE DATA]      [PRECIPITATION DATA]       SYMBOLS USED IN COLUMN 16

AVERAGE MONTHLY: 36.3   TOTAL FOR MONTH:   1.26    1 = FOG OR MIST
DPTR FM NORMAL:   4.4   DPTR FM NORMAL:    0.97    2 = FOG REDUCING VISIBILITY
HIGHEST:    74 ON  7    GRTST 24HR  0.40 ON 10-11      TO 1/4 MILE OR LESS
LOWEST:      4 ON 23                               3 = THUNDER
                        SNOW, ICE PELLETS, HAIL    4 = ICE PELLETS
                        TOTAL MONTH:  13.3 INCHES  5 = HAIL
                        GRTST 24HR   5.0 ON 21-21  6 = FREEZING RAIN OR DRIZZLE
                        GRTST DEPTH:   7 ON 24,23  7 = DUSTSTORM OR SANDSTORM:
                                                       VSBY 1/2 MILE OR LESS
                                                   8 = SMOKE OR HAZE
[NO. OF DAYS WITH]      [WEATHER - DAYS WITH]      9 = BLOWING SNOW
                                                   X = TORNADO
MAX 32 OR BELOW:   6    0.01 INCH OR MORE:   8
MAX 90 OR ABOVE:   0    0.10 INCH OR MORE:   6
MIN 32 OR BELOW:  21    0.50 INCH OR MORE:   0
MIN  0 OR BELOW:   0    1.00 INCH OR MORE:   0

[HDD (BASE 65) ]
TOTAL THIS MO.   713    CLEAR  (SCALE 0-3)   5
DPTR FM NORMAL  -114    PTCLDY (SCALE 4-7)  16
TOTAL FM JUL 1  4057    CLOUDY (SCALE 8-10)  4
DPTR FM NORMAL  -413

[CDD (BASE 65) ]
TOTAL THIS MO.     0
DPTR FM NORMAL     0    [PRESSURE DATA]
TOTAL FM JAN 1     0    HIGHEST SLP M ON M
DPTR FM NORMAL     0    LOWEST  SLP 29.63 ON 20

[REMARKS]
