000
CXUS54 KCRP 281300
CF6COT
PRELIMINARY LOCAL CLIMATOLOGICAL DATA (WS FORM: F-6)

                                          STATION:   COTULLA
                                          MONTH:     MARCH
                                          YEAR:      2017
                                          LATITUDE:   28 27 N
                                          LONGITUDE:  99 13 W

  TEMPERATURE IN F:       :PCPN:    SNOW:  WIND      :SUNSHINE: SKY     :PK WND
================================================================================
1   2   3   4   5  6A  6B    7    8   9   10  11  12  13   14  15   16   17  18
                                     12Z  AVG MX 2MIN
DY MAX MIN AVG DEP HDD CDD  WTR  SNW DPTH SPD SPD DIR MIN PSBL S-S WX    SPD DR
================================================================================

 1  85  60  73  11   0   8 0.00  0.0    0  9.6 21  20   M    M   1 18     29  20
 2  71  51  61  -1   4   0 0.00  0.0    0  8.8 18  80   M    M   2 8      24 110
 3  71  55  63   1   2   0 0.00  0.0    0 10.6 20 130   M    M  10        25 130
 4  64  58  61  -2   4   0 1.05  0.0    0  7.5 21 110   M    M  10 1      25 110
 5  76  63  70   7   0   5 0.01  0.0    0  5.0 13 180   M    M   8 1      19 180
 6  88  66  77  14   0  12 0.00  0.0    0 10.2 21 140   M    M   5 1      27 150
 7  82  66  74  11   0   9 0.00  0.0    0  8.2 23  60   M    M   7 1      32  60
 8  77  63  70   6   0   5    T  0.0    0  8.0 13  60   M    M   9        16  70
 9  85  68  77  13   0  12 0.02  0.0    0  7.9 20 130   M    M   7 13     24 130
10  78  65  72   8   0   7 0.20  0.0    0  6.5 25 100   M    M   7 123    36 110
11  81  65  73   9   0   8 0.02  0.0    0  4.9 10  40   M    M   7 1      13  50
12  67  56  62  -3   3   0 0.04  0.0    0  8.8 17  40   M    M   9 1      25  40
13  70  53  62  -3   3   0    T  0.0    0  5.7 16  40   M    M   7 18     22  40
14  76  50  63  -2   2   0 0.00  0.0    0  8.0 17 160   M    M   0 1      23 150
15  79  54  67   2   0   2 0.00  0.0    0 10.3 17 130   M    M   5        21 130
16  85  63  74   8   0   9 0.00  0.0    0  9.7 18 140   M    M   6        26 130
17  88  66  77  11   0  12 0.00  0.0    0 10.8 20 140   M    M   1        27 140
18  88  64  76  10   0  11 0.00  0.0    0  9.5 17 130   M    M   1 1      22 120
19  88  63  76  10   0  11 0.00  0.0    0  8.1 16 150   M    M   3 12     20 130
20  89  64  77  10   0  12 0.00  0.0    0  9.2 18 140   M    M   1        23 130
21  90  62  76   9   0  11 0.00  0.0    0 10.1 18 130   M    M   0        23 140
22  87  64  76   9   0  11 0.00  0.0    0 11.5 22 130   M    M   3 1      26 110
23  88  67  78  11   0  13    T  0.0    0 16.1 26 150   M    M   3        35 140
24  90  67  79  11   0  14 0.00  0.0    0  5.6 20 150   M    M   4        24 140
25  90  61  76   8   0  11 0.00  0.0    0  6.3 15 150   M    M   0 1      22  50
26  94  65  80  12   0  15    T  0.0    0 11.6 18 140   M    M   0 18     26 150
27  84  68  76   8   0  11 0.00  0.0    0  8.6 16 130   M    M   5 18     22 120
================================================================================
SM 2211 1667        18 209  1.34     0.0 237.1          M      121
================================================================================
AV 81.9 61.7                               8.8 FASTST   M    M   4    MAX(MPH)
                                 MISC ---->  # 26 150               # 36  110
================================================================================
NOTES:
# LAST OF SEVERAL OCCURRENCES

COLUMN 17 PEAK WIND IN M.P.H.

PRELIMINARY LOCAL CLIMATOLOGICAL DATA (WS FORM: F-6) , PAGE 2

                                          STATION:  COTULLA
                                          MONTH:    MARCH
                                          YEAR:     2017
                                          LATITUDE:   28 27 N
                                          LONGITUDE:  99 13 W

[TEMPERATURE DATA]      [PRECIPITATION DATA]       SYMBOLS USED IN COLUMN 16

AVERAGE MONTHLY: 71.8   TOTAL FOR MONTH:   1.34    1 = FOG OR MIST
DPTR FM NORMAL:   6.7   DPTR FM NORMAL:   -0.27    2 = FOG REDUCING VISIBILITY
HIGHEST:    94 ON 26    GRTST 24HR  1.05 ON  4- 4      TO 1/4 MILE OR LESS
LOWEST:     50 ON 14                               3 = THUNDER
                        SNOW, ICE PELLETS, HAIL    4 = ICE PELLETS
                        TOTAL MONTH:   0.0 INCH    5 = HAIL
                        GRTST 24HR     0.0         6 = FREEZING RAIN OR DRIZZLE
                        GRTST DEPTH:   0           7 = DUSTSTORM OR SANDSTORM:
                                                       VSBY 1/2 MILE OR LESS
                                                   8 = SMOKE OR HAZE
[NO. OF DAYS WITH]      [WEATHER - DAYS WITH]      9 = BLOWING SNOW
                                                   X = TORNADO
MAX 32 OR BELOW:   0    0.01 INCH OR MORE:   6
MAX 90 OR ABOVE:   4    0.10 INCH OR MORE:   2
MIN 32 OR BELOW:   0    0.50 INCH OR MORE:   1
MIN  0 OR BELOW:   0    1.00 INCH OR MORE:   1

[HDD (BASE 65) ]
TOTAL THIS MO.    18    CLEAR  (SCALE 0-3)  12
DPTR FM NORMAL   -72    PTCLDY (SCALE 4-7)  10
TOTAL FM JUL 1   441    CLOUDY (SCALE 8-10)  5
DPTR FM NORMAL  -627

[CDD (BASE 65) ]
TOTAL THIS MO.   209
DPTR FM NORMAL   113    [PRESSURE DATA]
TOTAL FM JAN 1   480    HIGHEST SLP M ON M
DPTR FM NORMAL   329    LOWEST  SLP 29.76 ON 26

[REMARKS]
