000
CXUS54 KFWD 220730
CF6CPT
PRELIMINARY LOCAL CLIMATOLOGICAL DATA (WS FORM: F-6)

                                          STATION:   CLEBURNE
                                          MONTH:     FEBRUARY
                                          YEAR:      2018
                                          LATITUDE:   32 20 N
                                          LONGITUDE:  97 24 W

  TEMPERATURE IN F:       :PCPN:    SNOW:  WIND      :SUNSHINE: SKY     :PK WND
================================================================================
1   2   3   4   5  6A  6B    7    8   9   10  11  12  13   14  15   16   17  18
                                     12Z  AVG MX 2MIN
DY MAX MIN AVG DEP HDD CDD  WTR  SNW DPTH SPD SPD DIR MIN PSBL S-S WX    SPD DR
================================================================================

 1  63  45  54   8  11   0 0.00  0.0    0 14.5 25 360   M    M   0        29  20
 2  54  32  43  -4  22   0 0.00  0.0    0 11.3 18  20   M    M   3        28  20
 3  59  39  49   2  16   0 0.00  0.0    0 14.0 23 170   M    M   2 1      31 170
 4  66  36  51   4  14   0 0.00  0.0    0 11.0 23  30   M    M   4 12     30 360
 5  43  23  33 -14  32   0 0.00  0.0    0  7.2 14 360   M    M   5        16 160
 6  41  30  36 -11  29   0 0.10  0.0    0 12.6 18 350   M    M  10 138    23  40
 7  46  30  38  -9  27   0 0.00  0.0    0 14.1 25 360   M    M   2 1      31 360
 8  59  25  42  -6  23   0 0.00  0.0    0  4.7  9 130   M    M   0 1      12  99
 9  68  41  55   7  10   0 0.00  0.0    0 11.1 17 170   M    M   5        28 170
10  57  30  44  -4  21   0 0.00  0.0    0 12.7 22 330   M    M   9 18     31 330
11  39  23  31 -17  34   0 0.01    M    0 14.9 23 340   M    M   5        28 340
12  46  27  37 -11  28   0 0.00  0.0    0  8.2 12  80   M    M   3        15 100
13  48  37  43  -5  22   0 0.00  0.0    0  5.5  8 130   M    M  10 1       M  M
14  79  43  61  13   4   0 0.00  0.0    0 11.0 20 180   M    M   7 12     25 180
15  79  61  70  21   0   5 0.00  0.0    0 16.1 23 200   M    M   6 1      36 210
16  64  45  55   6  10   0    T  0.0    0 12.6 25 360   M    M   4 12     31 360
17  68  43  56   7   9   0 0.02  0.0    0  6.7 13 320   M    M   5        17 320
18  63  45  54   5  11   0 0.53  0.0    0  9.3 23 150   M    M   7 12     32 150
19  77  63  70  20   0   5    T  0.0    0 19.1 25 170   M    M   9        37 180
20  70  37  54   4  11   0 1.00  0.0    0 15.6 24 340   M    M   9 13     32 200
21  37  32  35 -15  30   0 1.59  0.0    0 18.4 24  10   M    M  10 13     32  10
================================================================================
SM 1226  787       364  10  3.25     0.0 250.6          M      115
================================================================================
AV 58.4 37.5                              11.9 FASTST   M    M   5    MAX(MPH)
                                 MISC ---->    25   M                 37    M
================================================================================
NOTES:
# LAST OF SEVERAL OCCURRENCES

COLUMN 17 PEAK WIND IN M.P.H.

PRELIMINARY LOCAL CLIMATOLOGICAL DATA (WS FORM: F-6) , PAGE 2

                                          STATION:  CLEBURNE
                                          MONTH:    FEBRUARY
                                          YEAR:     2018
                                          LATITUDE:   32 20 N
                                          LONGITUDE:  97 24 W

[TEMPERATURE DATA]      [PRECIPITATION DATA]       SYMBOLS USED IN COLUMN 16

AVERAGE MONTHLY: 47.9   TOTAL FOR MONTH:   3.25    1 = FOG OR MIST
DPTR FM NORMAL:  -0.2   DPTR FM NORMAL:    1.34    2 = FOG REDUCING VISIBILITY
HIGHEST:    79 ON 15,14 GRTST 24HR  1.59 ON 21-21      TO 1/4 MILE OR LESS
LOWEST:     23 ON 11, 5                            3 = THUNDER
                        SNOW, ICE PELLETS, HAIL    4 = ICE PELLETS
                        TOTAL MONTH:   0.0 INCH    5 = HAIL
                        GRTST 24HR     0.0         6 = FREEZING RAIN OR DRIZZLE
                        GRTST DEPTH:   0           7 = DUSTSTORM OR SANDSTORM:
                                                       VSBY 1/2 MILE OR LESS
                                                   8 = SMOKE OR HAZE
[NO. OF DAYS WITH]      [WEATHER - DAYS WITH]      9 = BLOWING SNOW
                                                   X = TORNADO
MAX 32 OR BELOW:   0    0.01 INCH OR MORE:   6
MAX 90 OR ABOVE:   0    0.10 INCH OR MORE:   4
MIN 32 OR BELOW:   9    0.50 INCH OR MORE:   3
MIN  0 OR BELOW:   0    1.00 INCH OR MORE:   2

[HDD (BASE 65) ]
TOTAL THIS MO.   364    CLEAR  (SCALE 0-3)   6
DPTR FM NORMAL     7    PTCLDY (SCALE 4-7)   9
TOTAL FM JUL 1  1801    CLOUDY (SCALE 8-10)  6
DPTR FM NORMAL  -141

[CDD (BASE 65) ]
TOTAL THIS MO.    10
DPTR FM NORMAL    10    [PRESSURE DATA]
TOTAL FM JAN 1    10    HIGHEST SLP M ON M
DPTR FM NORMAL     9    LOWEST  SLP M ON M

[REMARKS]
