000
CXUS54 KFWD 010730
CF6CPT
PRELIMINARY LOCAL CLIMATOLOGICAL DATA (WS FORM: F-6)

                                          STATION:   CLEBURNE
                                          MONTH:     JANUARY
                                          YEAR:      2015
                                          LATITUDE:   32 20 N
                                          LONGITUDE:  97 24 W

  TEMPERATURE IN F:       :PCPN:    SNOW:  WIND      :SUNSHINE: SKY     :PK WND
================================================================================
1   2   3   4   5  6A  6B    7    8   9   10  11  12  13   14  15   16   17  18
                                     12Z  AVG MX 2MIN
DY MAX MIN AVG DEP HDD CDD  WTR  SNW DPTH SPD SPD DIR MIN PSBL S-S WX    SPD DR
================================================================================

 1  36  30  33 -11  32   0 0.58    M    0  3.0 10 360   M    M  10 13      M  M
 2  39  36  38  -6  27   0 0.09    M    0  8.7 14  20   M    M  10 13     17  10
 3  57  36  47   3  18   0 0.27    M    0  7.5 12 290   M    M   4 3      15 270
 4  39  27  33 -11  32   0 0.00  0.0    0 11.9 22 330   M    M   0        25 350
 5  46  23  35  -9  30   0 0.00  0.0    0  6.2 10 170   M    M   0         M  M
 6  61  30  46   2  19   0 0.00  0.0    0  6.0 10 180   M    M   0         M  M
 7  41  21  31 -13  34   0 0.00  0.0    0 19.8 31  10   M    M   0        41  10
 8  39  16  28 -16  37   0 0.00  0.0    0  7.7 15  10   M    M   0        18 190
 9  36  28  32 -12  33   0 0.00  0.0    0  9.9 20  10   M    M   8        27  10
10  36  30  33 -11  32   0 0.09  0.0    0  4.0  9  60   M    M   9 18      M  M
11  43  32  38  -7  27   0 0.51  0.0    0  5.8  9 140   M    M  10 1       M  M
12  43  34  39  -6  26   0 0.00  0.0    0 13.3 22  10   M    M  10 1      29  20
13  37  32  35 -10  30   0 0.00  0.0    0 10.3 16 360   M    M  10 1      22 350
14  39  36  38  -7  27   0 0.00  0.0    0  5.6  9 360   M    M   9         M  M
15  55  30  43  -2  22   0 0.00  0.0    0  5.2 13 300   M    M   2 1      17 330
16  64  34  49   4  16   0 0.00  0.0    0  5.3 10 200   M    M   0        14 200
17  70  37  54   9  11   0 0.00  0.0    0 10.1 21 260   M    M   0 1      28 330
18  70  37  54   9  11   0 0.00  0.0    0  7.4 10 210   M    M   0        15 210
19  72  39  56  11   9   0 0.00  0.0    0  5.6  9 140   M    M   0         M  M
20  70  39  55  10  10   0 0.00  0.0    0  4.3 18  20   M    M   0 1      21  20
21  59  43  51   6  14   0 0.30  0.0    0 12.4 17  90   M    M   6        24  60
22  46  37  42  -3  23   0 0.88  0.0    0 17.9 25  30   M    M  10 1      32  60
23  50  36  43  -3  22   0 0.00  0.0    0  9.6 15 300   M    M   3        21 290
24  57  32  45  -1  20   0 0.00  0.0    0  6.7 13 270   M    M   0         M  M
25  66  39  53   7  12   0 0.00  0.0    0 11.1 22 310   M    M   0        30 320
26  73  36  55   9  10   0 0.00  0.0    0  5.2 10 250   M    M   0         M  M
27  79  48  64  18   1   0 0.00  0.0    0  5.4 10 300   M    M   0        12  10
28  81  46  64  18   1   0 0.00  0.0    0  8.6 17 200   M    M   0        23 190
29  70  50  60  14   5   0 0.00  0.0    0 11.7 21  20   M    M   0        25 360
30  55  41  48   2  17   0 0.00  0.0    0  8.8 16  20   M    M   1        23  30
31  54  46  50   4  15   0 0.21    M    0 10.9 15 130   M    M   7 1      18 120
================================================================================
SM 1683 1081       623   0  2.93     0.0 265.9          M      109
================================================================================
AV 54.3 34.9                               8.6 FASTST   M    M   4    MAX(MPH)
                                 MISC ---->    31   M                 41    M
================================================================================
NOTES:
# LAST OF SEVERAL OCCURRENCES

COLUMN 17 PEAK WIND IN M.P.H.

PRELIMINARY LOCAL CLIMATOLOGICAL DATA (WS FORM: F-6) , PAGE 2

                                          STATION:  CLEBURNE
                                          MONTH:    JANUARY
                                          YEAR:     2015
                                          LATITUDE:   32 20 N
                                          LONGITUDE:  97 24 W

[TEMPERATURE DATA]      [PRECIPITATION DATA]       SYMBOLS USED IN COLUMN 16

AVERAGE MONTHLY: 44.6   TOTAL FOR MONTH:   2.93    1 = FOG OR MIST
DPTR FM NORMAL:  -0.5   DPTR FM NORMAL:    0.69    2 = FOG REDUCING VISIBILITY
HIGHEST:    81 ON 28    GRTST 24HR  0.88 ON 22-22      TO 1/4 MILE OR LESS
LOWEST:     16 ON  8                               3 = THUNDER
                        SNOW, ICE PELLETS, HAIL    4 = ICE PELLETS
                        TOTAL MONTH:   0.0 INCH    5 = HAIL
                        GRTST 24HR     0.0         6 = FREEZING RAIN OR DRIZZLE
                        GRTST DEPTH:   0           7 = DUSTSTORM OR SANDSTORM:
                                                       VSBY 1/2 MILE OR LESS
                                                   8 = SMOKE OR HAZE
[NO. OF DAYS WITH]      [WEATHER - DAYS WITH]      9 = BLOWING SNOW
                                                   X = TORNADO
MAX 32 OR BELOW:   0    0.01 INCH OR MORE:   8
MAX 90 OR ABOVE:   0    0.10 INCH OR MORE:   6
MIN 32 OR BELOW:  12    0.50 INCH OR MORE:   3
MIN  0 OR BELOW:   0    1.00 INCH OR MORE:   0

[HDD (BASE 65) ]
TOTAL THIS MO.   623    CLEAR  (SCALE 0-3)  18
DPTR FM NORMAL     4    PTCLDY (SCALE 4-7)   4
TOTAL FM JUL 1  1489    CLOUDY (SCALE 8-10)  9
DPTR FM NORMAL   -96

[CDD (BASE 65) ]
TOTAL THIS MO.     0
DPTR FM NORMAL    -1    [PRESSURE DATA]
TOTAL FM JAN 1     0    HIGHEST SLP M ON M
DPTR FM NORMAL     0    LOWEST  SLP M ON M

[REMARKS]
#FINAL-01-15#
