000
CXUS56 KSGX 191445
CF6CRQ
PRELIMINARY LOCAL CLIMATOLOGICAL DATA (WS FORM: F-6)

                                          STATION:   CARLSBAD PALOMAR AIRPORT CA
                                          MONTH:     APRIL
                                          YEAR:      2014
                                          LATITUDE:   33  7 N
                                          LONGITUDE: 117 17 W

  TEMPERATURE IN F:       :PCPN:    SNOW:  WIND      :SUNSHINE: SKY     :PK WND
================================================================================
1   2   3   4   5  6A  6B    7    8   9   10  11  12  13   14  15   16   17  18
                                     12Z  AVG MX 2MIN
DY MAX MIN AVG DEP HDD CDD  WTR  SNW DPTH SPD SPD DIR MIN PSBL S-S WX    SPD DR
================================================================================

 1  61  51  56  -2   9   0 0.31  0.0    0  6.4 14 260   M    M   5 1      20 250
 2  61  50  56  -2   9   0 0.05  0.0    0  4.8 18 260   M    M   4 1      25 270
 3  62  47  55  -3  10   0 0.00  0.0    0  4.0 12 270   M    M   0        17 260
 4  61  50  56  -2   9   0 0.00  0.0    0  3.5 14 260   M    M   2        22 250
 5  62  51  57  -1   8   0    T  0.0    0  4.7 15 240   M    M   3 1      20 250
 6  68  50  59   1   6   0 0.00  0.0    0  3.1 12 250   M    M   0        16 300
 7  77  54  66   8   0   1 0.00  0.0    0  2.7 10 260   M    M   0        14 310
 8  80  59  70  12   0   5 0.00  0.0    0  2.9 10 270   M    M   0        14 280
 9  81  57  69  11   0   4 0.00  0.0    0  2.3 12 260   M    M   0        14 250
10  70  51  61   3   4   0 0.00  0.0    0  1.5 10 260   M    M   0 8      13 250
11  73  54  64   5   1   0 0.00  0.0    0  4.9 13 230   M    M   3 18     16 250
12  63  58  61   2   4   0 0.00  0.0    0  6.6 16 260   M    M   9        22 230
13  63  57  60   1   5   0 0.00  0.0    0  5.0 15 260   M    M   9        20 260
14  71  53  62   3   3   0 0.00  0.0    0  4.1 12 260   M    M   1 1      18 310
15  66  54  60   1   5   0 0.00  0.0    0  3.2 12 250   M    M   5 128    15 240
16  64  56  60   1   5   0 0.00  0.0    0  4.8 14 240   M    M   6        17 230
17  65  58  62   3   3   0 0.00  0.0    0  5.3 16 240   M    M  10 8      20 230
18  67  59  63   4   2   0 0.00  0.0    0  4.1 14 260   M    M   6        17 250
================================================================================
SM 1215  969        83  10  0.36     0.0  73.9          M       63
================================================================================
AV 67.5 53.8                               4.1 FASTST   M    M   4    MAX(MPH)
                                 MISC ---->  # 18 260               # 25  270
================================================================================
NOTES:
# LAST OF SEVERAL OCCURRENCES

COLUMN 17 PEAK WIND IN M.P.H.

PRELIMINARY LOCAL CLIMATOLOGICAL DATA (WS FORM: F-6) , PAGE 2

                                          STATION:  CARLSBAD PALOMAR AIRPORT CA
                                          MONTH:    APRIL
                                          YEAR:     2014
                                          LATITUDE:   33  7 N
                                          LONGITUDE: 117 17 W

[TEMPERATURE DATA]      [PRECIPITATION DATA]       SYMBOLS USED IN COLUMN 16

AVERAGE MONTHLY: 60.7   TOTAL FOR MONTH:   0.36    1 = FOG OR MIST
DPTR FM NORMAL:   2.2   DPTR FM NORMAL:   -0.34    2 = FOG REDUCING VISIBILITY
HIGHEST:    81 ON  9    GRTST 24HR  0.35 ON  1- 2      TO 1/4 MILE OR LESS
LOWEST:     47 ON  3                               3 = THUNDER
                        SNOW, ICE PELLETS, HAIL    4 = ICE PELLETS
                        TOTAL MONTH:   0.0 INCH    5 = HAIL
                        GRTST 24HR     0.0         6 = FREEZING RAIN OR DRIZZLE
                        GRTST DEPTH:   0           7 = DUSTSTORM OR SANDSTORM:
                                                       VSBY 1/2 MILE OR LESS
                                                   8 = SMOKE OR HAZE
[NO. OF DAYS WITH]      [WEATHER - DAYS WITH]      9 = BLOWING SNOW
                                                   X = TORNADO
MAX 32 OR BELOW:   0    0.01 INCH OR MORE:   2
MAX 90 OR ABOVE:   0    0.10 INCH OR MORE:   1
MIN 32 OR BELOW:   0    0.50 INCH OR MORE:   0
MIN  0 OR BELOW:   0    1.00 INCH OR MORE:   0

[HDD (BASE 65) ]
TOTAL THIS MO.    83    CLEAR  (SCALE 0-3)   9
DPTR FM NORMAL   -36    PTCLDY (SCALE 4-7)   6
TOTAL FM JUL 1  1011    CLOUDY (SCALE 8-10)  3
DPTR FM NORMAL  -456

[CDD (BASE 65) ]
TOTAL THIS MO.    10
DPTR FM NORMAL    10    [PRESSURE DATA]
TOTAL FM JAN 1    36    HIGHEST SLP M ON M
DPTR FM NORMAL    27    LOWEST  SLP 29.75 ON 17

[REMARKS]
