767
CXUS56 KSGX 232159
CF6CRQ
PRELIMINARY LOCAL CLIMATOLOGICAL DATA (WS FORM: F-6)

                                          STATION:   CARLSBAD PALOMAR AIRPORT CA
                                          MONTH:     JANUARY
                                          YEAR:      2017
                                          LATITUDE:   33  7 N
                                          LONGITUDE: 117 17 W

  TEMPERATURE IN F:       :PCPN:    SNOW:  WIND      :SUNSHINE: SKY     :PK WND
================================================================================
1   2   3   4   5  6A  6B    7    8   9   10  11  12  13   14  15   16   17  18
                                     12Z  AVG MX 2MIN
DY MAX MIN AVG DEP HDD CDD  WTR  SNW DPTH SPD SPD DIR MIN PSBL S-S WX    SPD DR
================================================================================

 1  57  44  51  -4  14   0    T  0.0    0  4.8 15 210   M    M   4        19 210
 2  58  50  54  -1  11   0 0.03  0.0    0  1.7  8 250   M    M   7 1      10 250
 3  59  49  54  -1  11   0 0.00  0.0    0  1.3  7 260   M    M   2         9 250
 4  62  46  54  -1  11   0 0.00  0.0    0  2.2  9 260   M    M   3        13 290
 5  60  54  57   2   8   0 0.17  0.0    0  4.4 12 190   M    M  10 12     14 150
 6  62  49  56   1   9   0 0.00  0.0    0  3.1  9 240   M    M   4 1      12 240
 7  72  50  61   6   4   0 0.00  0.0    0  2.4  9 260   M    M   1        13 260
 8  75  54  65  10   0   0    T  0.0    0  1.7 14 110   M    M   0        17 120
 9  62  55  59   4   6   0 0.27  0.0    0  2.4 14  90   M    M   7 12     16  90
10  61  54  58   3   7   0 0.08  0.0    0  2.4 10 260   M    M   6 1      14 250
11  60  54  57   2   8   0 0.23  0.0    0  4.6 13 180   M    M   8 1      17 190
12  59  52  56   1   9   0 0.49  0.0    0  4.5 18 200   M    M   6 1      27 200
13  59  51  55   0  10   0 0.19  0.0    0  2.6 10 260   M    M   8 1      13 260
14  62  49  56   1   9   0    T    M    0  3.1 12 250   M    M   2        15 260
15  62  50  56   1   9   0 0.00  0.0    0  4.4 14 220   M    M   8        18 220
16  61  50  56   0   9   0 0.00  0.0    0  3.1 10 270   M    M   3 1      16 260
17  63  45  54  -2  11   0 0.00  0.0    0  3.4 13 250   M    M   1 1      17 290
18  60  46  53  -3  12   0    T    M    0  4.1 10 130   M    M   4        14 270
19  61  53  57   1   8   0 0.54  0.0    0  7.3 22 220   M    M   8 1      32 220
20  58  53  56   0   9   0 1.32  0.0    0 10.7 30 220   M    M  10 1      40 220
21  59  49  54  -2  11   0    T    M    0  6.9 16 280   M    M   5        26 290
22  59  50  55  -1  10   0 0.51  0.0    0 11.2 28 150   M    M   9 1      42 160
================================================================================
SM 1351 1107       196   0  3.83     0.0  92.3          M      116
================================================================================
AV 61.4 50.3                               4.2 FASTST   M    M   5    MAX(MPH)
                                 MISC ---->  # 30 220               # 42  160
================================================================================
NOTES:
# LAST OF SEVERAL OCCURRENCES

COLUMN 17 PEAK WIND IN M.P.H.

PRELIMINARY LOCAL CLIMATOLOGICAL DATA (WS FORM: F-6) , PAGE 2

                                          STATION:  CARLSBAD PALOMAR AIRPORT CA
                                          MONTH:    JANUARY
                                          YEAR:     2017
                                          LATITUDE:   33  7 N
                                          LONGITUDE: 117 17 W

[TEMPERATURE DATA]      [PRECIPITATION DATA]       SYMBOLS USED IN COLUMN 16

AVERAGE MONTHLY: 55.9   TOTAL FOR MONTH:   3.83    1 = FOG OR MIST
DPTR FM NORMAL:   0.5   DPTR FM NORMAL:    1.80    2 = FOG REDUCING VISIBILITY
HIGHEST:    75 ON  8    GRTST 24HR  1.32 ON 20-20      TO 1/4 MILE OR LESS
LOWEST:     44 ON  1                               3 = THUNDER
                        SNOW, ICE PELLETS, HAIL    4 = ICE PELLETS
                        TOTAL MONTH:   0.0 INCH    5 = HAIL
                        GRTST 24HR     0.0         6 = FREEZING RAIN OR DRIZZLE
                        GRTST DEPTH:   0           7 = DUSTSTORM OR SANDSTORM:
                                                       VSBY 1/2 MILE OR LESS
                                                   8 = SMOKE OR HAZE
[NO. OF DAYS WITH]      [WEATHER - DAYS WITH]      9 = BLOWING SNOW
                                                   X = TORNADO
MAX 32 OR BELOW:   0    0.01 INCH OR MORE:  10
MAX 90 OR ABOVE:   0    0.10 INCH OR MORE:   8
MIN 32 OR BELOW:   0    0.50 INCH OR MORE:   3
MIN  0 OR BELOW:   0    1.00 INCH OR MORE:   1

[HDD (BASE 65) ]
TOTAL THIS MO.   196    CLEAR  (SCALE 0-3)   7
DPTR FM NORMAL   -24    PTCLDY (SCALE 4-7)  11
TOTAL FM JUL 1   527    CLOUDY (SCALE 8-10)  4
DPTR FM NORMAL  -226

[CDD (BASE 65) ]
TOTAL THIS MO.     0
DPTR FM NORMAL     0    [PRESSURE DATA]
TOTAL FM JAN 1     0    HIGHEST SLP M ON M
DPTR FM NORMAL     0    LOWEST  SLP 29.35 ON 20

[REMARKS]
